{"id":16,"date":"2009-03-24T17:06:35","date_gmt":"2009-03-24T16:06:35","guid":{"rendered":"http:\/\/unser-niedersaubach.de\/?page_id=16"},"modified":"2018-05-21T15:20:34","modified_gmt":"2018-05-21T14:20:34","slug":"ortschronik","status":"publish","type":"page","link":"https:\/\/unser-niedersaubach.de\/?page_id=16","title":{"rendered":"Ortschronik"},"content":{"rendered":"<p><span style=\"color: #000000;\">Durch gl\u00fcckliche Umst\u00e4nde ist die Ortschronik (und auch die Schulchronik) unseres Dorfes im Keller des Lebacher Rathauses wieder aufgetaucht.<\/span><\/p>\n<p style=\"text-align: center;\"><img decoding=\"async\" class=\"aligncenter size-large wp-image-325\" title=\"Ortschronik Niedersaubach\" src=\"http:\/\/unser-niedersaubach.de\/wp-content\/uploads\/2009\/03\/seiten-aus-ortschronik-723x1024.jpg\" alt=\"seiten-aus-ortschronik\" width=\"560\" srcset=\"https:\/\/unser-niedersaubach.de\/wp-content\/uploads\/2009\/03\/seiten-aus-ortschronik-723x1024.jpg 723w, https:\/\/unser-niedersaubach.de\/wp-content\/uploads\/2009\/03\/seiten-aus-ortschronik-212x300.jpg 212w\" sizes=\"(max-width: 723px) 100vw, 723px\" \/><\/p>\n<div class=\"mceTemp mceIEcenter\">\n<p style=\"text-align: justify;\"><span style=\"color: #0000ff;\"><em><a class=\"wpGallery\" title=\"Niedersaubacher Ortschronik\" href=\"http:\/\/unser-niedersaubach.de\/Dokumente\/Ortschronik.pdf\" target=\"_blank\" rel=\"noopener\">Die Ortschronik Niedersaubach steht hier zum Herunter-Laden (einfach hier anklicken) bereit (Achtung: Die Datei ist sehr gro\u00df; sie betr\u00e4gt <span style=\"color: #ff0000;\">54 MB<\/span>, sodass der Down-Load sehr lang dauern kann.)<\/a><\/em><\/span><\/p>\n<p style=\"text-align: justify;\"><span style=\"color: #0000ff;\"><em><a class=\"wpGallery\" title=\"Transskript Ortschronik Niedersaubach-R\u00fcmmelbach\" href=\"http:\/\/unser-niedersaubach.de\/Dokumente\/Ortschronik_lateinische-Schreibweise.pdf\" target=\"_blank\" rel=\"noopener\">Unter Vorarbeit von Egon Gro\u00df haben Josef Heinrich und Lothar Schmidt versucht, die noch lesbaren Teile in lateinische Schreibweise zu bringen, wobei die neuen Rechtschreibregeln angewendet wurden. Auch dieses Transkript steht hier zum Herunter-Laden bereit (hier einfach anklicken).<\/a><\/em><\/span><\/p>\n<p style=\"text-align: justify;\">Man muss wissen, dass das Lebacher Archiv durch das Rekordhochwasser 1993 schwer besch\u00e4digt worden ist. Leider ist davon auch die Ortschronik betroffen; viele Eintr\u00e4ge sind nicht mehr lesbar. Trotzdem hat es sich gelohnt, die noch lesbaren Teile, die bis in die 20er Jahre noch in S\u00fctterlin geschrieben sind, zu \u201e\u00fcbersetzen&#8220;.<\/p>\n<p>&nbsp;<\/p>\n<p style=\"text-align: justify;\"><span style=\"color: #000000;\">Leider ist die Ortschronik Niedersaubach zwischen 1929 und 1956 nicht gef\u00fchrt worden.<\/span><\/p>\n<p style=\"text-align: justify;\"><span style=\"color: #000000;\">Albert Wagner vom Historischen Verein Lebach ist schon einige Monate dabei, dieses Archiv zu sichten und aufzur\u00e4umen. Dabei ist ihm auch die Niedersaubacher\/ R\u00fcmmelbacher Ortschronik in die H\u00e4nde gefallen. Hierf\u00fcr sind wir ihm sehr dankbar.<\/span> <a class=\"wpGallery\" title=\"Ein Lebacher r\u00e4umt auf\" href=\"http:\/\/historischer-verein-lebach.info\/?p=25\" target=\"_blank\" rel=\"noopener\">\u00dcber sein Aufr\u00e4umen im Keller des Lebacher Rathauses berichtete \u00fcbrigens die Saarbr\u00fccker Zeitung.<\/a><\/p>\n<p style=\"text-align: justify;\"><span style=\"color: #000000;\">Der Archivarin des Lebacher Rathauses, der Frauenbeauftragten Margit Thewes, m\u00f6chten wir danken, dass Sie uns die Archive zug\u00e4nglich gemacht hat.<\/span><\/p>\n<p style=\"text-align: justify;\"><span style=\"color: #000000;\">Dank sei auch Egon Gro\u00df vom Historischen Verein Lebach ausgesprochen. Bei der \u201e\u00dcbersetzung&#8220; hat er uns, d.h. Josef Heinrich und Lothar Schmidt, sehr geholfen; ihm ist es \u00fcberhaupt nicht schwer gefallen, uns die Texte aufs Band zu diktieren, obwohl die dort schreibenden Schullehrer (jedenfalls waren wohl zwischen 1905 und 1928 die Dorfschullehrer f\u00fcr die F\u00fchrung der Ortschronik verantwortlich) sich f\u00fcr die Schriftform, die sie abgeliefert haben, keine gute Note in Sch\u00f6nschrift h\u00e4tten geben d\u00fcrfen. Ohne Egon Gro\u00df w\u00e4re uns die \u201eTranskription&#8220; in unsere lateinische Schriftsprache nicht gelungen. Wir haben \u00fcbrigens bei der Transkription die neuen Rechtschreibregeln angewendet. Wer damit nicht einverstanden sein sollte, muss sich selber durch das Original \u201equ\u00e4len&#8220;.<\/span><\/p>\n<p style=\"text-align: justify;\"><span style=\"color: #000000;\">Sehr eindruckvoll lassen sich in unserer Ortschronik der Kapellenbau (bzw. der Kapellenneubau), das Kriegsgeschehen 1914 &#8211; 1918, der Blutzoll der gefallenen Niedersaubacher Soldaten, die Nachkriegswirren bis zur Abtrennung des Saargebietes von Deutschland, die Schaffung der modernen Infragstruktur (z.B. Stra\u00dfenbau, Elektrifizierung usw.), die Bev\u00f6lkerungsentwicklung und die Kommunalpolitik gut nachvollziehen.<\/span><\/p>\n<p style=\"text-align: justify;\"><span style=\"color: #000000;\">Die detaillierten Eintr\u00e4ge \u00fcber das Schicksal der gefallenen Niedersaubacher Soldaten regt an, hierf\u00fcr Erinnerungsseiten einzurichten.<\/span><\/p>\n<p style=\"text-align: justify;\">Auch das Jubil\u00e4um unserer Antoniuskapelle 2010 konnte hier die n\u00f6tigen Hinweise f\u00fcr einen Festvortrag finden.<\/p>\n<p style=\"text-align: justify;\">Es ist sehr bewegend, in oft sehr ausf\u00fchrlichen Schilderungen den Alltag unserer Vorfahren zwischen 1905 und 1928 nachzuerleben.<\/p>\n<div id=\"attachment_274\" style=\"width: 570px\" class=\"wp-caption aligncenter\"><img decoding=\"async\" aria-describedby=\"caption-attachment-274\" class=\"size-large wp-image-274 \" title=\"kapelle_die-gefallenen\" src=\"http:\/\/unser-niedersaubach.de\/wp-content\/uploads\/2009\/03\/kapelle_die-gefallenen-1024x695.jpg\" alt=\"Die gefallenen Niedersaubacher und R\u00fcmmelbacher des 1. und 2. Weltkrieges, Erinnerungstafeln in der Antoniuskapelle\" width=\"560\" srcset=\"https:\/\/unser-niedersaubach.de\/wp-content\/uploads\/2009\/03\/kapelle_die-gefallenen-1024x695.jpg 1024w, https:\/\/unser-niedersaubach.de\/wp-content\/uploads\/2009\/03\/kapelle_die-gefallenen-300x203.jpg 300w, https:\/\/unser-niedersaubach.de\/wp-content\/uploads\/2009\/03\/kapelle_die-gefallenen.jpg 1200w\" sizes=\"(max-width: 1024px) 100vw, 1024px\" \/><p id=\"caption-attachment-274\" class=\"wp-caption-text\">Die gefallenen Niedersaubacher und R\u00fcmmelbacher des 1. und 2. Weltkrieges, Erinnerungstafeln in der Antoniuskapelle; Foto: Jakob Britz<\/p><\/div>\n<div id=\"attachment_4165\" style=\"width: 460px\" class=\"wp-caption aligncenter\"><img loading=\"lazy\" decoding=\"async\" aria-describedby=\"caption-attachment-4165\" class=\"size-full wp-image-4165\" title=\"Erinnerungstafeln_Antonius_alt_450\" src=\"http:\/\/unser-niedersaubach.de\/wp-content\/uploads\/2010\/11\/Erinnerungstafeln_Antonius_alt_450.jpg\" alt=\"\" width=\"450\" height=\"680\" srcset=\"https:\/\/unser-niedersaubach.de\/wp-content\/uploads\/2010\/11\/Erinnerungstafeln_Antonius_alt_450.jpg 450w, https:\/\/unser-niedersaubach.de\/wp-content\/uploads\/2010\/11\/Erinnerungstafeln_Antonius_alt_450-198x300.jpg 198w\" sizes=\"auto, (max-width: 450px) 100vw, 450px\" \/><p id=\"caption-attachment-4165\" class=\"wp-caption-text\">Gefallenendenkmal in der Antoniuskapelle vor Neugestaltung durch Pastor Meiser Ende der 1970er Jahre; Fotoarchiv: Robert Schmidt (Rauen)<\/p><\/div>\n<p style=\"text-align: justify;\">\n<\/div>\n","protected":false},"excerpt":{"rendered":"<p>Durch gl\u00fcckliche Umst\u00e4nde ist die Ortschronik (und auch die Schulchronik) unseres Dorfes im Keller des Lebacher Rathauses wieder aufgetaucht. Die Ortschronik Niedersaubach steht hier zum Herunter-Laden (einfach hier anklicken) bereit (Achtung: Die Datei ist sehr gro\u00df; sie betr\u00e4gt 54 MB, &hellip; <a href=\"https:\/\/unser-niedersaubach.de\/?page_id=16\">Weiterlesen <span class=\"meta-nav\">&rarr;<\/span><\/a><\/p>\n","protected":false},"author":2,"featured_media":0,"parent":10,"menu_order":1,"comment_status":"closed","ping_status":"closed","template":"","meta":{"ngg_post_thumbnail":0,"footnotes":""},"class_list":["post-16","page","type-page","status-publish","hentry"],"_links":{"self":[{"href":"https:\/\/unser-niedersaubach.de\/index.php?rest_route=\/wp\/v2\/pages\/16","targetHints":{"allow":["GET"]}}],"collection":[{"href":"https:\/\/unser-niedersaubach.de\/index.php?rest_route=\/wp\/v2\/pages"}],"about":[{"href":"https:\/\/unser-niedersaubach.de\/index.php?rest_route=\/wp\/v2\/types\/page"}],"author":[{"embeddable":true,"href":"https:\/\/unser-niedersaubach.de\/index.php?rest_route=\/wp\/v2\/users\/2"}],"replies":[{"embeddable":true,"href":"https:\/\/unser-niedersaubach.de\/index.php?rest_route=%2Fwp%2Fv2%2Fcomments&post=16"}],"version-history":[{"count":28,"href":"https:\/\/unser-niedersaubach.de\/index.php?rest_route=\/wp\/v2\/pages\/16\/revisions"}],"predecessor-version":[{"id":7605,"href":"https:\/\/unser-niedersaubach.de\/index.php?rest_route=\/wp\/v2\/pages\/16\/revisions\/7605"}],"up":[{"embeddable":true,"href":"https:\/\/unser-niedersaubach.de\/index.php?rest_route=\/wp\/v2\/pages\/10"}],"wp:attachment":[{"href":"https:\/\/unser-niedersaubach.de\/index.php?rest_route=%2Fwp%2Fv2%2Fmedia&parent=16"}],"curies":[{"name":"wp","href":"https:\/\/api.w.org\/{rel}","templated":true}]}}

<p><span style="color: #000000;">Durch glückliche Umstände ist die Ortschronik (und auch die Schulchronik) unseres Dorfes im Keller des Lebacher Rathauses wieder aufgetaucht.</span></p>
<p style="text-align: center;"><img decoding="async" class="aligncenter size-large wp-image-325" title="Ortschronik Niedersaubach" src="http://unser-niedersaubach.de/wp-content/uploads/2009/03/seiten-aus-ortschronik-723x1024.jpg" alt="seiten-aus-ortschronik" width="560" srcset="https://unser-niedersaubach.de/wp-content/uploads/2009/03/seiten-aus-ortschronik-723x1024.jpg 723w, https://unser-niedersaubach.de/wp-content/uploads/2009/03/seiten-aus-ortschronik-212x300.jpg 212w" sizes="(max-width: 723px) 100vw, 723px" /></p>
<div class="mceTemp mceIEcenter">
<p style="text-align: justify;"><span style="color: #0000ff;"><em><a class="wpGallery" title="Niedersaubacher Ortschronik" href="http://unser-niedersaubach.de/Dokumente/Ortschronik.pdf" target="_blank" rel="noopener">Die Ortschronik Niedersaubach steht hier zum Herunter-Laden (einfach hier anklicken) bereit (Achtung: Die Datei ist sehr groß; sie beträgt <span style="color: #ff0000;">54 MB</span>, sodass der Down-Load sehr lang dauern kann.)</a></em></span></p>
<p style="text-align: justify;"><span style="color: #0000ff;"><em><a class="wpGallery" title="Transskript Ortschronik Niedersaubach-Rümmelbach" href="http://unser-niedersaubach.de/Dokumente/Ortschronik_lateinische-Schreibweise.pdf" target="_blank" rel="noopener">Unter Vorarbeit von Egon Groß haben Josef Heinrich und Lothar Schmidt versucht, die noch lesbaren Teile in lateinische Schreibweise zu bringen, wobei die neuen Rechtschreibregeln angewendet wurden. Auch dieses Transkript steht hier zum Herunter-Laden bereit (hier einfach anklicken).</a></em></span></p>
<p style="text-align: justify;">Man muss wissen, dass das Lebacher Archiv durch das Rekordhochwasser 1993 schwer beschädigt worden ist. Leider ist davon auch die Ortschronik betroffen; viele Einträge sind nicht mehr lesbar. Trotzdem hat es sich gelohnt, die noch lesbaren Teile, die bis in die 20er Jahre noch in Sütterlin geschrieben sind, zu „übersetzen&#8220;.</p>
<p>&nbsp;</p>
<p style="text-align: justify;"><span style="color: #000000;">Leider ist die Ortschronik Niedersaubach zwischen 1929 und 1956 nicht geführt worden.</span></p>
<p style="text-align: justify;"><span style="color: #000000;">Albert Wagner vom Historischen Verein Lebach ist schon einige Monate dabei, dieses Archiv zu sichten und aufzuräumen. Dabei ist ihm auch die Niedersaubacher/ Rümmelbacher Ortschronik in die Hände gefallen. Hierfür sind wir ihm sehr dankbar.</span> <a class="wpGallery" title="Ein Lebacher räumt auf" href="http://historischer-verein-lebach.info/?p=25" target="_blank" rel="noopener">Über sein Aufräumen im Keller des Lebacher Rathauses berichtete übrigens die Saarbrücker Zeitung.</a></p>
<p style="text-align: justify;"><span style="color: #000000;">Der Archivarin des Lebacher Rathauses, der Frauenbeauftragten Margit Thewes, möchten wir danken, dass Sie uns die Archive zugänglich gemacht hat.</span></p>
<p style="text-align: justify;"><span style="color: #000000;">Dank sei auch Egon Groß vom Historischen Verein Lebach ausgesprochen. Bei der „Übersetzung&#8220; hat er uns, d.h. Josef Heinrich und Lothar Schmidt, sehr geholfen; ihm ist es überhaupt nicht schwer gefallen, uns die Texte aufs Band zu diktieren, obwohl die dort schreibenden Schullehrer (jedenfalls waren wohl zwischen 1905 und 1928 die Dorfschullehrer für die Führung der Ortschronik verantwortlich) sich für die Schriftform, die sie abgeliefert haben, keine gute Note in Schönschrift hätten geben dürfen. Ohne Egon Groß wäre uns die „Transkription&#8220; in unsere lateinische Schriftsprache nicht gelungen. Wir haben übrigens bei der Transkription die neuen Rechtschreibregeln angewendet. Wer damit nicht einverstanden sein sollte, muss sich selber durch das Original „quälen&#8220;.</span></p>
<p style="text-align: justify;"><span style="color: #000000;">Sehr eindruckvoll lassen sich in unserer Ortschronik der Kapellenbau (bzw. der Kapellenneubau), das Kriegsgeschehen 1914 &#8211; 1918, der Blutzoll der gefallenen Niedersaubacher Soldaten, die Nachkriegswirren bis zur Abtrennung des Saargebietes von Deutschland, die Schaffung der modernen Infragstruktur (z.B. Straßenbau, Elektrifizierung usw.), die Bevölkerungsentwicklung und die Kommunalpolitik gut nachvollziehen.</span></p>
<p style="text-align: justify;"><span style="color: #000000;">Die detaillierten Einträge über das Schicksal der gefallenen Niedersaubacher Soldaten regt an, hierfür Erinnerungsseiten einzurichten.</span></p>
<p style="text-align: justify;">Auch das Jubiläum unserer Antoniuskapelle 2010 konnte hier die nötigen Hinweise für einen Festvortrag finden.</p>
<p style="text-align: justify;">Es ist sehr bewegend, in oft sehr ausführlichen Schilderungen den Alltag unserer Vorfahren zwischen 1905 und 1928 nachzuerleben.</p>
<div id="attachment_274" style="width: 570px" class="wp-caption aligncenter"><img decoding="async" aria-describedby="caption-attachment-274" class="size-large wp-image-274 " title="kapelle_die-gefallenen" src="http://unser-niedersaubach.de/wp-content/uploads/2009/03/kapelle_die-gefallenen-1024x695.jpg" alt="Die gefallenen Niedersaubacher und Rümmelbacher des 1. und 2. Weltkrieges, Erinnerungstafeln in der Antoniuskapelle" width="560" srcset="https://unser-niedersaubach.de/wp-content/uploads/2009/03/kapelle_die-gefallenen-1024x695.jpg 1024w, https://unser-niedersaubach.de/wp-content/uploads/2009/03/kapelle_die-gefallenen-300x203.jpg 300w, https://unser-niedersaubach.de/wp-content/uploads/2009/03/kapelle_die-gefallenen.jpg 1200w" sizes="(max-width: 1024px) 100vw, 1024px" /><p id="caption-attachment-274" class="wp-caption-text">Die gefallenen Niedersaubacher und Rümmelbacher des 1. und 2. Weltkrieges, Erinnerungstafeln in der Antoniuskapelle; Foto: Jakob Britz</p></div>
<div id="attachment_4165" style="width: 460px" class="wp-caption aligncenter"><img loading="lazy" decoding="async" aria-describedby="caption-attachment-4165" class="size-full wp-image-4165" title="Erinnerungstafeln_Antonius_alt_450" src="http://unser-niedersaubach.de/wp-content/uploads/2010/11/Erinnerungstafeln_Antonius_alt_450.jpg" alt="" width="450" height="680" srcset="https://unser-niedersaubach.de/wp-content/uploads/2010/11/Erinnerungstafeln_Antonius_alt_450.jpg 450w, https://unser-niedersaubach.de/wp-content/uploads/2010/11/Erinnerungstafeln_Antonius_alt_450-198x300.jpg 198w" sizes="auto, (max-width: 450px) 100vw, 450px" /><p id="caption-attachment-4165" class="wp-caption-text">Gefallenendenkmal in der Antoniuskapelle vor Neugestaltung durch Pastor Meiser Ende der 1970er Jahre; Fotoarchiv: Robert Schmidt (Rauen)</p></div>
<p style="text-align: justify;">
</div>

<p>Durch glückliche Umstände ist die Ortschronik (und auch die Schulchronik) unseres Dorfes im Keller des Lebacher Rathauses wieder aufgetaucht. Die Ortschronik Niedersaubach steht hier zum Herunter-Laden (einfach hier anklicken) bereit (Achtung: Die Datei ist sehr groß; sie beträgt 54 MB, &hellip; <a href="https://unser-niedersaubach.de/?page_id=16">Weiterlesen <span class="meta-nav">&rarr;</span></a></p>
