{"id":2114,"date":"2010-11-04T23:31:14","date_gmt":"2010-11-04T22:31:14","guid":{"rendered":"http:\/\/unser-niedersaubach.de\/?page_id=2114"},"modified":"2018-05-21T15:34:18","modified_gmt":"2018-05-21T14:34:18","slug":"2-weltkrieg","status":"publish","type":"page","link":"https:\/\/unser-niedersaubach.de\/?page_id=2114","title":{"rendered":"2. Weltkrieg"},"content":{"rendered":"<p style=\"text-align: justify;\">Die Schicksale der Gefallenen des 2. Weltkriegs zu erforschen, war zun\u00e4chst nicht so einfach, weil uns &#8211; im Gegensatz zum 1. Weltkrieg &#8211; hier die <strong><a class=\"wpGallery\" title=\"Ortschronik\" href=\"http:\/\/unser-niedersaubach.de\/?page_id=16\" target=\"_self\"><span style=\"color: #0000ff;\">Ortschronik<\/span><\/a><\/strong> im Stich gelassen hat.<\/p>\n<p style=\"text-align: justify;\">Die Eintr\u00e4ge in der Ortschronik sind nach der Erkrankung des 1. Dorfschullehrers, <strong><a class=\"wpGallery\" title=\"Peter Adam, erster Dorfschullehrer in Niedersaubach-R\u00fcmmelbach 1901-1929\" href=\"http:\/\/unser-niedersaubach.de\/Dokumente\/Schule\/Peter-Adam.pdf\" target=\"_blank\" rel=\"noopener\"><span style=\"color: #0000ff;\">Peter Adam<\/span><\/a><\/strong>, im Jahr 1929 regelrecht versiegt. Wir gehen hierbei nicht davon aus, dass nachtr\u00e4glich die entsprechenden Eintr\u00e4ge aus Gr\u00fcnden der Vertuschung oder Verschleierung (in der Regel sind viele Dokumente in Deutschland, welche die Nazi-Zeit und den 2. Weltkrieg betreffen,\u00a0 beseitigt worden) entfernt worden sind. Man kann beim Original nicht erkennen, dass Seiten herausgerissen worden w\u00e4ren. Die Ortschronik ist wohl &#8211; aus welchen Gr\u00fcnden auch immer &#8211; tats\u00e4chlich in diesen Vorkriegs- und Kriegszeiten nicht gef\u00fchrt worden.<\/p>\n<div id=\"attachment_2145\" style=\"width: 460px\" class=\"wp-caption aligncenter\"><img loading=\"lazy\" decoding=\"async\" aria-describedby=\"caption-attachment-2145\" class=\"size-full wp-image-2145\" title=\"Schleswig-Holstein\" src=\"http:\/\/unser-niedersaubach.de\/wp-content\/uploads\/2010\/11\/Schleswig-Holstein.jpg\" alt=\"\" width=\"450\" height=\"327\" srcset=\"https:\/\/unser-niedersaubach.de\/wp-content\/uploads\/2010\/11\/Schleswig-Holstein.jpg 450w, https:\/\/unser-niedersaubach.de\/wp-content\/uploads\/2010\/11\/Schleswig-Holstein-300x218.jpg 300w\" sizes=\"auto, (max-width: 450px) 100vw, 450px\" \/><p id=\"caption-attachment-2145\" class=\"wp-caption-text\">Die Schleswig-Holstein er\u00f6ffnet am 1. September 1939 mit der Beschie\u00dfung der Danziger Westerplatte den 2. Weltkrieg, der Niedersaubach im Lauf des Krieges den Blutzoll von 30 jungen Leben abverlangen wird; Foto: gemeinfrei<\/p><\/div>\n<p style=\"text-align: justify;\">Unsere erste Orientierungslinie waren <strong><a class=\"wpGallery\" title=\"Erinnerungstafeln in unserer Antoniuskapelle\" href=\"http:\/\/unser-niedersaubach.de\/wp-content\/uploads\/2009\/03\/kapelle_die-gefallenen.jpg\" target=\"_blank\" rel=\"noopener\"><span style=\"color: #0000ff;\">die Tafeln in unserer Kapelle<\/span><\/a><span style=\"color: #0000ff;\">,<\/span><\/strong> die alle Kriegsopfer betreffen. Neben 27 gefallenen Soldaten gibt es hier den Regime-Gegner Nikolaus Br\u00fcck aus der Hold, der 1941 im KZ Dachau umgebracht worden war, und die Jugendlichen Herbert Neis (Lebsen) und Adolf Scherer (Hold), die unabh\u00e4ngig voneinander w\u00e4hrend der Flucht der deutschen Soldaten vor den einr\u00fcckenden amerikanischen Soldaten im M\u00e4rz 1945 t\u00f6dlich verletzt wurden. Diesen\u00a0 Kriegsopfern werden wir noch eine besondere Seite widmen.<\/p>\n<p style=\"text-align: justify;\">Ich habe zun\u00e4chst anhand der Tafeln in unserer Antonius-Kapelle eine Suchliste erstellt, die durch die genealogischen Angaben in den <strong><span style=\"color: #0000ff;\">S<\/span><a class=\"wpGallery\" title=\"Die Storb'schen Familienb\u00fccher\" href=\"http:\/\/unser-niedersaubach.de\/?page_id=38\" target=\"_self\"><span style=\"color: #0000ff;\">torb&#8217;schen Familienb\u00fcchern<\/span><\/a><\/strong> unterf\u00fcttert wurden. Dabei ergaben sich &#8211; wie es auch schon bei den Gefallenen des 1. Weltkriegs war &#8211; Ungereimtheiten, die ich einfach unkommentiert habe stehen lassen. <strong><a class=\"wpGallery\" title=\"Die Suchliste der Saubacher Gefallenen des 2. Weltkrieges\" href=\"http:\/\/unser-niedersaubach.de\/Dokumente\/WKII\/Suchliste_Saubacher-Gefallene_WKII.pdf\" target=\"_blank\" rel=\"noopener\"><span style=\"color: #0000ff;\">Diese Suchliste habe ich hier eingestellt<\/span><\/a><span style=\"color: #0000ff;\">.<\/span><\/strong><\/p>\n<div id=\"attachment_274\" style=\"width: 460px\" class=\"wp-caption aligncenter\"><a class=\"wpGallery\" title=\"Die Saubacher Gefallenen der Weltkriege\" href=\"http:\/\/unser-niedersaubach.de\/wp-content\/uploads\/2009\/03\/kapelle_die-gefallenen.jpg\" target=\"_blank\" rel=\"noopener\"><img decoding=\"async\" aria-describedby=\"caption-attachment-274\" class=\"size-full wp-image-274 \" title=\"kapelle_die-gefallenen\" src=\"http:\/\/unser-niedersaubach.de\/wp-content\/uploads\/2009\/03\/kapelle_die-gefallenen.jpg\" alt=\"\" width=\"450\" srcset=\"https:\/\/unser-niedersaubach.de\/wp-content\/uploads\/2009\/03\/kapelle_die-gefallenen.jpg 1200w, https:\/\/unser-niedersaubach.de\/wp-content\/uploads\/2009\/03\/kapelle_die-gefallenen-300x203.jpg 300w, https:\/\/unser-niedersaubach.de\/wp-content\/uploads\/2009\/03\/kapelle_die-gefallenen-1024x695.jpg 1024w\" sizes=\"(max-width: 1200px) 100vw, 1200px\" \/><\/a><p id=\"caption-attachment-274\" class=\"wp-caption-text\">Die gefallenen Niedersaubacher und R\u00fcmmelbacher des 1. und 2. Weltkrieges, Erinnerungstafeln in der Antoniuskapelle, Foto: Jakob Britz<\/p><\/div>\n<div id=\"attachment_4165\" style=\"width: 460px\" class=\"wp-caption aligncenter\"><img loading=\"lazy\" decoding=\"async\" aria-describedby=\"caption-attachment-4165\" class=\"size-full wp-image-4165\" title=\"Erinnerungstafeln_Antonius_alt_450\" src=\"http:\/\/unser-niedersaubach.de\/wp-content\/uploads\/2010\/11\/Erinnerungstafeln_Antonius_alt_450.jpg\" alt=\"\" width=\"450\" height=\"680\" srcset=\"https:\/\/unser-niedersaubach.de\/wp-content\/uploads\/2010\/11\/Erinnerungstafeln_Antonius_alt_450.jpg 450w, https:\/\/unser-niedersaubach.de\/wp-content\/uploads\/2010\/11\/Erinnerungstafeln_Antonius_alt_450-198x300.jpg 198w\" sizes=\"auto, (max-width: 450px) 100vw, 450px\" \/><p id=\"caption-attachment-4165\" class=\"wp-caption-text\">Gefallenendenkmal in der Antoniuskapelle vor Neugestaltung durch Pastor Meiser Ende der 1970er Jahre; Fotoarchiv: Robert Schmidt (Rauen)<\/p><\/div>\n<p style=\"text-align: justify;\">Diese Suchliste habe ich &#8211; nat\u00fcrlich ohne nach Herbert Neis, Adolf Scherer oder Nikolaus Br\u00fcck zu fragen &#8211; an die <strong><a class=\"wpGallery\" title=\"WASt\" href=\"http:\/\/www.dd-wast.de\/\" target=\"_blank\" rel=\"noopener\"><span style=\"color: #0000ff;\">Wehrmachtsauskunftsstelle WASt<\/span><\/a><\/strong> in Berlin geschickt. <span class=\"wpGallery\" style=\"color: #000000;\">Die Antwort werde ich bei den einzelnen F\u00e4llen einarbeiten<\/span><span class=\"wpGallery\">.<\/span> Zu erw\u00e4hnen ist, dass die WASt sich im Dienstgrad von Bernhard Heinrich (Nr. 11 der Saubacher Liste) get\u00e4uscht hatte (und in einem sp\u00e4teren Brief auf Nachfrage hin auch korrigiert hatte); Bernhard Heinrich war als Gefreiter normaler Landser und kein Offizier.<\/p>\n<p style=\"text-align: justify;\">Entsprechend den Angaben der WASt werden wir nun auf die einzelnen Schicksale einzugehen versuchen. Dabei hoffen wir auch, in vielleicht noch vorhandenen Regiments- oder Divisionstageb\u00fcchern einschl\u00e4gige Hinweise auf die Umst\u00e4nde zu finden, unter denen unsere jungen Leute an den verschiedenen Kriegsfronten gefallen sind.<\/p>\n<p style=\"text-align: justify;\"><strong><a title=\"Die Gefallenen des 2. Weltkrieges\" href=\"http:\/\/unser-niedersaubach.de\/?page_id=2593\"><span style=\"color: #0000ff;\">Hier findet man nochmals die \u00dcbersichtsliste der Gefallenen aus dem 2. Weltkrieg, welche zu den entsprechenden Einzelseiten f\u00fcr die individuellen Schicksale f\u00fchren (einfach anklicken)!<\/span><\/a><\/strong><\/p>\n<p style=\"text-align: justify;\">Ihr Andenken wollen wir damit ehren &#8211; und f\u00fcr Frieden und V\u00f6lkerverst\u00e4ndigung werben.<\/p>\n<p style=\"text-align: justify;\">Lothar Schmidt<\/p>\n","protected":false},"excerpt":{"rendered":"<p>Die Schicksale der Gefallenen des 2. Weltkriegs zu erforschen, war zun\u00e4chst nicht so einfach, weil uns &#8211; im Gegensatz zum 1. Weltkrieg &#8211; hier die Ortschronik im Stich gelassen hat. Die Eintr\u00e4ge in der Ortschronik sind nach der Erkrankung des &hellip; <a href=\"https:\/\/unser-niedersaubach.de\/?page_id=2114\">Weiterlesen <span class=\"meta-nav\">&rarr;<\/span><\/a><\/p>\n","protected":false},"author":2,"featured_media":0,"parent":16,"menu_order":0,"comment_status":"closed","ping_status":"closed","template":"","meta":{"ngg_post_thumbnail":0,"footnotes":""},"class_list":["post-2114","page","type-page","status-publish","hentry"],"_links":{"self":[{"href":"https:\/\/unser-niedersaubach.de\/index.php?rest_route=\/wp\/v2\/pages\/2114","targetHints":{"allow":["GET"]}}],"collection":[{"href":"https:\/\/unser-niedersaubach.de\/index.php?rest_route=\/wp\/v2\/pages"}],"about":[{"href":"https:\/\/unser-niedersaubach.de\/index.php?rest_route=\/wp\/v2\/types\/page"}],"author":[{"embeddable":true,"href":"https:\/\/unser-niedersaubach.de\/index.php?rest_route=\/wp\/v2\/users\/2"}],"replies":[{"embeddable":true,"href":"https:\/\/unser-niedersaubach.de\/index.php?rest_route=%2Fwp%2Fv2%2Fcomments&post=2114"}],"version-history":[{"count":32,"href":"https:\/\/unser-niedersaubach.de\/index.php?rest_route=\/wp\/v2\/pages\/2114\/revisions"}],"predecessor-version":[{"id":7637,"href":"https:\/\/unser-niedersaubach.de\/index.php?rest_route=\/wp\/v2\/pages\/2114\/revisions\/7637"}],"up":[{"embeddable":true,"href":"https:\/\/unser-niedersaubach.de\/index.php?rest_route=\/wp\/v2\/pages\/16"}],"wp:attachment":[{"href":"https:\/\/unser-niedersaubach.de\/index.php?rest_route=%2Fwp%2Fv2%2Fmedia&parent=2114"}],"curies":[{"name":"wp","href":"https:\/\/api.w.org\/{rel}","templated":true}]}}

<p style="text-align: justify;">Die Schicksale der Gefallenen des 2. Weltkriegs zu erforschen, war zunächst nicht so einfach, weil uns &#8211; im Gegensatz zum 1. Weltkrieg &#8211; hier die <strong><a class="wpGallery" title="Ortschronik" href="http://unser-niedersaubach.de/?page_id=16" target="_self"><span style="color: #0000ff;">Ortschronik</span></a></strong> im Stich gelassen hat.</p>
<p style="text-align: justify;">Die Einträge in der Ortschronik sind nach der Erkrankung des 1. Dorfschullehrers, <strong><a class="wpGallery" title="Peter Adam, erster Dorfschullehrer in Niedersaubach-Rümmelbach 1901-1929" href="http://unser-niedersaubach.de/Dokumente/Schule/Peter-Adam.pdf" target="_blank" rel="noopener"><span style="color: #0000ff;">Peter Adam</span></a></strong>, im Jahr 1929 regelrecht versiegt. Wir gehen hierbei nicht davon aus, dass nachträglich die entsprechenden Einträge aus Gründen der Vertuschung oder Verschleierung (in der Regel sind viele Dokumente in Deutschland, welche die Nazi-Zeit und den 2. Weltkrieg betreffen,  beseitigt worden) entfernt worden sind. Man kann beim Original nicht erkennen, dass Seiten herausgerissen worden wären. Die Ortschronik ist wohl &#8211; aus welchen Gründen auch immer &#8211; tatsächlich in diesen Vorkriegs- und Kriegszeiten nicht geführt worden.</p>
<div id="attachment_2145" style="width: 460px" class="wp-caption aligncenter"><img loading="lazy" decoding="async" aria-describedby="caption-attachment-2145" class="size-full wp-image-2145" title="Schleswig-Holstein" src="http://unser-niedersaubach.de/wp-content/uploads/2010/11/Schleswig-Holstein.jpg" alt="" width="450" height="327" srcset="https://unser-niedersaubach.de/wp-content/uploads/2010/11/Schleswig-Holstein.jpg 450w, https://unser-niedersaubach.de/wp-content/uploads/2010/11/Schleswig-Holstein-300x218.jpg 300w" sizes="auto, (max-width: 450px) 100vw, 450px" /><p id="caption-attachment-2145" class="wp-caption-text">Die Schleswig-Holstein eröffnet am 1. September 1939 mit der Beschießung der Danziger Westerplatte den 2. Weltkrieg, der Niedersaubach im Lauf des Krieges den Blutzoll von 30 jungen Leben abverlangen wird; Foto: gemeinfrei</p></div>
<p style="text-align: justify;">Unsere erste Orientierungslinie waren <strong><a class="wpGallery" title="Erinnerungstafeln in unserer Antoniuskapelle" href="http://unser-niedersaubach.de/wp-content/uploads/2009/03/kapelle_die-gefallenen.jpg" target="_blank" rel="noopener"><span style="color: #0000ff;">die Tafeln in unserer Kapelle</span></a><span style="color: #0000ff;">,</span></strong> die alle Kriegsopfer betreffen. Neben 27 gefallenen Soldaten gibt es hier den Regime-Gegner Nikolaus Brück aus der Hold, der 1941 im KZ Dachau umgebracht worden war, und die Jugendlichen Herbert Neis (Lebsen) und Adolf Scherer (Hold), die unabhängig voneinander während der Flucht der deutschen Soldaten vor den einrückenden amerikanischen Soldaten im März 1945 tödlich verletzt wurden. Diesen  Kriegsopfern werden wir noch eine besondere Seite widmen.</p>
<p style="text-align: justify;">Ich habe zunächst anhand der Tafeln in unserer Antonius-Kapelle eine Suchliste erstellt, die durch die genealogischen Angaben in den <strong><span style="color: #0000ff;">S</span><a class="wpGallery" title="Die Storb'schen Familienbücher" href="http://unser-niedersaubach.de/?page_id=38" target="_self"><span style="color: #0000ff;">torb&#8217;schen Familienbüchern</span></a></strong> unterfüttert wurden. Dabei ergaben sich &#8211; wie es auch schon bei den Gefallenen des 1. Weltkriegs war &#8211; Ungereimtheiten, die ich einfach unkommentiert habe stehen lassen. <strong><a class="wpGallery" title="Die Suchliste der Saubacher Gefallenen des 2. Weltkrieges" href="http://unser-niedersaubach.de/Dokumente/WKII/Suchliste_Saubacher-Gefallene_WKII.pdf" target="_blank" rel="noopener"><span style="color: #0000ff;">Diese Suchliste habe ich hier eingestellt</span></a><span style="color: #0000ff;">.</span></strong></p>
<div id="attachment_274" style="width: 460px" class="wp-caption aligncenter"><a class="wpGallery" title="Die Saubacher Gefallenen der Weltkriege" href="http://unser-niedersaubach.de/wp-content/uploads/2009/03/kapelle_die-gefallenen.jpg" target="_blank" rel="noopener"><img decoding="async" aria-describedby="caption-attachment-274" class="size-full wp-image-274 " title="kapelle_die-gefallenen" src="http://unser-niedersaubach.de/wp-content/uploads/2009/03/kapelle_die-gefallenen.jpg" alt="" width="450" srcset="https://unser-niedersaubach.de/wp-content/uploads/2009/03/kapelle_die-gefallenen.jpg 1200w, https://unser-niedersaubach.de/wp-content/uploads/2009/03/kapelle_die-gefallenen-300x203.jpg 300w, https://unser-niedersaubach.de/wp-content/uploads/2009/03/kapelle_die-gefallenen-1024x695.jpg 1024w" sizes="(max-width: 1200px) 100vw, 1200px" /></a><p id="caption-attachment-274" class="wp-caption-text">Die gefallenen Niedersaubacher und Rümmelbacher des 1. und 2. Weltkrieges, Erinnerungstafeln in der Antoniuskapelle, Foto: Jakob Britz</p></div>
<div id="attachment_4165" style="width: 460px" class="wp-caption aligncenter"><img loading="lazy" decoding="async" aria-describedby="caption-attachment-4165" class="size-full wp-image-4165" title="Erinnerungstafeln_Antonius_alt_450" src="http://unser-niedersaubach.de/wp-content/uploads/2010/11/Erinnerungstafeln_Antonius_alt_450.jpg" alt="" width="450" height="680" srcset="https://unser-niedersaubach.de/wp-content/uploads/2010/11/Erinnerungstafeln_Antonius_alt_450.jpg 450w, https://unser-niedersaubach.de/wp-content/uploads/2010/11/Erinnerungstafeln_Antonius_alt_450-198x300.jpg 198w" sizes="auto, (max-width: 450px) 100vw, 450px" /><p id="caption-attachment-4165" class="wp-caption-text">Gefallenendenkmal in der Antoniuskapelle vor Neugestaltung durch Pastor Meiser Ende der 1970er Jahre; Fotoarchiv: Robert Schmidt (Rauen)</p></div>
<p style="text-align: justify;">Diese Suchliste habe ich &#8211; natürlich ohne nach Herbert Neis, Adolf Scherer oder Nikolaus Brück zu fragen &#8211; an die <strong><a class="wpGallery" title="WASt" href="http://www.dd-wast.de/" target="_blank" rel="noopener"><span style="color: #0000ff;">Wehrmachtsauskunftsstelle WASt</span></a></strong> in Berlin geschickt. <span class="wpGallery" style="color: #000000;">Die Antwort werde ich bei den einzelnen Fällen einarbeiten</span><span class="wpGallery">.</span> Zu erwähnen ist, dass die WASt sich im Dienstgrad von Bernhard Heinrich (Nr. 11 der Saubacher Liste) getäuscht hatte (und in einem späteren Brief auf Nachfrage hin auch korrigiert hatte); Bernhard Heinrich war als Gefreiter normaler Landser und kein Offizier.</p>
<p style="text-align: justify;">Entsprechend den Angaben der WASt werden wir nun auf die einzelnen Schicksale einzugehen versuchen. Dabei hoffen wir auch, in vielleicht noch vorhandenen Regiments- oder Divisionstagebüchern einschlägige Hinweise auf die Umstände zu finden, unter denen unsere jungen Leute an den verschiedenen Kriegsfronten gefallen sind.</p>
<p style="text-align: justify;"><strong><a title="Die Gefallenen des 2. Weltkrieges" href="http://unser-niedersaubach.de/?page_id=2593"><span style="color: #0000ff;">Hier findet man nochmals die Übersichtsliste der Gefallenen aus dem 2. Weltkrieg, welche zu den entsprechenden Einzelseiten für die individuellen Schicksale führen (einfach anklicken)!</span></a></strong></p>
<p style="text-align: justify;">Ihr Andenken wollen wir damit ehren &#8211; und für Frieden und Völkerverständigung werben.</p>
<p style="text-align: justify;">Lothar Schmidt</p>

<p>Die Schicksale der Gefallenen des 2. Weltkriegs zu erforschen, war zunächst nicht so einfach, weil uns &#8211; im Gegensatz zum 1. Weltkrieg &#8211; hier die Ortschronik im Stich gelassen hat. Die Einträge in der Ortschronik sind nach der Erkrankung des &hellip; <a href="https://unser-niedersaubach.de/?page_id=2114">Weiterlesen <span class="meta-nav">&rarr;</span></a></p>
