{"id":22,"date":"2009-03-24T17:16:28","date_gmt":"2009-03-24T16:16:28","guid":{"rendered":"http:\/\/unser-niedersaubach.de\/?page_id=22"},"modified":"2018-05-21T16:04:27","modified_gmt":"2018-05-21T15:04:27","slug":"schulchronik","status":"publish","type":"page","link":"https:\/\/unser-niedersaubach.de\/?page_id=22","title":{"rendered":"Schulchronik"},"content":{"rendered":"<p>Durch gl\u00fcckliche Umst\u00e4nde ist die Schulchronik (und auch die Ortschronik) unseres Dorfes im Keller des Lebacher Rathauses wieder aufgetaucht.<\/p>\n<p><img loading=\"lazy\" decoding=\"async\" class=\"size-full wp-image-242\" title=\"Schulchronik Niedersaubach-R\u00fcmmelbach 1901-1970\" src=\"http:\/\/unser-niedersaubach.de\/wp-content\/uploads\/2009\/03\/seiten-aus-schulchronik.jpg\" alt=\"Schulchronik Niedersaubach-R\u00fcmmelbach 1901-1974\" width=\"560\" height=\"917\" srcset=\"https:\/\/unser-niedersaubach.de\/wp-content\/uploads\/2009\/03\/seiten-aus-schulchronik.jpg 560w, https:\/\/unser-niedersaubach.de\/wp-content\/uploads\/2009\/03\/seiten-aus-schulchronik-183x300.jpg 183w\" sizes=\"auto, (max-width: 560px) 100vw, 560px\" \/><\/p>\n<p style=\"text-align: justify;\"><em><a class=\"wpGallery\" title=\"Schulchronik Niedersaubach-R\u00fcmmelbach 1901-1974\" href=\"http:\/\/unser-niedersaubach.de\/Dokumente\/Schulchronik.pdf\" target=\"_blank\" rel=\"noopener\">Die Schulchronik Niedersaubach-R\u00fcmmelbach steht hier (einfach hier klicken) zum Herunter-Laden bereit (<span style=\"color: #ff0000;\">Achtung: 34 MB<\/span>).<\/a><\/em><\/p>\n<p style=\"text-align: justify;\"><em><a class=\"wpGallery\" title=\"Transskript Schulchronik Niedersaubach-R\u00fcmmelbach\" href=\"http:\/\/unser-niedersaubach.de\/Dokumente\/Schulchronik_lateinische-Schreibweise.pdf\" target=\"_blank\" rel=\"noopener\">Unter Vorarbeit von Egon Gro\u00df haben Josef Heinrich und Lothar Schmidt versucht, die noch lesbaren Teile in lateinische Schreibweise zu bringen, wobei die neuen Rechtschreibregeln angewendet wurden. Auch dieses Transkript steht hier zum Herunter-Laden bereit (einfach hier klicken).<\/a><\/em><\/p>\n<p style=\"text-align: justify;\">Man muss wissen, dass das Lebacher Archiv durch das Rekordhochwasser 1993 schwer besch\u00e4digt worden ist. Leider ist davon auch die Schulchronik betroffen; viele Eintr\u00e4ge sind nicht mehr lesbar. Trotzdem hat es sich gelohnt, die noch lesbaren Teile, die bis in die 30er Jahre noch in S\u00fctterlin geschrieben sind, zu \u201e\u00fcbersetzen&#8220;.<\/p>\n<p style=\"text-align: justify;\">Albert Wagner vom Historischen Verein Lebach ist schon einige Monate dabei, dieses Archiv zu sichten und aufzur\u00e4umen. Dabei ist ihm auch die Niedersaubacher\/ R\u00fcmmelbacher Schulchronik in die H\u00e4nde gefallen. Hierf\u00fcr sind wir ihm sehr dankbar. <a class=\"wpGallery\" title=\"Ein Lebacher r\u00e4umt auf\" href=\"http:\/\/historischer-verein-lebach.info\/?p=25\" target=\"_blank\" rel=\"noopener\">\u00dcber sein\u00a0Aufr\u00e4umen im Keller des Lebacher Rathauses berichtete \u00fcbrigens die Saarbr\u00fccker Zeitung.<\/a><\/p>\n<p style=\"text-align: justify;\">Der Archivarin des Lebacher Rathauses, der Frauenbeauftragten Margit Thewes, m\u00f6chten wir danken, dass Sie uns die Archive zug\u00e4nglich gemacht hat.<\/p>\n<p style=\"text-align: justify;\">Dank sei auch Egon Gro\u00df vom Historischen Verein Lebach ausgesprochen. Bei der \u201e\u00dcbersetzung&#8220; hat er uns, d.h. Josef Heinrich und Lothar Schmidt, sehr geholfen; ihm ist es \u00fcberhaupt nicht schwer gefallen, uns die Texte aufs Band zu diktieren, obwohl die dort schreibenden Schullehrer sich f\u00fcr die Schriftform, die sie abgeliefert haben, keine gute Note in Sch\u00f6nschrift h\u00e4tten geben d\u00fcrfen. Ohne Egon Gro\u00df w\u00e4re uns die \u201eTranskription&#8220; in unsere lateinische Schriftsprache nicht gelungen. Wir haben \u00fcbrigens bei der Transkription die neuen Rechtschreibregeln angewendet. Wer damit nicht einverstanden sein sollte, muss sich selber durch das Original \u201equ\u00e4len&#8220;.<\/p>\n<p style=\"text-align: justify;\">Erw\u00e4hnenswert ist noch, dass am Ende der Schulchronik der Dorfschullehrer Adam penibel auff\u00fchrt, welche Betr\u00e4ge er bei den\u00a07 Kriegsanleihen w\u00e4hrend des 1. Weltkrieges in den Niedersaubacher und R\u00fcmmelbacher Familien eingesammelt hatte. Die Betr\u00e4ge hatte er bei der Kreissparkasse Saarlouis einzahlen lassen; sie sollten gut verzinst werden und nach 2 Jahren r\u00fcckholbar sein. Wir wir wissen, ist daraus nichts geworden. Nicht wenige Niedersaubacher und R\u00fcmmelbacher haben durch den verlorenen 1. Weltkrieg richtig viel Geld verloren. Und weil dieses Geld oft genug der Spargroschen f\u00fcr die Altersvorsorge war, bedeutete der Verlust in vielen F\u00e4llen Altersarmut.<\/p>\n<p style=\"text-align: justify;\">Au\u00dferdem ist ein Zeitungsausschnitt aus der Zeit nach dem 1. Weltkrieg eingeheftet, der einen schlimmen Kriminalfall behandelt, der bei Jagersch 1919 passiert war.\u00a0 Am 9. Mai wird berichtet, dass der Ackerer Philipp Riehm (44 Jahre alt) in der Nacht von Montag auf Dienstag gegen Mitternacht in seinem Bett brutal ermordet wurde, um seines nicht unbedeutenden Verm\u00f6gens, das er in einem Strumpf aufbewahrt haben soll, habhaft zu werden. Am 15. Mai wird berichtet, dass als\u00a0M\u00f6rder der Bergmann Alois Gro\u00df aus Eppelborn und der Knecht Peter Str\u00e4\u00dfer aus Lebach verhaftet worden sind. Als Mitwisserin wird zus\u00e4tzlich angeklagt die Braut des Bergmanns, Charlotte Kallenborn, aus Lebach.<\/p>\n<p style=\"text-align: justify;\">Wir w\u00fcnschen bei der Lekt\u00fcre der bewegenden Eintr\u00e4ge, welche die Geschichte der von Niedersaubach und R\u00fcmmelbach gemeinsam unterhaltenen Volksschule lebhaft in Erinnerung ruft, dem\u00fctigen Respekt vor der Schaffensleitung unserer Vorfahren. Nur allzu oft wird deutlich, wie hart die Bedingungen waren, unter denen sie leben, lernen und arbeiten mussten.<\/p>\n<p style=\"text-align: justify;\">Noch eine gro\u00dfe Bitte: Wir m\u00f6chten diese Seite unseres Internetauftritts nutzen, auch die Schuljahrg\u00e4nge zwischen 1901 und 1974 bildlich vorzustellen. Wer hat die entsprechenden Jahrgangsbilder? Wer w\u00fcrde sie uns zwecks Ver\u00f6ffentlichung zur Verf\u00fcgung stellen? Danke!<\/p>\n<div id=\"attachment_244\" style=\"width: 570px\" class=\"wp-caption aligncenter\"><img decoding=\"async\" aria-describedby=\"caption-attachment-244\" class=\"size-full wp-image-244 \" title=\"Volksschule Niedersaubach-R\u00fcmmelbach 1936, Archiv: Jakob Britz\" src=\"http:\/\/unser-niedersaubach.de\/wp-content\/uploads\/2009\/03\/alte-schule_aufgestockt-1936.jpg\" alt=\"Volksschule Niedersaubach-R\u00fcmmelbach 1936, jetzt 2-st\u00f6ckig, Foto: Jakob Britz (Schmitz Jakob)\" width=\"560\" srcset=\"https:\/\/unser-niedersaubach.de\/wp-content\/uploads\/2009\/03\/alte-schule_aufgestockt-1936.jpg 1200w, https:\/\/unser-niedersaubach.de\/wp-content\/uploads\/2009\/03\/alte-schule_aufgestockt-1936-300x218.jpg 300w, https:\/\/unser-niedersaubach.de\/wp-content\/uploads\/2009\/03\/alte-schule_aufgestockt-1936-1024x745.jpg 1024w\" sizes=\"(max-width: 1200px) 100vw, 1200px\" \/><p id=\"caption-attachment-244\" class=\"wp-caption-text\">Volksschule Niedersaubach-R\u00fcmmelbach 1936, Archiv: Jakob Britz<\/p><\/div>\n<div id=\"attachment_247\" style=\"width: 560px\" class=\"wp-caption aligncenter\"><img decoding=\"async\" aria-describedby=\"caption-attachment-247\" class=\"size-large wp-image-247 \" title=\"Schuljahrg\u00e4nge 1915 - 1922\" src=\"http:\/\/unser-niedersaubach.de\/wp-content\/uploads\/2009\/03\/jahrgange_15-22-1024x510.jpg\" alt=\"Schuljahrg\u00e4nge 1915 - 1922, Foto: Schmitz Jakob (Jakob Britz)\" width=\"550\" srcset=\"https:\/\/unser-niedersaubach.de\/wp-content\/uploads\/2009\/03\/jahrgange_15-22-1024x510.jpg 1024w, https:\/\/unser-niedersaubach.de\/wp-content\/uploads\/2009\/03\/jahrgange_15-22-300x149.jpg 300w, https:\/\/unser-niedersaubach.de\/wp-content\/uploads\/2009\/03\/jahrgange_15-22.jpg 1926w\" sizes=\"(max-width: 1024px) 100vw, 1024px\" \/><p id=\"caption-attachment-247\" class=\"wp-caption-text\">Schuljahrg\u00e4nge 1915 &#8211; 1922, Archiv: Jakob Britz<\/p><\/div>\n<div class=\"mceTemp mceIEcenter\">\n<div id=\"attachment_248\" style=\"width: 560px\" class=\"wp-caption aligncenter\"><img decoding=\"async\" aria-describedby=\"caption-attachment-248\" class=\"size-large wp-image-248 \" title=\"schuljahrgang\" src=\"http:\/\/unser-niedersaubach.de\/wp-content\/uploads\/2009\/03\/schuljahrgang-1024x682.jpg\" alt=\"Schuljahrg\u00e4nge ? (Foto: Schmitz Jakob)\" width=\"550\" srcset=\"https:\/\/unser-niedersaubach.de\/wp-content\/uploads\/2009\/03\/schuljahrgang-1024x682.jpg 1024w, https:\/\/unser-niedersaubach.de\/wp-content\/uploads\/2009\/03\/schuljahrgang-300x200.jpg 300w\" sizes=\"(max-width: 1024px) 100vw, 1024px\" \/><p id=\"caption-attachment-248\" class=\"wp-caption-text\">Schuljahrg\u00e4nge 1922 &#8211; 1929; Archiv: Jakob Britz<\/p><\/div>\n<\/div>\n","protected":false},"excerpt":{"rendered":"<p>Durch gl\u00fcckliche Umst\u00e4nde ist die Schulchronik (und auch die Ortschronik) unseres Dorfes im Keller des Lebacher Rathauses wieder aufgetaucht. Die Schulchronik Niedersaubach-R\u00fcmmelbach steht hier (einfach hier klicken) zum Herunter-Laden bereit (Achtung: 34 MB). Unter Vorarbeit von Egon Gro\u00df haben Josef &hellip; <a href=\"https:\/\/unser-niedersaubach.de\/?page_id=22\">Weiterlesen <span class=\"meta-nav\">&rarr;<\/span><\/a><\/p>\n","protected":false},"author":2,"featured_media":0,"parent":10,"menu_order":2,"comment_status":"closed","ping_status":"closed","template":"","meta":{"ngg_post_thumbnail":0,"footnotes":""},"class_list":["post-22","page","type-page","status-publish","hentry"],"_links":{"self":[{"href":"https:\/\/unser-niedersaubach.de\/index.php?rest_route=\/wp\/v2\/pages\/22","targetHints":{"allow":["GET"]}}],"collection":[{"href":"https:\/\/unser-niedersaubach.de\/index.php?rest_route=\/wp\/v2\/pages"}],"about":[{"href":"https:\/\/unser-niedersaubach.de\/index.php?rest_route=\/wp\/v2\/types\/page"}],"author":[{"embeddable":true,"href":"https:\/\/unser-niedersaubach.de\/index.php?rest_route=\/wp\/v2\/users\/2"}],"replies":[{"embeddable":true,"href":"https:\/\/unser-niedersaubach.de\/index.php?rest_route=%2Fwp%2Fv2%2Fcomments&post=22"}],"version-history":[{"count":41,"href":"https:\/\/unser-niedersaubach.de\/index.php?rest_route=\/wp\/v2\/pages\/22\/revisions"}],"predecessor-version":[{"id":7690,"href":"https:\/\/unser-niedersaubach.de\/index.php?rest_route=\/wp\/v2\/pages\/22\/revisions\/7690"}],"up":[{"embeddable":true,"href":"https:\/\/unser-niedersaubach.de\/index.php?rest_route=\/wp\/v2\/pages\/10"}],"wp:attachment":[{"href":"https:\/\/unser-niedersaubach.de\/index.php?rest_route=%2Fwp%2Fv2%2Fmedia&parent=22"}],"curies":[{"name":"wp","href":"https:\/\/api.w.org\/{rel}","templated":true}]}}

<p>Durch glückliche Umstände ist die Schulchronik (und auch die Ortschronik) unseres Dorfes im Keller des Lebacher Rathauses wieder aufgetaucht.</p>
<p><img loading="lazy" decoding="async" class="size-full wp-image-242" title="Schulchronik Niedersaubach-Rümmelbach 1901-1970" src="http://unser-niedersaubach.de/wp-content/uploads/2009/03/seiten-aus-schulchronik.jpg" alt="Schulchronik Niedersaubach-Rümmelbach 1901-1974" width="560" height="917" srcset="https://unser-niedersaubach.de/wp-content/uploads/2009/03/seiten-aus-schulchronik.jpg 560w, https://unser-niedersaubach.de/wp-content/uploads/2009/03/seiten-aus-schulchronik-183x300.jpg 183w" sizes="auto, (max-width: 560px) 100vw, 560px" /></p>
<p style="text-align: justify;"><em><a class="wpGallery" title="Schulchronik Niedersaubach-Rümmelbach 1901-1974" href="http://unser-niedersaubach.de/Dokumente/Schulchronik.pdf" target="_blank" rel="noopener">Die Schulchronik Niedersaubach-Rümmelbach steht hier (einfach hier klicken) zum Herunter-Laden bereit (<span style="color: #ff0000;">Achtung: 34 MB</span>).</a></em></p>
<p style="text-align: justify;"><em><a class="wpGallery" title="Transskript Schulchronik Niedersaubach-Rümmelbach" href="http://unser-niedersaubach.de/Dokumente/Schulchronik_lateinische-Schreibweise.pdf" target="_blank" rel="noopener">Unter Vorarbeit von Egon Groß haben Josef Heinrich und Lothar Schmidt versucht, die noch lesbaren Teile in lateinische Schreibweise zu bringen, wobei die neuen Rechtschreibregeln angewendet wurden. Auch dieses Transkript steht hier zum Herunter-Laden bereit (einfach hier klicken).</a></em></p>
<p style="text-align: justify;">Man muss wissen, dass das Lebacher Archiv durch das Rekordhochwasser 1993 schwer beschädigt worden ist. Leider ist davon auch die Schulchronik betroffen; viele Einträge sind nicht mehr lesbar. Trotzdem hat es sich gelohnt, die noch lesbaren Teile, die bis in die 30er Jahre noch in Sütterlin geschrieben sind, zu „übersetzen&#8220;.</p>
<p style="text-align: justify;">Albert Wagner vom Historischen Verein Lebach ist schon einige Monate dabei, dieses Archiv zu sichten und aufzuräumen. Dabei ist ihm auch die Niedersaubacher/ Rümmelbacher Schulchronik in die Hände gefallen. Hierfür sind wir ihm sehr dankbar. <a class="wpGallery" title="Ein Lebacher räumt auf" href="http://historischer-verein-lebach.info/?p=25" target="_blank" rel="noopener">Über sein Aufräumen im Keller des Lebacher Rathauses berichtete übrigens die Saarbrücker Zeitung.</a></p>
<p style="text-align: justify;">Der Archivarin des Lebacher Rathauses, der Frauenbeauftragten Margit Thewes, möchten wir danken, dass Sie uns die Archive zugänglich gemacht hat.</p>
<p style="text-align: justify;">Dank sei auch Egon Groß vom Historischen Verein Lebach ausgesprochen. Bei der „Übersetzung&#8220; hat er uns, d.h. Josef Heinrich und Lothar Schmidt, sehr geholfen; ihm ist es überhaupt nicht schwer gefallen, uns die Texte aufs Band zu diktieren, obwohl die dort schreibenden Schullehrer sich für die Schriftform, die sie abgeliefert haben, keine gute Note in Schönschrift hätten geben dürfen. Ohne Egon Groß wäre uns die „Transkription&#8220; in unsere lateinische Schriftsprache nicht gelungen. Wir haben übrigens bei der Transkription die neuen Rechtschreibregeln angewendet. Wer damit nicht einverstanden sein sollte, muss sich selber durch das Original „quälen&#8220;.</p>
<p style="text-align: justify;">Erwähnenswert ist noch, dass am Ende der Schulchronik der Dorfschullehrer Adam penibel aufführt, welche Beträge er bei den 7 Kriegsanleihen während des 1. Weltkrieges in den Niedersaubacher und Rümmelbacher Familien eingesammelt hatte. Die Beträge hatte er bei der Kreissparkasse Saarlouis einzahlen lassen; sie sollten gut verzinst werden und nach 2 Jahren rückholbar sein. Wir wir wissen, ist daraus nichts geworden. Nicht wenige Niedersaubacher und Rümmelbacher haben durch den verlorenen 1. Weltkrieg richtig viel Geld verloren. Und weil dieses Geld oft genug der Spargroschen für die Altersvorsorge war, bedeutete der Verlust in vielen Fällen Altersarmut.</p>
<p style="text-align: justify;">Außerdem ist ein Zeitungsausschnitt aus der Zeit nach dem 1. Weltkrieg eingeheftet, der einen schlimmen Kriminalfall behandelt, der bei Jagersch 1919 passiert war.  Am 9. Mai wird berichtet, dass der Ackerer Philipp Riehm (44 Jahre alt) in der Nacht von Montag auf Dienstag gegen Mitternacht in seinem Bett brutal ermordet wurde, um seines nicht unbedeutenden Vermögens, das er in einem Strumpf aufbewahrt haben soll, habhaft zu werden. Am 15. Mai wird berichtet, dass als Mörder der Bergmann Alois Groß aus Eppelborn und der Knecht Peter Sträßer aus Lebach verhaftet worden sind. Als Mitwisserin wird zusätzlich angeklagt die Braut des Bergmanns, Charlotte Kallenborn, aus Lebach.</p>
<p style="text-align: justify;">Wir wünschen bei der Lektüre der bewegenden Einträge, welche die Geschichte der von Niedersaubach und Rümmelbach gemeinsam unterhaltenen Volksschule lebhaft in Erinnerung ruft, demütigen Respekt vor der Schaffensleitung unserer Vorfahren. Nur allzu oft wird deutlich, wie hart die Bedingungen waren, unter denen sie leben, lernen und arbeiten mussten.</p>
<p style="text-align: justify;">Noch eine große Bitte: Wir möchten diese Seite unseres Internetauftritts nutzen, auch die Schuljahrgänge zwischen 1901 und 1974 bildlich vorzustellen. Wer hat die entsprechenden Jahrgangsbilder? Wer würde sie uns zwecks Veröffentlichung zur Verfügung stellen? Danke!</p>
<div id="attachment_244" style="width: 570px" class="wp-caption aligncenter"><img decoding="async" aria-describedby="caption-attachment-244" class="size-full wp-image-244 " title="Volksschule Niedersaubach-Rümmelbach 1936, Archiv: Jakob Britz" src="http://unser-niedersaubach.de/wp-content/uploads/2009/03/alte-schule_aufgestockt-1936.jpg" alt="Volksschule Niedersaubach-Rümmelbach 1936, jetzt 2-stöckig, Foto: Jakob Britz (Schmitz Jakob)" width="560" srcset="https://unser-niedersaubach.de/wp-content/uploads/2009/03/alte-schule_aufgestockt-1936.jpg 1200w, https://unser-niedersaubach.de/wp-content/uploads/2009/03/alte-schule_aufgestockt-1936-300x218.jpg 300w, https://unser-niedersaubach.de/wp-content/uploads/2009/03/alte-schule_aufgestockt-1936-1024x745.jpg 1024w" sizes="(max-width: 1200px) 100vw, 1200px" /><p id="caption-attachment-244" class="wp-caption-text">Volksschule Niedersaubach-Rümmelbach 1936, Archiv: Jakob Britz</p></div>
<div id="attachment_247" style="width: 560px" class="wp-caption aligncenter"><img decoding="async" aria-describedby="caption-attachment-247" class="size-large wp-image-247 " title="Schuljahrgänge 1915 - 1922" src="http://unser-niedersaubach.de/wp-content/uploads/2009/03/jahrgange_15-22-1024x510.jpg" alt="Schuljahrgänge 1915 - 1922, Foto: Schmitz Jakob (Jakob Britz)" width="550" srcset="https://unser-niedersaubach.de/wp-content/uploads/2009/03/jahrgange_15-22-1024x510.jpg 1024w, https://unser-niedersaubach.de/wp-content/uploads/2009/03/jahrgange_15-22-300x149.jpg 300w, https://unser-niedersaubach.de/wp-content/uploads/2009/03/jahrgange_15-22.jpg 1926w" sizes="(max-width: 1024px) 100vw, 1024px" /><p id="caption-attachment-247" class="wp-caption-text">Schuljahrgänge 1915 &#8211; 1922, Archiv: Jakob Britz</p></div>
<div class="mceTemp mceIEcenter">
<div id="attachment_248" style="width: 560px" class="wp-caption aligncenter"><img decoding="async" aria-describedby="caption-attachment-248" class="size-large wp-image-248 " title="schuljahrgang" src="http://unser-niedersaubach.de/wp-content/uploads/2009/03/schuljahrgang-1024x682.jpg" alt="Schuljahrgänge ? (Foto: Schmitz Jakob)" width="550" srcset="https://unser-niedersaubach.de/wp-content/uploads/2009/03/schuljahrgang-1024x682.jpg 1024w, https://unser-niedersaubach.de/wp-content/uploads/2009/03/schuljahrgang-300x200.jpg 300w" sizes="(max-width: 1024px) 100vw, 1024px" /><p id="caption-attachment-248" class="wp-caption-text">Schuljahrgänge 1922 &#8211; 1929; Archiv: Jakob Britz</p></div>
</div>

<p>Durch glückliche Umstände ist die Schulchronik (und auch die Ortschronik) unseres Dorfes im Keller des Lebacher Rathauses wieder aufgetaucht. Die Schulchronik Niedersaubach-Rümmelbach steht hier (einfach hier klicken) zum Herunter-Laden bereit (Achtung: 34 MB). Unter Vorarbeit von Egon Groß haben Josef &hellip; <a href="https://unser-niedersaubach.de/?page_id=22">Weiterlesen <span class="meta-nav">&rarr;</span></a></p>
