{"id":2549,"date":"2011-05-09T13:03:59","date_gmt":"2011-05-09T12:03:59","guid":{"rendered":"http:\/\/unser-niedersaubach.de\/?page_id=2549"},"modified":"2011-05-26T00:01:00","modified_gmt":"2011-05-25T23:01:00","slug":"test-2","status":"publish","type":"page","link":"https:\/\/unser-niedersaubach.de\/?page_id=2549","title":{"rendered":"Die Gefallenen"},"content":{"rendered":"<h2>Der Volkstrauertag l\u00e4dt ein zur Erinnerung<\/h2>\n<p style=\"text-align: justify;\">&nbsp;<\/p>\n<p style=\"text-align: justify;\">Am Vorabend des Volkstrauertages 2009 m\u00f6chten wir die entsetzlichen Schicksale der Saubacher und R\u00fcmmelbacher Gefallenen des 1. Weltkrieges festhalten.<\/p>\n<div id=\"attachment_1378\" style=\"width: 448px\" class=\"wp-caption aligncenter\"><img loading=\"lazy\" decoding=\"async\" aria-describedby=\"caption-attachment-1378\" class=\"size-full wp-image-1378  \" title=\"unbekannter-Soldat\" src=\"http:\/\/unser-niedersaubach.de\/wp-content\/uploads\/2009\/10\/unbekannter-Soldat.jpg\" alt=\"Georg Warken (B\u00f6hmer Schorsch), selber Kriegsveteran, organisierte in den 1920er Jahren Besuche an den Gr\u00e4bern im Argonner Wald, Fotoarchiv: Gertrud Manger\" width=\"438\" height=\"680\" \/><p id=\"caption-attachment-1378\" class=\"wp-caption-text\">Georg Warken (B\u00f6hmer Schorsch), selber Kriegsveteran, organisierte in den 1920er Jahren Besuche an den Gr\u00e4bern im Argonner Wald, Fotoarchiv: Gertrud Manger<\/p><\/div>\n<p style=\"text-align: justify;\">Als Quellen habe ich die Gedenktafeln in der Antoniuskapelle, die <strong><a class=\"wpGallery\" title=\"Ortschronik\" href=\"http:\/\/unser-niedersaubach.de\/?page_id=16\" target=\"_blank\"><span style=\"color: #0000ff;\">Ortschronik<\/span><\/a><\/strong>, die <strong><a class=\"wpGallery\" title=\"Lebacher Familienb\u00fccher\" href=\"http:\/\/historischer-verein-lebach.de\/wp-content\/uploads\/2008\/vor02\/Publikationen\/Storb-Gerhard_Lebacher-Familienbuecher_Bd-1.pdf\" target=\"_blank\"><span style=\"color: #0000ff;\">Lebacher Familienb\u00fccher<\/span><\/a><\/strong> von Gerhard Storb und das <strong><a class=\"wpGallery\" title=\"Ernst Schmidt, Die Lebacher Gefallenen des 1. Weltkrieges\" href=\"http:\/\/historischer-verein-lebach.de\/Dokumente\/WKI_Lebach.pdf\" target=\"_blank\"><span style=\"color: #0000ff;\">Gefallenenbuch<\/span><\/a><\/strong> (Achtung: 20 MB) von Ernst Schmitt (Lebach) benutzt; zu diesem Buch gibt es noch einen Anhang mit so genannten &#8222;<strong><a class=\"wpGallery\" title=\"Ernst Schmitt. Lebacher Gefallene des 1. Weltkrieges, Anhang\" href=\"http:\/\/historischer-verein-lebach.de\/Dokumente\/WKI_Lebach_Ernst-Schmitt_Anhang.pdf\" target=\"_blank\"><span style=\"color: #0000ff;\">Ehrenbl\u00e4ttern<\/span><\/a><\/strong>&#8220; der Kriegsteilnehmer (Achtung: 84 MB).<\/p>\n<p style=\"text-align: justify;\">Es gibt im Vergleich zischen diesen Quellen einige Unterschiede. Am Beispiel: Johann Riehm wird in der Ortschronik von Peter Adam 4 mal genannt. Weil er aber in den Lebacher Familienb\u00fcchern nur 1 mal zu finden ist und der Namen auf den Gedenktafeln in der Antoniuskapelle nur 1 mal erscheint, gehe ich davon aus, dass es tats\u00e4chlich nur einen Johann Riehm gegeben hat. Ich vermute, dass sich Peter Adam, der seine Liste nicht alphabetisch gef\u00fchrt und sich beim Aufschreiben selber unterbrochen hat (er vervollst\u00e4ndigt die Liste der Kriegsteilnehmer erst am Ende des ersten Kriegsjahres), einfach nur vertan hat. Dabei kann ich nat\u00fcrlich auch falsch liegen. Ansonsten gibt es nur kleine Unterschiede in der Benennung der Todesdaten zwischen den Lebacher Familienb\u00fcchern, dem Lebacher Gefallenenbuch und der Ortschronik (in der Regel ist die Differenz nur 1 Tag), sodass ich von denselben Gefallenen ausgehen will.<\/p>\n<p style=\"text-align: justify;\">Wir sollten die Schicksale der unten angef\u00fchrten jungen Saubacher und R\u00fcmmelbacher Buben (sie waren in der Regel kaum 20) zum Anlass nehmen, uns \u00fcber die wunderbare europ\u00e4ische Einigungsgeschichte, die uns vor allem zwischen Frankreich und Deutschland eine wirklich tiefe Freundschaft gebracht hat, freuen. Man kann sicherlich viel Kritisches \u00fcber die Europ\u00e4ische Union sagen, aber im Kern darf man nicht vergessen, dass sie uns vorher nie gekannten Frieden geschenkt hat.<\/p>\n<p style=\"text-align: justify;\">Niedersaubach, im Oktober\/ November 2009<\/p>\n<p style=\"text-align: justify;\">Lothar Schmidt<\/p>\n<p style=\"text-align: justify; padding-left: 60px;\">&nbsp;<\/p>\n<p style=\"text-align: justify; padding-left: 60px;\">Hier die Liste der Gefallenen des 1. Weltkrieges (einfach anklicken)!<\/p>\n<p style=\"text-align: left;\">___________________________________________________________________________<\/p>\n<p style=\"text-align: left; padding-left: 60px;\"><a title=\"Franz Alt\" href=\"http:\/\/unser-niedersaubach.de\/?page_id=2896\"><strong><span style=\"color: #0000ff;\">Franz Alt<\/span><\/strong><\/a> (Homes\/ Lach), * 1894\/ + 1915<\/p>\n<p style=\"text-align: left; padding-left: 60px;\"><a title=\"Nikolaus Alt\" href=\"http:\/\/unser-niedersaubach.de\/?page_id=2900\"><span style=\"color: #0000ff;\"><strong>Nikolaus Alt<\/strong><\/span><\/a> (Homes\/ Lach), * 1897\/ + ?<\/p>\n<p style=\"text-align: justify; padding-left: 60px;\"><a title=\"Johann Austgen\" href=\"http:\/\/unser-niedersaubach.de\/?page_id=2903\"><strong><span style=\"color: #0000ff;\">Johann Austgen<\/span><\/strong><\/a> (Sch\u00e4ppes\/ R\u00fcmmelbach), * 1885\/ + 1918<\/p>\n<p style=\"text-align: left; padding-left: 60px;\"><a title=\"Nikolaus Biesel\" href=\"http:\/\/unser-niedersaubach.de\/?page_id=2908\"><strong><span style=\"color: #0000ff;\">Nikolaus Biesel<\/span><\/strong><\/a> (Schommersch\/ Biesels), * 1894\/ + 1916<\/p>\n<p style=\"padding-left: 60px;\"><a title=\"Wilhelm Brill\" href=\"http:\/\/unser-niedersaubach.de\/?page_id=2911\"><strong><span style=\"color: #0000ff;\">Wilhelm Brill<\/span><\/strong><\/a> (Greinhof), * 1892\/ + 1914<\/p>\n<p style=\"padding-left: 60px;\"><a title=\"Peter Britz\" href=\"http:\/\/unser-niedersaubach.de\/?page_id=2914\"><strong><span style=\"color: #0000ff;\">Peter Britz<\/span><\/strong><\/a> (Freisen), * 1894\/ + 1915<\/p>\n<p style=\"text-align: left; padding-left: 60px;\"><a title=\"Nikolaus Br\u00fcck\" href=\"http:\/\/unser-niedersaubach.de\/?page_id=2922\"><strong><span style=\"color: #0000ff;\">Nikolaus Br\u00fcck<\/span><\/strong><\/a> (Diwer), * 1893\/ + 1915<\/p>\n<p style=\"text-align: left; padding-left: 60px;\"><a title=\"Johann Grohs\" href=\"http:\/\/unser-niedersaubach.de\/?page_id=2927\"><strong><span style=\"color: #0000ff;\">Johann Grohs<\/span><\/strong><\/a> (Neipler), * 1897\/ + 1915<\/p>\n<p style=\"padding-left: 60px;\"><a title=\"Johann Heinrich\" href=\"http:\/\/unser-niedersaubach.de\/?page_id=2946\"><strong><span style=\"color: #0000ff;\">Johann Heinrich<\/span><\/strong><\/a> (Hirten\/ Lach), * 1889\/ + 1915<\/p>\n<p style=\"text-align: left; padding-left: 60px;\"><a title=\"Peter Kuhn\" href=\"http:\/\/unser-niedersaubach.de\/?page_id=2963\"><strong><span style=\"color: #0000ff;\">Peter Kuhn<\/span><\/strong><\/a> (Grawen), * 1895\/ + 1917<\/p>\n<p style=\"text-align: justify; padding-left: 60px;\"><a title=\"Johann Riehm\" href=\"http:\/\/unser-niedersaubach.de\/?page_id=2967\"><strong><span style=\"color: #0000ff;\">Johann Riehm <\/span><\/strong><\/a>(Rauen), * 1889\/ +?<\/p>\n<p style=\"text-align: justify; padding-left: 60px;\"><a title=\"Johann Sch\u00e4fer\" href=\"http:\/\/unser-niedersaubach.de\/?page_id=2971\"><strong><span style=\"color: #0000ff;\">Johann Sch\u00e4fer<\/span><\/strong><\/a> (Brendels), * 1894\/ + 1918<\/p>\n<p style=\"text-align: justify; padding-left: 60px;\"><a title=\"Wilhelm Sch\u00e4fer\" href=\"http:\/\/unser-niedersaubach.de\/?page_id=2975\"><strong><span style=\"color: #0000ff;\">Wilhelm Sch\u00e4fer<\/span><\/strong><\/a> (Brendels), * 1886\/ +?<\/p>\n<p style=\"text-align: justify; padding-left: 60px;\"><a title=\"Jakob Schmidt\" href=\"http:\/\/unser-niedersaubach.de\/?page_id=2978\"><strong><span style=\"color: #0000ff;\">Jakob Schmidt<\/span><\/strong><\/a> (Bietzer), * 1889\/ * 1918<\/p>\n<p style=\"padding-left: 60px;\"><a title=\"Johann Schmitt\" href=\"http:\/\/unser-niedersaubach.de\/?page_id=2984\"><strong><span style=\"color: #0000ff;\">Johann Schmitt<\/span><\/strong><\/a> (Lacher), * 1890\/ + 1914<\/p>\n<p style=\"padding-left: 60px;\"><a title=\"Michael Schmidt\" href=\"http:\/\/unser-niedersaubach.de\/?page_id=2990\"><strong><span style=\"color: #0000ff;\">Michael Schmidt <\/span><\/strong><\/a>(Schmitz\/ Malersch), * 1884\/ + 1915<\/p>\n","protected":false},"excerpt":{"rendered":"<p>Der Volkstrauertag l\u00e4dt ein zur Erinnerung &nbsp; Am Vorabend des Volkstrauertages 2009 m\u00f6chten wir die entsetzlichen Schicksale der Saubacher und R\u00fcmmelbacher Gefallenen des 1. Weltkrieges festhalten. Als Quellen habe ich die Gedenktafeln in der Antoniuskapelle, die Ortschronik, die Lebacher Familienb\u00fccher &hellip; <a href=\"https:\/\/unser-niedersaubach.de\/?page_id=2549\">Weiterlesen <span class=\"meta-nav\">&rarr;<\/span><\/a><\/p>\n","protected":false},"author":2,"featured_media":0,"parent":1003,"menu_order":0,"comment_status":"open","ping_status":"open","template":"","meta":{"ngg_post_thumbnail":0,"footnotes":""},"class_list":["post-2549","page","type-page","status-publish","hentry"],"_links":{"self":[{"href":"https:\/\/unser-niedersaubach.de\/index.php?rest_route=\/wp\/v2\/pages\/2549","targetHints":{"allow":["GET"]}}],"collection":[{"href":"https:\/\/unser-niedersaubach.de\/index.php?rest_route=\/wp\/v2\/pages"}],"about":[{"href":"https:\/\/unser-niedersaubach.de\/index.php?rest_route=\/wp\/v2\/types\/page"}],"author":[{"embeddable":true,"href":"https:\/\/unser-niedersaubach.de\/index.php?rest_route=\/wp\/v2\/users\/2"}],"replies":[{"embeddable":true,"href":"https:\/\/unser-niedersaubach.de\/index.php?rest_route=%2Fwp%2Fv2%2Fcomments&post=2549"}],"version-history":[{"count":19,"href":"https:\/\/unser-niedersaubach.de\/index.php?rest_route=\/wp\/v2\/pages\/2549\/revisions"}],"predecessor-version":[{"id":2551,"href":"https:\/\/unser-niedersaubach.de\/index.php?rest_route=\/wp\/v2\/pages\/2549\/revisions\/2551"}],"up":[{"embeddable":true,"href":"https:\/\/unser-niedersaubach.de\/index.php?rest_route=\/wp\/v2\/pages\/1003"}],"wp:attachment":[{"href":"https:\/\/unser-niedersaubach.de\/index.php?rest_route=%2Fwp%2Fv2%2Fmedia&parent=2549"}],"curies":[{"name":"wp","href":"https:\/\/api.w.org\/{rel}","templated":true}]}}

<h2>Der Volkstrauertag lädt ein zur Erinnerung</h2>
<p style="text-align: justify;">&nbsp;</p>
<p style="text-align: justify;">Am Vorabend des Volkstrauertages 2009 möchten wir die entsetzlichen Schicksale der Saubacher und Rümmelbacher Gefallenen des 1. Weltkrieges festhalten.</p>
<div id="attachment_1378" style="width: 448px" class="wp-caption aligncenter"><img loading="lazy" decoding="async" aria-describedby="caption-attachment-1378" class="size-full wp-image-1378  " title="unbekannter-Soldat" src="http://unser-niedersaubach.de/wp-content/uploads/2009/10/unbekannter-Soldat.jpg" alt="Georg Warken (Böhmer Schorsch), selber Kriegsveteran, organisierte in den 1920er Jahren Besuche an den Gräbern im Argonner Wald, Fotoarchiv: Gertrud Manger" width="438" height="680" /><p id="caption-attachment-1378" class="wp-caption-text">Georg Warken (Böhmer Schorsch), selber Kriegsveteran, organisierte in den 1920er Jahren Besuche an den Gräbern im Argonner Wald, Fotoarchiv: Gertrud Manger</p></div>
<p style="text-align: justify;">Als Quellen habe ich die Gedenktafeln in der Antoniuskapelle, die <strong><a class="wpGallery" title="Ortschronik" href="http://unser-niedersaubach.de/?page_id=16" target="_blank"><span style="color: #0000ff;">Ortschronik</span></a></strong>, die <strong><a class="wpGallery" title="Lebacher Familienbücher" href="http://historischer-verein-lebach.de/wp-content/uploads/2008/vor02/Publikationen/Storb-Gerhard_Lebacher-Familienbuecher_Bd-1.pdf" target="_blank"><span style="color: #0000ff;">Lebacher Familienbücher</span></a></strong> von Gerhard Storb und das <strong><a class="wpGallery" title="Ernst Schmidt, Die Lebacher Gefallenen des 1. Weltkrieges" href="http://historischer-verein-lebach.de/Dokumente/WKI_Lebach.pdf" target="_blank"><span style="color: #0000ff;">Gefallenenbuch</span></a></strong> (Achtung: 20 MB) von Ernst Schmitt (Lebach) benutzt; zu diesem Buch gibt es noch einen Anhang mit so genannten &#8222;<strong><a class="wpGallery" title="Ernst Schmitt. Lebacher Gefallene des 1. Weltkrieges, Anhang" href="http://historischer-verein-lebach.de/Dokumente/WKI_Lebach_Ernst-Schmitt_Anhang.pdf" target="_blank"><span style="color: #0000ff;">Ehrenblättern</span></a></strong>&#8220; der Kriegsteilnehmer (Achtung: 84 MB).</p>
<p style="text-align: justify;">Es gibt im Vergleich zischen diesen Quellen einige Unterschiede. Am Beispiel: Johann Riehm wird in der Ortschronik von Peter Adam 4 mal genannt. Weil er aber in den Lebacher Familienbüchern nur 1 mal zu finden ist und der Namen auf den Gedenktafeln in der Antoniuskapelle nur 1 mal erscheint, gehe ich davon aus, dass es tatsächlich nur einen Johann Riehm gegeben hat. Ich vermute, dass sich Peter Adam, der seine Liste nicht alphabetisch geführt und sich beim Aufschreiben selber unterbrochen hat (er vervollständigt die Liste der Kriegsteilnehmer erst am Ende des ersten Kriegsjahres), einfach nur vertan hat. Dabei kann ich natürlich auch falsch liegen. Ansonsten gibt es nur kleine Unterschiede in der Benennung der Todesdaten zwischen den Lebacher Familienbüchern, dem Lebacher Gefallenenbuch und der Ortschronik (in der Regel ist die Differenz nur 1 Tag), sodass ich von denselben Gefallenen ausgehen will.</p>
<p style="text-align: justify;">Wir sollten die Schicksale der unten angeführten jungen Saubacher und Rümmelbacher Buben (sie waren in der Regel kaum 20) zum Anlass nehmen, uns über die wunderbare europäische Einigungsgeschichte, die uns vor allem zwischen Frankreich und Deutschland eine wirklich tiefe Freundschaft gebracht hat, freuen. Man kann sicherlich viel Kritisches über die Europäische Union sagen, aber im Kern darf man nicht vergessen, dass sie uns vorher nie gekannten Frieden geschenkt hat.</p>
<p style="text-align: justify;">Niedersaubach, im Oktober/ November 2009</p>
<p style="text-align: justify;">Lothar Schmidt</p>
<p style="text-align: justify; padding-left: 60px;">&nbsp;</p>
<p style="text-align: justify; padding-left: 60px;">Hier die Liste der Gefallenen des 1. Weltkrieges (einfach anklicken)!</p>
<p style="text-align: left;">___________________________________________________________________________</p>
<p style="text-align: left; padding-left: 60px;"><a title="Franz Alt" href="http://unser-niedersaubach.de/?page_id=2896"><strong><span style="color: #0000ff;">Franz Alt</span></strong></a> (Homes/ Lach), * 1894/ + 1915</p>
<p style="text-align: left; padding-left: 60px;"><a title="Nikolaus Alt" href="http://unser-niedersaubach.de/?page_id=2900"><span style="color: #0000ff;"><strong>Nikolaus Alt</strong></span></a> (Homes/ Lach), * 1897/ + ?</p>
<p style="text-align: justify; padding-left: 60px;"><a title="Johann Austgen" href="http://unser-niedersaubach.de/?page_id=2903"><strong><span style="color: #0000ff;">Johann Austgen</span></strong></a> (Schäppes/ Rümmelbach), * 1885/ + 1918</p>
<p style="text-align: left; padding-left: 60px;"><a title="Nikolaus Biesel" href="http://unser-niedersaubach.de/?page_id=2908"><strong><span style="color: #0000ff;">Nikolaus Biesel</span></strong></a> (Schommersch/ Biesels), * 1894/ + 1916</p>
<p style="padding-left: 60px;"><a title="Wilhelm Brill" href="http://unser-niedersaubach.de/?page_id=2911"><strong><span style="color: #0000ff;">Wilhelm Brill</span></strong></a> (Greinhof), * 1892/ + 1914</p>
<p style="padding-left: 60px;"><a title="Peter Britz" href="http://unser-niedersaubach.de/?page_id=2914"><strong><span style="color: #0000ff;">Peter Britz</span></strong></a> (Freisen), * 1894/ + 1915</p>
<p style="text-align: left; padding-left: 60px;"><a title="Nikolaus Brück" href="http://unser-niedersaubach.de/?page_id=2922"><strong><span style="color: #0000ff;">Nikolaus Brück</span></strong></a> (Diwer), * 1893/ + 1915</p>
<p style="text-align: left; padding-left: 60px;"><a title="Johann Grohs" href="http://unser-niedersaubach.de/?page_id=2927"><strong><span style="color: #0000ff;">Johann Grohs</span></strong></a> (Neipler), * 1897/ + 1915</p>
<p style="padding-left: 60px;"><a title="Johann Heinrich" href="http://unser-niedersaubach.de/?page_id=2946"><strong><span style="color: #0000ff;">Johann Heinrich</span></strong></a> (Hirten/ Lach), * 1889/ + 1915</p>
<p style="text-align: left; padding-left: 60px;"><a title="Peter Kuhn" href="http://unser-niedersaubach.de/?page_id=2963"><strong><span style="color: #0000ff;">Peter Kuhn</span></strong></a> (Grawen), * 1895/ + 1917</p>
<p style="text-align: justify; padding-left: 60px;"><a title="Johann Riehm" href="http://unser-niedersaubach.de/?page_id=2967"><strong><span style="color: #0000ff;">Johann Riehm </span></strong></a>(Rauen), * 1889/ +?</p>
<p style="text-align: justify; padding-left: 60px;"><a title="Johann Schäfer" href="http://unser-niedersaubach.de/?page_id=2971"><strong><span style="color: #0000ff;">Johann Schäfer</span></strong></a> (Brendels), * 1894/ + 1918</p>
<p style="text-align: justify; padding-left: 60px;"><a title="Wilhelm Schäfer" href="http://unser-niedersaubach.de/?page_id=2975"><strong><span style="color: #0000ff;">Wilhelm Schäfer</span></strong></a> (Brendels), * 1886/ +?</p>
<p style="text-align: justify; padding-left: 60px;"><a title="Jakob Schmidt" href="http://unser-niedersaubach.de/?page_id=2978"><strong><span style="color: #0000ff;">Jakob Schmidt</span></strong></a> (Bietzer), * 1889/ * 1918</p>
<p style="padding-left: 60px;"><a title="Johann Schmitt" href="http://unser-niedersaubach.de/?page_id=2984"><strong><span style="color: #0000ff;">Johann Schmitt</span></strong></a> (Lacher), * 1890/ + 1914</p>
<p style="padding-left: 60px;"><a title="Michael Schmidt" href="http://unser-niedersaubach.de/?page_id=2990"><strong><span style="color: #0000ff;">Michael Schmidt </span></strong></a>(Schmitz/ Malersch), * 1884/ + 1915</p>

<p>Der Volkstrauertag lädt ein zur Erinnerung &nbsp; Am Vorabend des Volkstrauertages 2009 möchten wir die entsetzlichen Schicksale der Saubacher und Rümmelbacher Gefallenen des 1. Weltkrieges festhalten. Als Quellen habe ich die Gedenktafeln in der Antoniuskapelle, die Ortschronik, die Lebacher Familienbücher &hellip; <a href="https://unser-niedersaubach.de/?page_id=2549">Weiterlesen <span class="meta-nav">&rarr;</span></a></p>
