{"id":2593,"date":"2011-05-17T15:08:23","date_gmt":"2011-05-17T14:08:23","guid":{"rendered":"http:\/\/unser-niedersaubach.de\/?page_id=2593"},"modified":"2018-05-21T15:38:00","modified_gmt":"2018-05-21T14:38:00","slug":"die-gefallenen","status":"publish","type":"page","link":"https:\/\/unser-niedersaubach.de\/?page_id=2593","title":{"rendered":"Die Gefallenen"},"content":{"rendered":"<p style=\"text-align: justify;\"><span style=\"color: #000000;\">F\u00fcr die Einzelschicksale habe ich nun Sonderseiten angelegt; man erreicht die Seiten, indem man die bl\u00e4ulich markierten Einzelseiten anklickt.<\/span><\/p>\n<p style=\"text-align: justify;\"><span style=\"color: #000000;\">Allerdings werden die Einzelseiten erst freigeschaltet, wenn die entsprechenden Informationen eingearbeitet sind. Dazu m\u00fcssen die Darstellungen Schritt f\u00fcr Schritt von mir aufgearbeitet werden, und das ist schon Flei\u00dfarbeit, die Zeit in Anspruch nimmt. Mein Ziel ist, die Arbeit bis zum Volkstrauertag 2012 &#8211; so weit mir die notwendigen Informationen \u00fcberhaupt vorliegen &#8211; abgeschlossen zu haben.<\/span><\/p>\n<p style=\"text-align: justify;\"><span style=\"color: #000000;\">Anbei die alphabetisch sortierte Liste der Einzelseiten f\u00fcr die individuellen Soldatenschicksale unseres Dorfes aus dem 2. Weltkrieg (die bl\u00e4ulich markierten Seiten \u00f6ffnen sich)!<\/span><\/p>\n<p style=\"text-align: justify;\">Den h\u00f6chsten Blutzoll im Dorf erbrachte die Familie des Dorfschullehrers Peter Adam im 2. Weltkrieg: 4 von 7 S\u00f6hnen kamen nicht mehr zur\u00fcck.<\/p>\n<div id=\"attachment_5753\" style=\"width: 592px\" class=\"wp-caption aligncenter\"><img loading=\"lazy\" decoding=\"async\" aria-describedby=\"caption-attachment-5753\" class=\" wp-image-5753 \" src=\"http:\/\/unser-niedersaubach.de\/wp-content\/uploads\/2011\/05\/AdamBuben.jpg\" alt=\"v.l.n.r.: Josef, Bernhard, Karl und Mattias Adam fielen im 2. Weltkrieg; Fotoarchiv: Peter Adam (Losheim)\" width=\"582\" height=\"250\" srcset=\"https:\/\/unser-niedersaubach.de\/wp-content\/uploads\/2011\/05\/AdamBuben.jpg 3852w, https:\/\/unser-niedersaubach.de\/wp-content\/uploads\/2011\/05\/AdamBuben-300x128.jpg 300w, https:\/\/unser-niedersaubach.de\/wp-content\/uploads\/2011\/05\/AdamBuben-1024x439.jpg 1024w\" sizes=\"auto, (max-width: 582px) 100vw, 582px\" \/><p id=\"caption-attachment-5753\" class=\"wp-caption-text\">v.l.n.r.: Josef, Bernhard, Karl und Mattias Adam fielen im 2. Weltkrieg; Fotoarchiv: Peter Adam (Losheim)<\/p><\/div>\n<p style=\"text-align: justify;\"><span style=\"color: #000000;\">Lothar Schmidt<\/span><\/p>\n<p style=\"text-align: justify;\">______________________________________________________________________________________<\/p>\n<p style=\"text-align: justify; padding-left: 60px;\"><a title=\"Bernhard Adam\" href=\"http:\/\/unser-niedersaubach.de\/?page_id=2598\"><strong><span style=\"color: #0000ff;\">Bernhard Adam<\/span><\/strong><\/a> (Sohn von Lehrer Adam) * 1911\/ +1943<\/p>\n<p style=\"text-align: justify; padding-left: 60px;\"><a title=\"Josef Adam\" href=\"http:\/\/unser-niedersaubach.de\/?page_id=2602\"><strong><span style=\"color: #0000ff;\">Josef Adam<\/span><\/strong><\/a> (Sohn von Lehrer Adam) *1908\/ + 1945<\/p>\n<p style=\"text-align: justify; padding-left: 60px;\"><a title=\"Karl Adam\" href=\"http:\/\/unser-niedersaubach.de\/?page_id=2604\" target=\"_blank\" rel=\"noopener\"><strong><span style=\"color: #0000ff;\">Karl Adam<\/span><\/strong><\/a> (Sohn von Lehrer Adam) * 1901\/ + 1942<\/p>\n<p style=\"text-align: justify; padding-left: 60px;\"><a title=\"Matthias Adam\" href=\"http:\/\/unser-niedersaubach.de\/?page_id=2612\"><strong><span style=\"color: #0000ff;\">Matthias Adam<\/span><\/strong><\/a> (Sohn von Lehrer Adam) * 1906\/ + 1945<\/p>\n<p style=\"text-align: justify; padding-left: 60px;\"><span style=\"color: #0000ff;\"><strong><a title=\"Alois Britz\" href=\"http:\/\/unser-niedersaubach.de\/?page_id=2614\"><span style=\"color: #0000ff;\">Alois Britz<\/span><\/a> <\/strong><\/span><span style=\"color: #0000ff;\"><span style=\"color: #000000;\">(Schmitz) * 1924\/ + 1943<\/span><\/span><\/p>\n<p style=\"text-align: justify; padding-left: 60px;\"><a title=\"G\u00fcnther Engel\" href=\"http:\/\/unser-niedersaubach.de\/?page_id=2618\"><strong><span style=\"color: #0000ff;\">G\u00fcnter Engel<\/span><\/strong><\/a> (Millersch) * 1927\/ + 1945<\/p>\n<p style=\"text-align: justify; padding-left: 60px;\"><strong><a title=\"Alois Feld\" href=\"http:\/\/unser-niedersaubach.de\/?page_id=2620\"><span style=\"color: #0000ff;\">Alois Feld<\/span><\/a><\/strong> (Diwer, eingeheiratet, stammt aus Piesbach) * 1910\/ + 1944<\/p>\n<p style=\"text-align: justify; padding-left: 60px;\"><span style=\"color: #0000ff;\"><strong><a title=\"Karl Geber\" href=\"http:\/\/unser-niedersaubach.de\/?page_id=2623\"><span style=\"color: #0000ff;\">Karl Geber<\/span><\/a> <\/strong><\/span><span style=\"color: #0000ff;\"><span style=\"color: #000000;\">(Schmitz, eingeheiratet, stammt aus P\u00fcttlingen) * 1910\/ + 1945<\/span><\/span><\/p>\n<p style=\"text-align: justify; padding-left: 60px;\"><a title=\"Franz Hassel\" href=\"http:\/\/unser-niedersaubach.de\/?page_id=2625\"><strong><span style=\"color: #0000ff;\">Franz Hassel<\/span><\/strong><\/a> (Borren, Bruder von Johann Hassel) * 1912\/ + 1944<\/p>\n<p style=\"text-align: justify; padding-left: 60px;\"><span style=\"color: #0000ff;\"><a title=\"Johann Hassel\" href=\"http:\/\/unser-niedersaubach.de\/?page_id=2630\"><span style=\"color: #0000ff;\"><strong>Johann Hassel<\/strong><\/span><\/a><\/span> (Borren, Bruder von Franz Hassel) * 1907\/ + 1945<\/p>\n<p style=\"text-align: justify; padding-left: 60px;\"><strong><a title=\"Bernhard Heinrich\" href=\"http:\/\/unser-niedersaubach.de\/?page_id=2627\"><span style=\"color: #0000ff;\">Bernhard Heinrich<\/span><\/a><\/strong> (Homes, Bruder von Josef Heinrich) * 1922\/ + 1943<\/p>\n<p style=\"text-align: justify; padding-left: 60px;\"><a href=\"http:\/\/unser-niedersaubach.de\/?page_id=2632\"><strong><span style=\"color: #0000ff;\">Josef Heinrich<\/span><\/strong><\/a> (Homes, Bruder von Bernhard Heinrich) * 1925\/ + 1944<\/p>\n<p style=\"text-align: justify; padding-left: 60px;\"><a title=\"Josef Herrmann\" href=\"http:\/\/unser-niedersaubach.de\/?page_id=2634\"><strong><span style=\"color: #0000ff;\">Josef Herrmann<\/span><\/strong><\/a> (Kreuzwies) * 1925\/ + 1943<\/p>\n<p style=\"text-align: justify; padding-left: 60px;\"><a title=\"Alois Klauck\" href=\"http:\/\/unser-niedersaubach.de\/?page_id=2638\"><strong><span style=\"color: #0000ff;\">Alois Klauck<\/span><\/strong><\/a> (Jagersch, stammt aus Aschbach) * 1906\/ + 1943<\/p>\n<p style=\"text-align: justify; padding-left: 60px;\"><a title=\"Reinhold Kronenberger\" href=\"http:\/\/unser-niedersaubach.de\/?page_id=2641\"><strong><span style=\"color: #0000ff;\">Reinhold Kronenberger<\/span><\/strong><\/a> (Hachen, eing., stammt aus Altenkessel) * 1914\/ + 1945<\/p>\n<p style=\"text-align: justify; padding-left: 60px;\"><a title=\"Johann Neu\" href=\"http:\/\/unser-niedersaubach.de\/?page_id=2643\"><strong><span style=\"color: #0000ff;\">Johann Neu<\/span><\/strong><\/a> (Rauen, eingeheiratet, stammt aus Falscheid) * 1908\/ 1943<\/p>\n<p style=\"text-align: justify; padding-left: 60px;\"><a title=\"Paul Riehm\" href=\"http:\/\/unser-niedersaubach.de\/?page_id=2645\"><strong><span style=\"color: #0000ff;\">Paul Riehm<\/span><\/strong><\/a> (Schommersch) * 1921\/ + 1943<\/p>\n<p style=\"text-align: justify; padding-left: 60px;\"><a title=\"Johann Sch\u00e4fer\" href=\"http:\/\/unser-niedersaubach.de\/?page_id=2647\"><strong><span style=\"color: #0000ff;\">Johann Sch\u00e4fer<\/span><\/strong><\/a> (Kl\u00e4sen) * 1920\/ + 1941<\/p>\n<p style=\"text-align: justify; padding-left: 60px;\"><a title=\"Joseph Sch\u00e4fer\" href=\"http:\/\/unser-niedersaubach.de\/?page_id=2649\"><strong><span style=\"color: #0000ff;\">Joseph Sch\u00e4fer<\/span><\/strong><\/a> (stammt aus Lebach) * 1912\/ + 1944<\/p>\n<p style=\"text-align: justify; padding-left: 60px;\"><a title=\"Eduard Schmidt\" href=\"http:\/\/unser-niedersaubach.de\/?page_id=2655\"><strong><span style=\"color: #0000ff;\">Eduard Schmidt<\/span><\/strong><\/a><span style=\"color: #000000;\"> (Holdter, Bruder von Wilhelm Schmidt)<\/span> * 1908\/ + 1944<\/p>\n<p style=\"text-align: justify; padding-left: 60px;\"><strong><span style=\"color: #0000ff;\"><a title=\"Leo Schmidt\" href=\"http:\/\/unser-niedersaubach.de\/?page_id=2657\"><span style=\"color: #0000ff;\">Leo Schmidt<\/span><\/a> <\/span><\/strong><span style=\"color: #0000ff;\"><span style=\"color: #000000;\">(Molersch) * 1922\/ + 1943 <\/span><\/span><\/p>\n<p style=\"text-align: justify; padding-left: 60px;\"><a title=\"Nikolaus Schmidt\" href=\"http:\/\/unser-niedersaubach.de\/?page_id=2660\"><strong><span style=\"color: #0000ff;\">Nikolaus Schmidt <\/span><\/strong><\/a>(Bejtzer, Bietzer) * 1915\/ + 1944<\/p>\n<p style=\"text-align: justify; padding-left: 60px;\"><a title=\"Wilhelm Schmidt\" href=\"http:\/\/unser-niedersaubach.de\/?page_id=2662\"><strong><span style=\"color: #0000ff;\">Wilhelm Schmidt<\/span><\/strong><\/a> (Holdter, Bruder von Eduard Schmidt) * 1917\/ + 1942<\/p>\n<p style=\"text-align: justify; padding-left: 60px;\"><strong><a title=\"Josef Simonis\" href=\"http:\/\/unser-niedersaubach.de\/?page_id=2664\"><span style=\"color: #0000ff;\">Josef Simonis<\/span><\/a><\/strong> (Jagersch, eingeheiratet, stammt aus Wittlich) * 1914\/ + 1944<\/p>\n<p style=\"text-align: justify; padding-left: 60px;\"><a title=\"Alex Thewes\" href=\"http:\/\/unser-niedersaubach.de\/?page_id=2666\"><strong><span style=\"color: #0000ff;\">Alex Thewes<\/span><\/strong><\/a> (Schneidersch) * 1916\/ + 1941<\/p>\n<p style=\"text-align: justify; padding-left: 60px;\"><a title=\"Jakob Thewes\" href=\"http:\/\/unser-niedersaubach.de\/?page_id=2668\"><strong><span style=\"color: #0000ff;\">Jakob Thewes<\/span><\/strong><\/a> (Schmitz) * 1913\/ + 1944<\/p>\n<p style=\"text-align: justify; padding-left: 60px;\"><a title=\"Josef Wender\" href=\"http:\/\/unser-niedersaubach.de\/?page_id=2671\"><strong><span style=\"color: #0000ff;\">Josef Wender<\/span><\/strong><\/a> (stammt aus Saarbr\u00fccken) * 1908\/ + 1942<\/p>\n<p style=\"text-align: justify;\">______________________________________________________________________________________<\/p>\n","protected":false},"excerpt":{"rendered":"<p>F\u00fcr die Einzelschicksale habe ich nun Sonderseiten angelegt; man erreicht die Seiten, indem man die bl\u00e4ulich markierten Einzelseiten anklickt. Allerdings werden die Einzelseiten erst freigeschaltet, wenn die entsprechenden Informationen eingearbeitet sind. Dazu m\u00fcssen die Darstellungen Schritt f\u00fcr Schritt von mir &hellip; <a href=\"https:\/\/unser-niedersaubach.de\/?page_id=2593\">Weiterlesen <span class=\"meta-nav\">&rarr;<\/span><\/a><\/p>\n","protected":false},"author":2,"featured_media":0,"parent":2114,"menu_order":0,"comment_status":"closed","ping_status":"closed","template":"","meta":{"ngg_post_thumbnail":0,"footnotes":""},"class_list":["post-2593","page","type-page","status-publish","hentry"],"_links":{"self":[{"href":"https:\/\/unser-niedersaubach.de\/index.php?rest_route=\/wp\/v2\/pages\/2593","targetHints":{"allow":["GET"]}}],"collection":[{"href":"https:\/\/unser-niedersaubach.de\/index.php?rest_route=\/wp\/v2\/pages"}],"about":[{"href":"https:\/\/unser-niedersaubach.de\/index.php?rest_route=\/wp\/v2\/types\/page"}],"author":[{"embeddable":true,"href":"https:\/\/unser-niedersaubach.de\/index.php?rest_route=\/wp\/v2\/users\/2"}],"replies":[{"embeddable":true,"href":"https:\/\/unser-niedersaubach.de\/index.php?rest_route=%2Fwp%2Fv2%2Fcomments&post=2593"}],"version-history":[{"count":66,"href":"https:\/\/unser-niedersaubach.de\/index.php?rest_route=\/wp\/v2\/pages\/2593\/revisions"}],"predecessor-version":[{"id":7642,"href":"https:\/\/unser-niedersaubach.de\/index.php?rest_route=\/wp\/v2\/pages\/2593\/revisions\/7642"}],"up":[{"embeddable":true,"href":"https:\/\/unser-niedersaubach.de\/index.php?rest_route=\/wp\/v2\/pages\/2114"}],"wp:attachment":[{"href":"https:\/\/unser-niedersaubach.de\/index.php?rest_route=%2Fwp%2Fv2%2Fmedia&parent=2593"}],"curies":[{"name":"wp","href":"https:\/\/api.w.org\/{rel}","templated":true}]}}

<p style="text-align: justify;"><span style="color: #000000;">Für die Einzelschicksale habe ich nun Sonderseiten angelegt; man erreicht die Seiten, indem man die bläulich markierten Einzelseiten anklickt.</span></p>
<p style="text-align: justify;"><span style="color: #000000;">Allerdings werden die Einzelseiten erst freigeschaltet, wenn die entsprechenden Informationen eingearbeitet sind. Dazu müssen die Darstellungen Schritt für Schritt von mir aufgearbeitet werden, und das ist schon Fleißarbeit, die Zeit in Anspruch nimmt. Mein Ziel ist, die Arbeit bis zum Volkstrauertag 2012 &#8211; so weit mir die notwendigen Informationen überhaupt vorliegen &#8211; abgeschlossen zu haben.</span></p>
<p style="text-align: justify;"><span style="color: #000000;">Anbei die alphabetisch sortierte Liste der Einzelseiten für die individuellen Soldatenschicksale unseres Dorfes aus dem 2. Weltkrieg (die bläulich markierten Seiten öffnen sich)!</span></p>
<p style="text-align: justify;">Den höchsten Blutzoll im Dorf erbrachte die Familie des Dorfschullehrers Peter Adam im 2. Weltkrieg: 4 von 7 Söhnen kamen nicht mehr zurück.</p>
<div id="attachment_5753" style="width: 592px" class="wp-caption aligncenter"><img loading="lazy" decoding="async" aria-describedby="caption-attachment-5753" class=" wp-image-5753 " src="http://unser-niedersaubach.de/wp-content/uploads/2011/05/AdamBuben.jpg" alt="v.l.n.r.: Josef, Bernhard, Karl und Mattias Adam fielen im 2. Weltkrieg; Fotoarchiv: Peter Adam (Losheim)" width="582" height="250" srcset="https://unser-niedersaubach.de/wp-content/uploads/2011/05/AdamBuben.jpg 3852w, https://unser-niedersaubach.de/wp-content/uploads/2011/05/AdamBuben-300x128.jpg 300w, https://unser-niedersaubach.de/wp-content/uploads/2011/05/AdamBuben-1024x439.jpg 1024w" sizes="auto, (max-width: 582px) 100vw, 582px" /><p id="caption-attachment-5753" class="wp-caption-text">v.l.n.r.: Josef, Bernhard, Karl und Mattias Adam fielen im 2. Weltkrieg; Fotoarchiv: Peter Adam (Losheim)</p></div>
<p style="text-align: justify;"><span style="color: #000000;">Lothar Schmidt</span></p>
<p style="text-align: justify;">______________________________________________________________________________________</p>
<p style="text-align: justify; padding-left: 60px;"><a title="Bernhard Adam" href="http://unser-niedersaubach.de/?page_id=2598"><strong><span style="color: #0000ff;">Bernhard Adam</span></strong></a> (Sohn von Lehrer Adam) * 1911/ +1943</p>
<p style="text-align: justify; padding-left: 60px;"><a title="Josef Adam" href="http://unser-niedersaubach.de/?page_id=2602"><strong><span style="color: #0000ff;">Josef Adam</span></strong></a> (Sohn von Lehrer Adam) *1908/ + 1945</p>
<p style="text-align: justify; padding-left: 60px;"><a title="Karl Adam" href="http://unser-niedersaubach.de/?page_id=2604" target="_blank" rel="noopener"><strong><span style="color: #0000ff;">Karl Adam</span></strong></a> (Sohn von Lehrer Adam) * 1901/ + 1942</p>
<p style="text-align: justify; padding-left: 60px;"><a title="Matthias Adam" href="http://unser-niedersaubach.de/?page_id=2612"><strong><span style="color: #0000ff;">Matthias Adam</span></strong></a> (Sohn von Lehrer Adam) * 1906/ + 1945</p>
<p style="text-align: justify; padding-left: 60px;"><span style="color: #0000ff;"><strong><a title="Alois Britz" href="http://unser-niedersaubach.de/?page_id=2614"><span style="color: #0000ff;">Alois Britz</span></a> </strong></span><span style="color: #0000ff;"><span style="color: #000000;">(Schmitz) * 1924/ + 1943</span></span></p>
<p style="text-align: justify; padding-left: 60px;"><a title="Günther Engel" href="http://unser-niedersaubach.de/?page_id=2618"><strong><span style="color: #0000ff;">Günter Engel</span></strong></a> (Millersch) * 1927/ + 1945</p>
<p style="text-align: justify; padding-left: 60px;"><strong><a title="Alois Feld" href="http://unser-niedersaubach.de/?page_id=2620"><span style="color: #0000ff;">Alois Feld</span></a></strong> (Diwer, eingeheiratet, stammt aus Piesbach) * 1910/ + 1944</p>
<p style="text-align: justify; padding-left: 60px;"><span style="color: #0000ff;"><strong><a title="Karl Geber" href="http://unser-niedersaubach.de/?page_id=2623"><span style="color: #0000ff;">Karl Geber</span></a> </strong></span><span style="color: #0000ff;"><span style="color: #000000;">(Schmitz, eingeheiratet, stammt aus Püttlingen) * 1910/ + 1945</span></span></p>
<p style="text-align: justify; padding-left: 60px;"><a title="Franz Hassel" href="http://unser-niedersaubach.de/?page_id=2625"><strong><span style="color: #0000ff;">Franz Hassel</span></strong></a> (Borren, Bruder von Johann Hassel) * 1912/ + 1944</p>
<p style="text-align: justify; padding-left: 60px;"><span style="color: #0000ff;"><a title="Johann Hassel" href="http://unser-niedersaubach.de/?page_id=2630"><span style="color: #0000ff;"><strong>Johann Hassel</strong></span></a></span> (Borren, Bruder von Franz Hassel) * 1907/ + 1945</p>
<p style="text-align: justify; padding-left: 60px;"><strong><a title="Bernhard Heinrich" href="http://unser-niedersaubach.de/?page_id=2627"><span style="color: #0000ff;">Bernhard Heinrich</span></a></strong> (Homes, Bruder von Josef Heinrich) * 1922/ + 1943</p>
<p style="text-align: justify; padding-left: 60px;"><a href="http://unser-niedersaubach.de/?page_id=2632"><strong><span style="color: #0000ff;">Josef Heinrich</span></strong></a> (Homes, Bruder von Bernhard Heinrich) * 1925/ + 1944</p>
<p style="text-align: justify; padding-left: 60px;"><a title="Josef Herrmann" href="http://unser-niedersaubach.de/?page_id=2634"><strong><span style="color: #0000ff;">Josef Herrmann</span></strong></a> (Kreuzwies) * 1925/ + 1943</p>
<p style="text-align: justify; padding-left: 60px;"><a title="Alois Klauck" href="http://unser-niedersaubach.de/?page_id=2638"><strong><span style="color: #0000ff;">Alois Klauck</span></strong></a> (Jagersch, stammt aus Aschbach) * 1906/ + 1943</p>
<p style="text-align: justify; padding-left: 60px;"><a title="Reinhold Kronenberger" href="http://unser-niedersaubach.de/?page_id=2641"><strong><span style="color: #0000ff;">Reinhold Kronenberger</span></strong></a> (Hachen, eing., stammt aus Altenkessel) * 1914/ + 1945</p>
<p style="text-align: justify; padding-left: 60px;"><a title="Johann Neu" href="http://unser-niedersaubach.de/?page_id=2643"><strong><span style="color: #0000ff;">Johann Neu</span></strong></a> (Rauen, eingeheiratet, stammt aus Falscheid) * 1908/ 1943</p>
<p style="text-align: justify; padding-left: 60px;"><a title="Paul Riehm" href="http://unser-niedersaubach.de/?page_id=2645"><strong><span style="color: #0000ff;">Paul Riehm</span></strong></a> (Schommersch) * 1921/ + 1943</p>
<p style="text-align: justify; padding-left: 60px;"><a title="Johann Schäfer" href="http://unser-niedersaubach.de/?page_id=2647"><strong><span style="color: #0000ff;">Johann Schäfer</span></strong></a> (Kläsen) * 1920/ + 1941</p>
<p style="text-align: justify; padding-left: 60px;"><a title="Joseph Schäfer" href="http://unser-niedersaubach.de/?page_id=2649"><strong><span style="color: #0000ff;">Joseph Schäfer</span></strong></a> (stammt aus Lebach) * 1912/ + 1944</p>
<p style="text-align: justify; padding-left: 60px;"><a title="Eduard Schmidt" href="http://unser-niedersaubach.de/?page_id=2655"><strong><span style="color: #0000ff;">Eduard Schmidt</span></strong></a><span style="color: #000000;"> (Holdter, Bruder von Wilhelm Schmidt)</span> * 1908/ + 1944</p>
<p style="text-align: justify; padding-left: 60px;"><strong><span style="color: #0000ff;"><a title="Leo Schmidt" href="http://unser-niedersaubach.de/?page_id=2657"><span style="color: #0000ff;">Leo Schmidt</span></a> </span></strong><span style="color: #0000ff;"><span style="color: #000000;">(Molersch) * 1922/ + 1943 </span></span></p>
<p style="text-align: justify; padding-left: 60px;"><a title="Nikolaus Schmidt" href="http://unser-niedersaubach.de/?page_id=2660"><strong><span style="color: #0000ff;">Nikolaus Schmidt </span></strong></a>(Bejtzer, Bietzer) * 1915/ + 1944</p>
<p style="text-align: justify; padding-left: 60px;"><a title="Wilhelm Schmidt" href="http://unser-niedersaubach.de/?page_id=2662"><strong><span style="color: #0000ff;">Wilhelm Schmidt</span></strong></a> (Holdter, Bruder von Eduard Schmidt) * 1917/ + 1942</p>
<p style="text-align: justify; padding-left: 60px;"><strong><a title="Josef Simonis" href="http://unser-niedersaubach.de/?page_id=2664"><span style="color: #0000ff;">Josef Simonis</span></a></strong> (Jagersch, eingeheiratet, stammt aus Wittlich) * 1914/ + 1944</p>
<p style="text-align: justify; padding-left: 60px;"><a title="Alex Thewes" href="http://unser-niedersaubach.de/?page_id=2666"><strong><span style="color: #0000ff;">Alex Thewes</span></strong></a> (Schneidersch) * 1916/ + 1941</p>
<p style="text-align: justify; padding-left: 60px;"><a title="Jakob Thewes" href="http://unser-niedersaubach.de/?page_id=2668"><strong><span style="color: #0000ff;">Jakob Thewes</span></strong></a> (Schmitz) * 1913/ + 1944</p>
<p style="text-align: justify; padding-left: 60px;"><a title="Josef Wender" href="http://unser-niedersaubach.de/?page_id=2671"><strong><span style="color: #0000ff;">Josef Wender</span></strong></a> (stammt aus Saarbrücken) * 1908/ + 1942</p>
<p style="text-align: justify;">______________________________________________________________________________________</p>

<p>Für die Einzelschicksale habe ich nun Sonderseiten angelegt; man erreicht die Seiten, indem man die bläulich markierten Einzelseiten anklickt. Allerdings werden die Einzelseiten erst freigeschaltet, wenn die entsprechenden Informationen eingearbeitet sind. Dazu müssen die Darstellungen Schritt für Schritt von mir &hellip; <a href="https://unser-niedersaubach.de/?page_id=2593">Weiterlesen <span class="meta-nav">&rarr;</span></a></p>
