{"id":2614,"date":"2011-05-17T15:19:18","date_gmt":"2011-05-17T14:19:18","guid":{"rendered":"http:\/\/unser-niedersaubach.de\/?page_id=2614"},"modified":"2018-05-21T15:40:15","modified_gmt":"2018-05-21T14:40:15","slug":"alois-britz","status":"publish","type":"page","link":"https:\/\/unser-niedersaubach.de\/?page_id=2614","title":{"rendered":"Alois Britz"},"content":{"rendered":"<p style=\"text-align: justify;\">Alois Hermangila Britz stammte aus dem Haus Schmitz (Oberdorf). Laut Storb (Eintrag Nr. 497) war er am\u00a012.04.1924 geboren worden; er fiel am\u00a002.02.1943 in\u00a0Makaroff\/ Stalingrad.<\/p>\n<div id=\"attachment_3795\" style=\"width: 460px\" class=\"wp-caption aligncenter\"><img loading=\"lazy\" decoding=\"async\" aria-describedby=\"caption-attachment-3795\" class=\"size-full wp-image-3795\" title=\"Britz-Alois_Passbild_450\" src=\"http:\/\/unser-niedersaubach.de\/wp-content\/uploads\/2011\/05\/Britz-Alois_Passbild_450.jpg\" alt=\"\" width=\"450\" height=\"641\" srcset=\"https:\/\/unser-niedersaubach.de\/wp-content\/uploads\/2011\/05\/Britz-Alois_Passbild_450.jpg 450w, https:\/\/unser-niedersaubach.de\/wp-content\/uploads\/2011\/05\/Britz-Alois_Passbild_450-210x300.jpg 210w\" sizes=\"auto, (max-width: 450px) 100vw, 450px\" \/><p id=\"caption-attachment-3795\" class=\"wp-caption-text\">Alois Britz, Fotoarchiv: Martha Gross (Schmitz Martha)<\/p><\/div>\n<p style=\"text-align: justify;\">Alois Britz war ein Bruder des uns noch gut bekannten Schmitz Jakob (Jakob Britz); seine Eltern waren\u00a0 Nikolaus Britz, Bergmann (* 1882\/ + 1930), und Katharina Schmidt (* 1889\/ + 1968).<\/p>\n<div id=\"attachment_3796\" style=\"width: 460px\" class=\"wp-caption aligncenter\"><img loading=\"lazy\" decoding=\"async\" aria-describedby=\"caption-attachment-3796\" class=\"size-full wp-image-3796\" title=\"Familie-Britz_450\" src=\"http:\/\/unser-niedersaubach.de\/wp-content\/uploads\/2011\/05\/Familie-Britz_450.jpg\" alt=\"\" width=\"450\" height=\"316\" srcset=\"https:\/\/unser-niedersaubach.de\/wp-content\/uploads\/2011\/05\/Familie-Britz_450.jpg 450w, https:\/\/unser-niedersaubach.de\/wp-content\/uploads\/2011\/05\/Familie-Britz_450-300x210.jpg 300w\" sizes=\"auto, (max-width: 450px) 100vw, 450px\" \/><p id=\"caption-attachment-3796\" class=\"wp-caption-text\">Familie Britz (in der Lach) v.l.n.r.: Jakob, Martha, Maria, Theo, Adelheid, Hildegard und Alois, sitzend: Mutter Katharina (Vater Nikolaus war bereits 1930 verstorben); Fotoarchiv: Martha Grohs (Schmitz)<\/p><\/div>\n<p style=\"text-align: justify;\">Alois Britz war vor Einberufung zur Wehrmacht laut Lebacher Familienbuch H\u00fcttenarbeiter. Es war ledig (er war, als er fiel, 19). Seine Schwester Martha Grohs erz\u00e4hlt uns, ihr Bruder Alois sei 1942 zun\u00e4chst im <a title=\"Reichsarbeitsdienst, Quelle: Wikipedia\" href=\"http:\/\/de.wikipedia.org\/wiki\/Reichsarbeitsdienst\" target=\"_blank\" rel=\"noopener\"><strong><span style=\"color: #0000ff;\">Reichsarbeitsdienst<\/span><\/strong><\/a> (RAD) gewesen. Weil seine RAD-Einheit sich nicht freiwillig zur <a title=\"SS, Quelle: Wikipedia\" href=\"http:\/\/de.wikipedia.org\/wiki\/Schutzstaffel\" target=\"_blank\" rel=\"noopener\"><strong><span style=\"color: #0000ff;\">SS<\/span><\/strong><\/a> gemeldet habe, seien er und seine Kameraden geschlossen an die Ostfront zur Wehrmacht versetzt worden. Schlecht ausgebildet habe man dort nicht lange \u00fcberlebt. Die Heimat habe er nicht mehr wiedergesehen.<\/p>\n<div id=\"attachment_3649\" style=\"width: 460px\" class=\"wp-caption aligncenter\"><img loading=\"lazy\" decoding=\"async\" aria-describedby=\"caption-attachment-3649\" class=\"size-full wp-image-3649\" title=\"Alois-Britz_WASt-100503\" src=\"http:\/\/unser-niedersaubach.de\/wp-content\/uploads\/2011\/05\/Alois-Britz_WASt-1005031.jpg\" alt=\"\" width=\"450\" height=\"92\" srcset=\"https:\/\/unser-niedersaubach.de\/wp-content\/uploads\/2011\/05\/Alois-Britz_WASt-1005031.jpg 450w, https:\/\/unser-niedersaubach.de\/wp-content\/uploads\/2011\/05\/Alois-Britz_WASt-1005031-300x61.jpg 300w\" sizes=\"auto, (max-width: 450px) 100vw, 450px\" \/><p id=\"caption-attachment-3649\" class=\"wp-caption-text\">Schreiben der WASt vom 3. Mai 2010 zu Alois Britz<\/p><\/div>\n<p style=\"text-align: justify;\">Er diente als Grenadier<a title=\"GR 620; Quelle: Lexikon der Wehrmacht\" href=\"http:\/\/www.lexikon-der-wehrmacht.de\/Gliederungen\/Grenadieregimenter\/GR620.htm\" target=\"_blank\" rel=\"noopener\"><strong><span style=\"color: #0000ff;\"> in der 7. Kompanie des Grenadierregimentes 620<\/span><\/strong> <\/a>(erkl\u00e4rt die WASt in ihrem Schreiben vom 3. Mai 2010). Die WASt best\u00e4tigt am 3. Mai 2010 auch den Zeitpunkt des Todes und konkretisiert die Ortsangabe bei Gerhard Storb: Makaroff, Yas, Donez. Er starb durch ein Artilleriegeschoss, das ihn am Kopf traf.<\/p>\n<div id=\"attachment_3798\" style=\"width: 460px\" class=\"wp-caption aligncenter\"><img loading=\"lazy\" decoding=\"async\" aria-describedby=\"caption-attachment-3798\" class=\"size-full wp-image-3798\" title=\"Britz-Alois_Totenbildchen_450\" src=\"http:\/\/unser-niedersaubach.de\/wp-content\/uploads\/2011\/05\/Britz-Alois_Totenbildchen_450.jpg\" alt=\"\" width=\"450\" height=\"380\" srcset=\"https:\/\/unser-niedersaubach.de\/wp-content\/uploads\/2011\/05\/Britz-Alois_Totenbildchen_450.jpg 450w, https:\/\/unser-niedersaubach.de\/wp-content\/uploads\/2011\/05\/Britz-Alois_Totenbildchen_450-300x253.jpg 300w\" sizes=\"auto, (max-width: 450px) 100vw, 450px\" \/><p id=\"caption-attachment-3798\" class=\"wp-caption-text\">Totenbildchen von Alois Britz; Archiv: Martha Gross (Schmitz Martha)<\/p><\/div>\n<p style=\"text-align: justify;\">Das Grenadierregiment 620 war bis zum 19. Februar 1943 der 382. Infanterie-Feldausbildungsdivision unterstellt. An diesem Tag wurde das Regiment aufgel\u00f6st (Quelle: Lexikon der Wehrmacht).<\/p>\n<p style=\"text-align: justify;\">Als Alois Britz am 2. Februar 1943 starb, kapitulierte <a title=\"Kessel von Stalingrad; Quelle: Wikipedia\" href=\"http:\/\/de.wikipedia.org\/wiki\/Schlacht_bei_Stalingrad\" target=\"_blank\" rel=\"noopener\"><strong><span style=\"color: #0000ff;\">die 6. deutsche Armee im Kessel von Stalingrad<\/span><\/strong><\/a>.<\/p>\n<p style=\"text-align: justify;\">Das Donezgebiet liegt etwa 400 km westlich von Stalingrad. Hier wird sich nach dem Tod von Alois Britz zwischen 17. Juli und 2. August 1943 <strong><span style=\"color: #0000ff;\"><a title=\"Donez-Mius-Offensive\" href=\"http:\/\/de.wikipedia.org\/wiki\/Donez-Mius-Offensive\" target=\"_blank\" rel=\"noopener\"><span style=\"color: #0000ff;\">eine heftige sowjetische Offensive<\/span><\/a><\/span><\/strong> entwickeln, die zun\u00e4chst von der deutschen Heeresgruppe &#8222;S\u00fcd&#8220; zur\u00fcckgeschlagen werden kann. Das Donezbecken war als Kohlerevier von gro\u00dfer energiewirtschaftlicher Bedeutung f\u00fcr die gegnerischen Kriegsparteien.<\/p>\n<div id=\"attachment_3651\" style=\"width: 460px\" class=\"wp-caption aligncenter\"><a title=\"Donez\" href=\"http:\/\/de.wikipedia.org\/w\/index.php?title=Datei:Donrivermap.png&amp;filetimestamp=20060918231509\" target=\"_blank\" rel=\"noopener\"><img loading=\"lazy\" decoding=\"async\" aria-describedby=\"caption-attachment-3651\" class=\"size-full wp-image-3651\" title=\"Donez\" src=\"http:\/\/unser-niedersaubach.de\/wp-content\/uploads\/2011\/05\/Donez.jpg\" alt=\"\" width=\"450\" height=\"453\" srcset=\"https:\/\/unser-niedersaubach.de\/wp-content\/uploads\/2011\/05\/Donez.jpg 450w, https:\/\/unser-niedersaubach.de\/wp-content\/uploads\/2011\/05\/Donez-150x150.jpg 150w, https:\/\/unser-niedersaubach.de\/wp-content\/uploads\/2011\/05\/Donez-298x300.jpg 298w\" sizes=\"auto, (max-width: 450px) 100vw, 450px\" \/><\/a><p id=\"caption-attachment-3651\" class=\"wp-caption-text\">Donezgebiet in der Ostukraine n\u00f6rdlich des Asowschen Meeres (des nord\u00f6stlichen Teiles des Schwarzen Meeres); Karte: gemeinfrei laut Wikipedia<\/p><\/div>\n<p style=\"text-align: justify;\">Weder Makaroff noch Yas konnte ich auf ukrainischen Karten finden.<\/p>\n<div id=\"attachment_3656\" style=\"width: 460px\" class=\"wp-caption aligncenter\"><a title=\"Donez-Mius-Offensive\" href=\"http:\/\/de.wikipedia.org\/w\/index.php?title=Datei:Karte_-_Offensivplanungen_der_S%C3%BCd-_und_S%C3%BCdwestfront_1943.png&amp;filetimestamp=20101027191759\" target=\"_blank\" rel=\"noopener\"><img loading=\"lazy\" decoding=\"async\" aria-describedby=\"caption-attachment-3656\" class=\"size-full wp-image-3656\" title=\"Donez-Mius-Offensive\" src=\"http:\/\/unser-niedersaubach.de\/wp-content\/uploads\/2011\/05\/Donez-Mius-Offensive.jpg\" alt=\"\" width=\"450\" height=\"578\" srcset=\"https:\/\/unser-niedersaubach.de\/wp-content\/uploads\/2011\/05\/Donez-Mius-Offensive.jpg 450w, https:\/\/unser-niedersaubach.de\/wp-content\/uploads\/2011\/05\/Donez-Mius-Offensive-233x300.jpg 233w\" sizes=\"auto, (max-width: 450px) 100vw, 450px\" \/><\/a><p id=\"caption-attachment-3656\" class=\"wp-caption-text\">Donez-Mius-Offensive; Karte: gemeinfrei laut Wikipedia<\/p><\/div>\n<p style=\"text-align: justify;\">Das will aber nichts hei\u00dfen, weil es damals Transkriptionen von kyrillischen Namen ins Deutsche gab, die so nicht mehr leicht zur\u00fcckgef\u00fchrt werden k\u00f6nnen. Wir werden uns noch um einen russischsprachigen Fachmann bem\u00fchen, der die R\u00fcckf\u00fchrung der Ortsnamen vornehmen kann.<\/p>\n<p style=\"text-align: justify;\">Seine Grablage kennt weder der Volksbund noch die WASt.<\/p>\n<p style=\"text-align: right;\"><em>Stand der Angaben: November 2011<\/em><\/p>\n<p style=\"text-align: justify;\">\n","protected":false},"excerpt":{"rendered":"<p>Alois Hermangila Britz stammte aus dem Haus Schmitz (Oberdorf). Laut Storb (Eintrag Nr. 497) war er am\u00a012.04.1924 geboren worden; er fiel am\u00a002.02.1943 in\u00a0Makaroff\/ Stalingrad. Alois Britz war ein Bruder des uns noch gut bekannten Schmitz Jakob (Jakob Britz); seine Eltern &hellip; <a href=\"https:\/\/unser-niedersaubach.de\/?page_id=2614\">Weiterlesen <span class=\"meta-nav\">&rarr;<\/span><\/a><\/p>\n","protected":false},"author":2,"featured_media":0,"parent":2593,"menu_order":5,"comment_status":"closed","ping_status":"closed","template":"","meta":{"ngg_post_thumbnail":0,"footnotes":""},"class_list":["post-2614","page","type-page","status-publish","hentry"],"_links":{"self":[{"href":"https:\/\/unser-niedersaubach.de\/index.php?rest_route=\/wp\/v2\/pages\/2614","targetHints":{"allow":["GET"]}}],"collection":[{"href":"https:\/\/unser-niedersaubach.de\/index.php?rest_route=\/wp\/v2\/pages"}],"about":[{"href":"https:\/\/unser-niedersaubach.de\/index.php?rest_route=\/wp\/v2\/types\/page"}],"author":[{"embeddable":true,"href":"https:\/\/unser-niedersaubach.de\/index.php?rest_route=\/wp\/v2\/users\/2"}],"replies":[{"embeddable":true,"href":"https:\/\/unser-niedersaubach.de\/index.php?rest_route=%2Fwp%2Fv2%2Fcomments&post=2614"}],"version-history":[{"count":24,"href":"https:\/\/unser-niedersaubach.de\/index.php?rest_route=\/wp\/v2\/pages\/2614\/revisions"}],"predecessor-version":[{"id":7646,"href":"https:\/\/unser-niedersaubach.de\/index.php?rest_route=\/wp\/v2\/pages\/2614\/revisions\/7646"}],"up":[{"embeddable":true,"href":"https:\/\/unser-niedersaubach.de\/index.php?rest_route=\/wp\/v2\/pages\/2593"}],"wp:attachment":[{"href":"https:\/\/unser-niedersaubach.de\/index.php?rest_route=%2Fwp%2Fv2%2Fmedia&parent=2614"}],"curies":[{"name":"wp","href":"https:\/\/api.w.org\/{rel}","templated":true}]}}

<p style="text-align: justify;">Alois Hermangila Britz stammte aus dem Haus Schmitz (Oberdorf). Laut Storb (Eintrag Nr. 497) war er am 12.04.1924 geboren worden; er fiel am 02.02.1943 in Makaroff/ Stalingrad.</p>
<div id="attachment_3795" style="width: 460px" class="wp-caption aligncenter"><img loading="lazy" decoding="async" aria-describedby="caption-attachment-3795" class="size-full wp-image-3795" title="Britz-Alois_Passbild_450" src="http://unser-niedersaubach.de/wp-content/uploads/2011/05/Britz-Alois_Passbild_450.jpg" alt="" width="450" height="641" srcset="https://unser-niedersaubach.de/wp-content/uploads/2011/05/Britz-Alois_Passbild_450.jpg 450w, https://unser-niedersaubach.de/wp-content/uploads/2011/05/Britz-Alois_Passbild_450-210x300.jpg 210w" sizes="auto, (max-width: 450px) 100vw, 450px" /><p id="caption-attachment-3795" class="wp-caption-text">Alois Britz, Fotoarchiv: Martha Gross (Schmitz Martha)</p></div>
<p style="text-align: justify;">Alois Britz war ein Bruder des uns noch gut bekannten Schmitz Jakob (Jakob Britz); seine Eltern waren  Nikolaus Britz, Bergmann (* 1882/ + 1930), und Katharina Schmidt (* 1889/ + 1968).</p>
<div id="attachment_3796" style="width: 460px" class="wp-caption aligncenter"><img loading="lazy" decoding="async" aria-describedby="caption-attachment-3796" class="size-full wp-image-3796" title="Familie-Britz_450" src="http://unser-niedersaubach.de/wp-content/uploads/2011/05/Familie-Britz_450.jpg" alt="" width="450" height="316" srcset="https://unser-niedersaubach.de/wp-content/uploads/2011/05/Familie-Britz_450.jpg 450w, https://unser-niedersaubach.de/wp-content/uploads/2011/05/Familie-Britz_450-300x210.jpg 300w" sizes="auto, (max-width: 450px) 100vw, 450px" /><p id="caption-attachment-3796" class="wp-caption-text">Familie Britz (in der Lach) v.l.n.r.: Jakob, Martha, Maria, Theo, Adelheid, Hildegard und Alois, sitzend: Mutter Katharina (Vater Nikolaus war bereits 1930 verstorben); Fotoarchiv: Martha Grohs (Schmitz)</p></div>
<p style="text-align: justify;">Alois Britz war vor Einberufung zur Wehrmacht laut Lebacher Familienbuch Hüttenarbeiter. Es war ledig (er war, als er fiel, 19). Seine Schwester Martha Grohs erzählt uns, ihr Bruder Alois sei 1942 zunächst im <a title="Reichsarbeitsdienst, Quelle: Wikipedia" href="http://de.wikipedia.org/wiki/Reichsarbeitsdienst" target="_blank" rel="noopener"><strong><span style="color: #0000ff;">Reichsarbeitsdienst</span></strong></a> (RAD) gewesen. Weil seine RAD-Einheit sich nicht freiwillig zur <a title="SS, Quelle: Wikipedia" href="http://de.wikipedia.org/wiki/Schutzstaffel" target="_blank" rel="noopener"><strong><span style="color: #0000ff;">SS</span></strong></a> gemeldet habe, seien er und seine Kameraden geschlossen an die Ostfront zur Wehrmacht versetzt worden. Schlecht ausgebildet habe man dort nicht lange überlebt. Die Heimat habe er nicht mehr wiedergesehen.</p>
<div id="attachment_3649" style="width: 460px" class="wp-caption aligncenter"><img loading="lazy" decoding="async" aria-describedby="caption-attachment-3649" class="size-full wp-image-3649" title="Alois-Britz_WASt-100503" src="http://unser-niedersaubach.de/wp-content/uploads/2011/05/Alois-Britz_WASt-1005031.jpg" alt="" width="450" height="92" srcset="https://unser-niedersaubach.de/wp-content/uploads/2011/05/Alois-Britz_WASt-1005031.jpg 450w, https://unser-niedersaubach.de/wp-content/uploads/2011/05/Alois-Britz_WASt-1005031-300x61.jpg 300w" sizes="auto, (max-width: 450px) 100vw, 450px" /><p id="caption-attachment-3649" class="wp-caption-text">Schreiben der WASt vom 3. Mai 2010 zu Alois Britz</p></div>
<p style="text-align: justify;">Er diente als Grenadier<a title="GR 620; Quelle: Lexikon der Wehrmacht" href="http://www.lexikon-der-wehrmacht.de/Gliederungen/Grenadieregimenter/GR620.htm" target="_blank" rel="noopener"><strong><span style="color: #0000ff;"> in der 7. Kompanie des Grenadierregimentes 620</span></strong> </a>(erklärt die WASt in ihrem Schreiben vom 3. Mai 2010). Die WASt bestätigt am 3. Mai 2010 auch den Zeitpunkt des Todes und konkretisiert die Ortsangabe bei Gerhard Storb: Makaroff, Yas, Donez. Er starb durch ein Artilleriegeschoss, das ihn am Kopf traf.</p>
<div id="attachment_3798" style="width: 460px" class="wp-caption aligncenter"><img loading="lazy" decoding="async" aria-describedby="caption-attachment-3798" class="size-full wp-image-3798" title="Britz-Alois_Totenbildchen_450" src="http://unser-niedersaubach.de/wp-content/uploads/2011/05/Britz-Alois_Totenbildchen_450.jpg" alt="" width="450" height="380" srcset="https://unser-niedersaubach.de/wp-content/uploads/2011/05/Britz-Alois_Totenbildchen_450.jpg 450w, https://unser-niedersaubach.de/wp-content/uploads/2011/05/Britz-Alois_Totenbildchen_450-300x253.jpg 300w" sizes="auto, (max-width: 450px) 100vw, 450px" /><p id="caption-attachment-3798" class="wp-caption-text">Totenbildchen von Alois Britz; Archiv: Martha Gross (Schmitz Martha)</p></div>
<p style="text-align: justify;">Das Grenadierregiment 620 war bis zum 19. Februar 1943 der 382. Infanterie-Feldausbildungsdivision unterstellt. An diesem Tag wurde das Regiment aufgelöst (Quelle: Lexikon der Wehrmacht).</p>
<p style="text-align: justify;">Als Alois Britz am 2. Februar 1943 starb, kapitulierte <a title="Kessel von Stalingrad; Quelle: Wikipedia" href="http://de.wikipedia.org/wiki/Schlacht_bei_Stalingrad" target="_blank" rel="noopener"><strong><span style="color: #0000ff;">die 6. deutsche Armee im Kessel von Stalingrad</span></strong></a>.</p>
<p style="text-align: justify;">Das Donezgebiet liegt etwa 400 km westlich von Stalingrad. Hier wird sich nach dem Tod von Alois Britz zwischen 17. Juli und 2. August 1943 <strong><span style="color: #0000ff;"><a title="Donez-Mius-Offensive" href="http://de.wikipedia.org/wiki/Donez-Mius-Offensive" target="_blank" rel="noopener"><span style="color: #0000ff;">eine heftige sowjetische Offensive</span></a></span></strong> entwickeln, die zunächst von der deutschen Heeresgruppe &#8222;Süd&#8220; zurückgeschlagen werden kann. Das Donezbecken war als Kohlerevier von großer energiewirtschaftlicher Bedeutung für die gegnerischen Kriegsparteien.</p>
<div id="attachment_3651" style="width: 460px" class="wp-caption aligncenter"><a title="Donez" href="http://de.wikipedia.org/w/index.php?title=Datei:Donrivermap.png&amp;filetimestamp=20060918231509" target="_blank" rel="noopener"><img loading="lazy" decoding="async" aria-describedby="caption-attachment-3651" class="size-full wp-image-3651" title="Donez" src="http://unser-niedersaubach.de/wp-content/uploads/2011/05/Donez.jpg" alt="" width="450" height="453" srcset="https://unser-niedersaubach.de/wp-content/uploads/2011/05/Donez.jpg 450w, https://unser-niedersaubach.de/wp-content/uploads/2011/05/Donez-150x150.jpg 150w, https://unser-niedersaubach.de/wp-content/uploads/2011/05/Donez-298x300.jpg 298w" sizes="auto, (max-width: 450px) 100vw, 450px" /></a><p id="caption-attachment-3651" class="wp-caption-text">Donezgebiet in der Ostukraine nördlich des Asowschen Meeres (des nordöstlichen Teiles des Schwarzen Meeres); Karte: gemeinfrei laut Wikipedia</p></div>
<p style="text-align: justify;">Weder Makaroff noch Yas konnte ich auf ukrainischen Karten finden.</p>
<div id="attachment_3656" style="width: 460px" class="wp-caption aligncenter"><a title="Donez-Mius-Offensive" href="http://de.wikipedia.org/w/index.php?title=Datei:Karte_-_Offensivplanungen_der_S%C3%BCd-_und_S%C3%BCdwestfront_1943.png&amp;filetimestamp=20101027191759" target="_blank" rel="noopener"><img loading="lazy" decoding="async" aria-describedby="caption-attachment-3656" class="size-full wp-image-3656" title="Donez-Mius-Offensive" src="http://unser-niedersaubach.de/wp-content/uploads/2011/05/Donez-Mius-Offensive.jpg" alt="" width="450" height="578" srcset="https://unser-niedersaubach.de/wp-content/uploads/2011/05/Donez-Mius-Offensive.jpg 450w, https://unser-niedersaubach.de/wp-content/uploads/2011/05/Donez-Mius-Offensive-233x300.jpg 233w" sizes="auto, (max-width: 450px) 100vw, 450px" /></a><p id="caption-attachment-3656" class="wp-caption-text">Donez-Mius-Offensive; Karte: gemeinfrei laut Wikipedia</p></div>
<p style="text-align: justify;">Das will aber nichts heißen, weil es damals Transkriptionen von kyrillischen Namen ins Deutsche gab, die so nicht mehr leicht zurückgeführt werden können. Wir werden uns noch um einen russischsprachigen Fachmann bemühen, der die Rückführung der Ortsnamen vornehmen kann.</p>
<p style="text-align: justify;">Seine Grablage kennt weder der Volksbund noch die WASt.</p>
<p style="text-align: right;"><em>Stand der Angaben: November 2011</em></p>
<p style="text-align: justify;">
