{"id":2623,"date":"2011-05-17T15:24:04","date_gmt":"2011-05-17T14:24:04","guid":{"rendered":"http:\/\/unser-niedersaubach.de\/?page_id=2623"},"modified":"2018-05-21T15:43:06","modified_gmt":"2018-05-21T14:43:06","slug":"karl-geber","status":"publish","type":"page","link":"https:\/\/unser-niedersaubach.de\/?page_id=2623","title":{"rendered":"Karl Geber"},"content":{"rendered":"<p style=\"text-align: justify;\"><span style=\"color: #000000;\">Karl Geber ist kein geb\u00fcrtiger Saubacher. Er wurde am 24.01.1910<\/span> in P\u00fcttlingen geboren. Am 6. Juli 1942 heiratete er Hildegard Britz aus dem Haus Schmitz in der vorderen Lach (Hildegard Geber ist eine\u00a0 Schwester von <a href=\"http:\/\/unser-niedersaubach.de\/?page_id=2614\"><strong><span style=\"color: #0000ff;\">Alois Britz<\/span><\/strong><\/a>).<\/p>\n<div id=\"attachment_3632\" style=\"width: 460px\" class=\"wp-caption aligncenter\"><img loading=\"lazy\" decoding=\"async\" aria-describedby=\"caption-attachment-3632\" class=\"size-full wp-image-3632 \" title=\"Hildegard-Geber_1943_450\" src=\"http:\/\/unser-niedersaubach.de\/wp-content\/uploads\/2011\/05\/Hildegard-Geber_1943_450.jpg\" alt=\"\" width=\"450\" height=\"305\" srcset=\"https:\/\/unser-niedersaubach.de\/wp-content\/uploads\/2011\/05\/Hildegard-Geber_1943_450.jpg 450w, https:\/\/unser-niedersaubach.de\/wp-content\/uploads\/2011\/05\/Hildegard-Geber_1943_450-300x203.jpg 300w\" sizes=\"auto, (max-width: 450px) 100vw, 450px\" \/><p id=\"caption-attachment-3632\" class=\"wp-caption-text\">Karl Geber 1943 auf Heimaturlaub mit Frau Hildegard und Sohn Alfred; Fotoarchiv: Jakob Britz (Schmitz)<\/p><\/div>\n<p style=\"text-align: justify;\"><span style=\"color: #000000;\">Von Beruf war Karl Geber Bergmann. Gefallen soll er sein &#8211; wie Hildegard Geber berichtet &#8211; Anfang Januar 1945. Er sei als Bergmann, der in einem &#8222;kriegswichtigen Betrieb&#8220; (eben einem saarl\u00e4ndischen Bergwerk) gearbeitet habe, erst sp\u00e4t im Jahr &#8217;44 eingezogen worden.<\/span><\/p>\n<div id=\"attachment_3801\" style=\"width: 460px\" class=\"wp-caption aligncenter\"><img loading=\"lazy\" decoding=\"async\" aria-describedby=\"caption-attachment-3801\" class=\"size-full wp-image-3801\" title=\"Geber-Karl_450\" src=\"http:\/\/unser-niedersaubach.de\/wp-content\/uploads\/2011\/05\/Geber-Karl_450.jpg\" alt=\"\" width=\"450\" height=\"599\" srcset=\"https:\/\/unser-niedersaubach.de\/wp-content\/uploads\/2011\/05\/Geber-Karl_450.jpg 450w, https:\/\/unser-niedersaubach.de\/wp-content\/uploads\/2011\/05\/Geber-Karl_450-225x300.jpg 225w\" sizes=\"auto, (max-width: 450px) 100vw, 450px\" \/><p id=\"caption-attachment-3801\" class=\"wp-caption-text\">Karl Geber; Fotoarchiv: Martha Gross (Schmitz Martha)<\/p><\/div>\n<p style=\"text-align: justify;\">Die WASt schreibt am 3. Mai 2010, letztmalig habe sich Obergefreiter Karl Geber am 2. September 1944 als Soldat des Pionierersatz- und Pionierausbildungsbataillons 34 gemeldet. Eine offizielle Todes- oder Vermisstenmeldung liege nicht vor.<\/p>\n<p>Auch der Volksbund kennt keine Grablage von Karl Geber.<\/p>\n<div id=\"attachment_3660\" style=\"width: 460px\" class=\"wp-caption aligncenter\"><img loading=\"lazy\" decoding=\"async\" aria-describedby=\"caption-attachment-3660\" class=\"size-full wp-image-3660\" title=\"Karl-Geber_WASt-100503\" src=\"http:\/\/unser-niedersaubach.de\/wp-content\/uploads\/2011\/05\/Karl-Geber_WASt-1005031.jpg\" alt=\"\" width=\"450\" height=\"115\" srcset=\"https:\/\/unser-niedersaubach.de\/wp-content\/uploads\/2011\/05\/Karl-Geber_WASt-1005031.jpg 450w, https:\/\/unser-niedersaubach.de\/wp-content\/uploads\/2011\/05\/Karl-Geber_WASt-1005031-300x76.jpg 300w\" sizes=\"auto, (max-width: 450px) 100vw, 450px\" \/><p id=\"caption-attachment-3660\" class=\"wp-caption-text\">Schreiben der WASt zu Karl Geber vom 3. Mai 2010<\/p><\/div>\n<p style=\"text-align: justify;\"><a title=\"Pionierersatz- und Pionierausbildungsbataillon 34 laut Lexikon der Wehrmacht\" href=\"http:\/\/www.lexikon-der-wehrmacht.de\/Gliederungen\/PionierErsBat\/PiErsBat34-R.htm\" target=\"_blank\" rel=\"noopener\"><span style=\"color: #0000ff;\"><strong>Laut Lexikon der Wehrmacht war dieses Ersatz- und Ausbildungsbataillon der 172. Division unterstellt und leistete Ersatzgestellungen f\u00fcr die Pionierbataillone: 34, 132, 165, 179, 229, 246, 263, 342, 348, 389, 659, 669 und 712.<\/strong><\/span><\/a> Dieses Bataillon 34 habe nur einen Stab und eine 1. Kompanie gehabt und sei bis Anfang 1945 in Koblenz stationiert gewesen. Erst sp\u00e4ter sei es kurz vor Kriegsende in den Raum Bremen verlegt worden.<\/p>\n<p style=\"text-align: justify;\">Die Frage ist nun, ob Karl Geber tats\u00e4chlich &#8211; er war ja schlie\u00dflich schon lebens\u00e4lter &#8211; in der Stabskompanie in Koblenz bleiben konnte und nicht in eine Kampfkompanie der genannten Pionierbataillone versetzt wurde.<\/p>\n<p style=\"text-align: justify;\">Nach Auskunft seiner Schw\u00e4gerin Martha Grohs hat es nie eine offizielle Todes- oder Vermisstenbenachrichtigung seitens der Wehrmacht an die Familie gegeben. Allerdings habe sp\u00e4ter ein \u00fcberlebender Kriegskamerad seiner Frau Hildegard die Nachricht \u00fcberbracht, dass Karl Geber in Ungarn gefallen sei. Wenn diese Angabe so stimmt, k\u00f6nnte Karl Geber in der <strong><span style=\"color: #0000ff;\"><a title=\"Schlacht um Budapest\" href=\"http:\/\/de.wikipedia.org\/wiki\/Schlacht_um_Budapest\" target=\"_blank\" rel=\"noopener\"><span style=\"color: #0000ff;\">Schlacht um Budapest (25. Dezember 1944 &#8211; 13. Februar 1945)<\/span><\/a><\/span><\/strong> (Quelle: Wikipedia) in der von der Roten Armee eingekesselten ungarischen Hauptstadt gefallen sein. Hitler hatte Budapest zur <a title=\"Feste Pl\u00e4tze im 2. Weltkrieg, Quelle: Wikipedia\" href=\"http:\/\/de.wikipedia.org\/wiki\/Fester_Platz\" target=\"_blank\" rel=\"noopener\"><strong><span style=\"color: #0000ff;\">Festung<\/span><\/strong><\/a> erkl\u00e4rt. Im Kampf um Budapest fielen ca. 100.000 deutsche Soldaten. Die Verluste der siegreichen Sowjetarmee waren noch deutlich h\u00f6her. <span style=\"color: #0000ff;\"><strong><a title=\"Schlacht um Budapest\" href=\"http:\/\/de.wikipedia.org\/wiki\/Schlacht_um_Budapest\" target=\"_blank\" rel=\"noopener\"><span style=\"color: #0000ff;\">Wikipedia schreibt<\/span><\/a><\/strong><\/span>: &#8222;Von 150.000 Toten beider Seiten im Budapester Stadtgebiet konnten nur etwa 5.000 Soldaten und Zivilisten namentlich festgestellt werden. Tausende Leichen trug die Donau fort, und Zehntausende liegen noch heute in den Parks, im Stadtwald und in den Budaer Bergen verscharrt.&#8220; Nachdem am 13. Februar 1945 die deutschen Verb\u00e4nde kapituliert hatten, war f\u00fcr die Rote Armee der Weg frei nach Wien.<\/p>\n<div id=\"attachment_3682\" style=\"width: 460px\" class=\"wp-caption aligncenter\"><a title=\"S\u00fcdostfront im 2. Weltkrieg 1944\/ 1945, Quelle: Wikipedia (gemeinfrei)\" href=\"http:\/\/de.wikipedia.org\/w\/index.php?title=Datei:WWII_Southern_Central_Europe_1944-1945.png&amp;filetimestamp=20090513191608\" target=\"_blank\" rel=\"noopener\"><img loading=\"lazy\" decoding=\"async\" aria-describedby=\"caption-attachment-3682\" class=\"size-full wp-image-3682\" title=\"Budapest\" src=\"http:\/\/unser-niedersaubach.de\/wp-content\/uploads\/2011\/05\/Budapest.jpg\" alt=\"\" width=\"450\" height=\"318\" srcset=\"https:\/\/unser-niedersaubach.de\/wp-content\/uploads\/2011\/05\/Budapest.jpg 450w, https:\/\/unser-niedersaubach.de\/wp-content\/uploads\/2011\/05\/Budapest-300x212.jpg 300w\" sizes=\"auto, (max-width: 450px) 100vw, 450px\" \/><\/a><p id=\"caption-attachment-3682\" class=\"wp-caption-text\">S\u00fcdostfront im 2. Weltkrieg zwischen August 1944 und Mai 1945, Quelle: Wikipedia (gemeinfrei)<\/p><\/div>\n<p style=\"text-align: justify;\">Wenn Karl Geber als Pionier tats\u00e4chlich in den Budapester Kessel geraten war, ist es nicht erstaunlich, dass man \u00fcber sein Schicksal nicht mehr wei\u00df, als das, was sein Kamerad seiner Ehefrau Hildegard berichtet hatte.<\/p>\n<p style=\"text-align: right;\"><em>Stand der Angaben: November 2011<br \/>\n<\/em><\/p>\n","protected":false},"excerpt":{"rendered":"<p>Karl Geber ist kein geb\u00fcrtiger Saubacher. Er wurde am 24.01.1910 in P\u00fcttlingen geboren. Am 6. Juli 1942 heiratete er Hildegard Britz aus dem Haus Schmitz in der vorderen Lach (Hildegard Geber ist eine\u00a0 Schwester von Alois Britz). Von Beruf war &hellip; <a href=\"https:\/\/unser-niedersaubach.de\/?page_id=2623\">Weiterlesen <span class=\"meta-nav\">&rarr;<\/span><\/a><\/p>\n","protected":false},"author":2,"featured_media":0,"parent":2593,"menu_order":8,"comment_status":"closed","ping_status":"closed","template":"","meta":{"ngg_post_thumbnail":0,"footnotes":""},"class_list":["post-2623","page","type-page","status-publish","hentry"],"_links":{"self":[{"href":"https:\/\/unser-niedersaubach.de\/index.php?rest_route=\/wp\/v2\/pages\/2623","targetHints":{"allow":["GET"]}}],"collection":[{"href":"https:\/\/unser-niedersaubach.de\/index.php?rest_route=\/wp\/v2\/pages"}],"about":[{"href":"https:\/\/unser-niedersaubach.de\/index.php?rest_route=\/wp\/v2\/types\/page"}],"author":[{"embeddable":true,"href":"https:\/\/unser-niedersaubach.de\/index.php?rest_route=\/wp\/v2\/users\/2"}],"replies":[{"embeddable":true,"href":"https:\/\/unser-niedersaubach.de\/index.php?rest_route=%2Fwp%2Fv2%2Fcomments&post=2623"}],"version-history":[{"count":19,"href":"https:\/\/unser-niedersaubach.de\/index.php?rest_route=\/wp\/v2\/pages\/2623\/revisions"}],"predecessor-version":[{"id":7652,"href":"https:\/\/unser-niedersaubach.de\/index.php?rest_route=\/wp\/v2\/pages\/2623\/revisions\/7652"}],"up":[{"embeddable":true,"href":"https:\/\/unser-niedersaubach.de\/index.php?rest_route=\/wp\/v2\/pages\/2593"}],"wp:attachment":[{"href":"https:\/\/unser-niedersaubach.de\/index.php?rest_route=%2Fwp%2Fv2%2Fmedia&parent=2623"}],"curies":[{"name":"wp","href":"https:\/\/api.w.org\/{rel}","templated":true}]}}

<p style="text-align: justify;"><span style="color: #000000;">Karl Geber ist kein gebürtiger Saubacher. Er wurde am 24.01.1910</span> in Püttlingen geboren. Am 6. Juli 1942 heiratete er Hildegard Britz aus dem Haus Schmitz in der vorderen Lach (Hildegard Geber ist eine  Schwester von <a href="http://unser-niedersaubach.de/?page_id=2614"><strong><span style="color: #0000ff;">Alois Britz</span></strong></a>).</p>
<div id="attachment_3632" style="width: 460px" class="wp-caption aligncenter"><img loading="lazy" decoding="async" aria-describedby="caption-attachment-3632" class="size-full wp-image-3632 " title="Hildegard-Geber_1943_450" src="http://unser-niedersaubach.de/wp-content/uploads/2011/05/Hildegard-Geber_1943_450.jpg" alt="" width="450" height="305" srcset="https://unser-niedersaubach.de/wp-content/uploads/2011/05/Hildegard-Geber_1943_450.jpg 450w, https://unser-niedersaubach.de/wp-content/uploads/2011/05/Hildegard-Geber_1943_450-300x203.jpg 300w" sizes="auto, (max-width: 450px) 100vw, 450px" /><p id="caption-attachment-3632" class="wp-caption-text">Karl Geber 1943 auf Heimaturlaub mit Frau Hildegard und Sohn Alfred; Fotoarchiv: Jakob Britz (Schmitz)</p></div>
<p style="text-align: justify;"><span style="color: #000000;">Von Beruf war Karl Geber Bergmann. Gefallen soll er sein &#8211; wie Hildegard Geber berichtet &#8211; Anfang Januar 1945. Er sei als Bergmann, der in einem &#8222;kriegswichtigen Betrieb&#8220; (eben einem saarländischen Bergwerk) gearbeitet habe, erst spät im Jahr &#8217;44 eingezogen worden.</span></p>
<div id="attachment_3801" style="width: 460px" class="wp-caption aligncenter"><img loading="lazy" decoding="async" aria-describedby="caption-attachment-3801" class="size-full wp-image-3801" title="Geber-Karl_450" src="http://unser-niedersaubach.de/wp-content/uploads/2011/05/Geber-Karl_450.jpg" alt="" width="450" height="599" srcset="https://unser-niedersaubach.de/wp-content/uploads/2011/05/Geber-Karl_450.jpg 450w, https://unser-niedersaubach.de/wp-content/uploads/2011/05/Geber-Karl_450-225x300.jpg 225w" sizes="auto, (max-width: 450px) 100vw, 450px" /><p id="caption-attachment-3801" class="wp-caption-text">Karl Geber; Fotoarchiv: Martha Gross (Schmitz Martha)</p></div>
<p style="text-align: justify;">Die WASt schreibt am 3. Mai 2010, letztmalig habe sich Obergefreiter Karl Geber am 2. September 1944 als Soldat des Pionierersatz- und Pionierausbildungsbataillons 34 gemeldet. Eine offizielle Todes- oder Vermisstenmeldung liege nicht vor.</p>
<p>Auch der Volksbund kennt keine Grablage von Karl Geber.</p>
<div id="attachment_3660" style="width: 460px" class="wp-caption aligncenter"><img loading="lazy" decoding="async" aria-describedby="caption-attachment-3660" class="size-full wp-image-3660" title="Karl-Geber_WASt-100503" src="http://unser-niedersaubach.de/wp-content/uploads/2011/05/Karl-Geber_WASt-1005031.jpg" alt="" width="450" height="115" srcset="https://unser-niedersaubach.de/wp-content/uploads/2011/05/Karl-Geber_WASt-1005031.jpg 450w, https://unser-niedersaubach.de/wp-content/uploads/2011/05/Karl-Geber_WASt-1005031-300x76.jpg 300w" sizes="auto, (max-width: 450px) 100vw, 450px" /><p id="caption-attachment-3660" class="wp-caption-text">Schreiben der WASt zu Karl Geber vom 3. Mai 2010</p></div>
<p style="text-align: justify;"><a title="Pionierersatz- und Pionierausbildungsbataillon 34 laut Lexikon der Wehrmacht" href="http://www.lexikon-der-wehrmacht.de/Gliederungen/PionierErsBat/PiErsBat34-R.htm" target="_blank" rel="noopener"><span style="color: #0000ff;"><strong>Laut Lexikon der Wehrmacht war dieses Ersatz- und Ausbildungsbataillon der 172. Division unterstellt und leistete Ersatzgestellungen für die Pionierbataillone: 34, 132, 165, 179, 229, 246, 263, 342, 348, 389, 659, 669 und 712.</strong></span></a> Dieses Bataillon 34 habe nur einen Stab und eine 1. Kompanie gehabt und sei bis Anfang 1945 in Koblenz stationiert gewesen. Erst später sei es kurz vor Kriegsende in den Raum Bremen verlegt worden.</p>
<p style="text-align: justify;">Die Frage ist nun, ob Karl Geber tatsächlich &#8211; er war ja schließlich schon lebensälter &#8211; in der Stabskompanie in Koblenz bleiben konnte und nicht in eine Kampfkompanie der genannten Pionierbataillone versetzt wurde.</p>
<p style="text-align: justify;">Nach Auskunft seiner Schwägerin Martha Grohs hat es nie eine offizielle Todes- oder Vermisstenbenachrichtigung seitens der Wehrmacht an die Familie gegeben. Allerdings habe später ein überlebender Kriegskamerad seiner Frau Hildegard die Nachricht überbracht, dass Karl Geber in Ungarn gefallen sei. Wenn diese Angabe so stimmt, könnte Karl Geber in der <strong><span style="color: #0000ff;"><a title="Schlacht um Budapest" href="http://de.wikipedia.org/wiki/Schlacht_um_Budapest" target="_blank" rel="noopener"><span style="color: #0000ff;">Schlacht um Budapest (25. Dezember 1944 &#8211; 13. Februar 1945)</span></a></span></strong> (Quelle: Wikipedia) in der von der Roten Armee eingekesselten ungarischen Hauptstadt gefallen sein. Hitler hatte Budapest zur <a title="Feste Plätze im 2. Weltkrieg, Quelle: Wikipedia" href="http://de.wikipedia.org/wiki/Fester_Platz" target="_blank" rel="noopener"><strong><span style="color: #0000ff;">Festung</span></strong></a> erklärt. Im Kampf um Budapest fielen ca. 100.000 deutsche Soldaten. Die Verluste der siegreichen Sowjetarmee waren noch deutlich höher. <span style="color: #0000ff;"><strong><a title="Schlacht um Budapest" href="http://de.wikipedia.org/wiki/Schlacht_um_Budapest" target="_blank" rel="noopener"><span style="color: #0000ff;">Wikipedia schreibt</span></a></strong></span>: &#8222;Von 150.000 Toten beider Seiten im Budapester Stadtgebiet konnten nur etwa 5.000 Soldaten und Zivilisten namentlich festgestellt werden. Tausende Leichen trug die Donau fort, und Zehntausende liegen noch heute in den Parks, im Stadtwald und in den Budaer Bergen verscharrt.&#8220; Nachdem am 13. Februar 1945 die deutschen Verbände kapituliert hatten, war für die Rote Armee der Weg frei nach Wien.</p>
<div id="attachment_3682" style="width: 460px" class="wp-caption aligncenter"><a title="Südostfront im 2. Weltkrieg 1944/ 1945, Quelle: Wikipedia (gemeinfrei)" href="http://de.wikipedia.org/w/index.php?title=Datei:WWII_Southern_Central_Europe_1944-1945.png&amp;filetimestamp=20090513191608" target="_blank" rel="noopener"><img loading="lazy" decoding="async" aria-describedby="caption-attachment-3682" class="size-full wp-image-3682" title="Budapest" src="http://unser-niedersaubach.de/wp-content/uploads/2011/05/Budapest.jpg" alt="" width="450" height="318" srcset="https://unser-niedersaubach.de/wp-content/uploads/2011/05/Budapest.jpg 450w, https://unser-niedersaubach.de/wp-content/uploads/2011/05/Budapest-300x212.jpg 300w" sizes="auto, (max-width: 450px) 100vw, 450px" /></a><p id="caption-attachment-3682" class="wp-caption-text">Südostfront im 2. Weltkrieg zwischen August 1944 und Mai 1945, Quelle: Wikipedia (gemeinfrei)</p></div>
<p style="text-align: justify;">Wenn Karl Geber als Pionier tatsächlich in den Budapester Kessel geraten war, ist es nicht erstaunlich, dass man über sein Schicksal nicht mehr weiß, als das, was sein Kamerad seiner Ehefrau Hildegard berichtet hatte.</p>
<p style="text-align: right;"><em>Stand der Angaben: November 2011<br />
</em></p>

<p>Karl Geber ist kein gebürtiger Saubacher. Er wurde am 24.01.1910 in Püttlingen geboren. Am 6. Juli 1942 heiratete er Hildegard Britz aus dem Haus Schmitz in der vorderen Lach (Hildegard Geber ist eine  Schwester von Alois Britz). Von Beruf war &hellip; <a href="https://unser-niedersaubach.de/?page_id=2623">Weiterlesen <span class="meta-nav">&rarr;</span></a></p>
