{"id":2660,"date":"2011-05-17T15:48:40","date_gmt":"2011-05-17T14:48:40","guid":{"rendered":"http:\/\/unser-niedersaubach.de\/?page_id=2660"},"modified":"2023-10-01T11:51:30","modified_gmt":"2023-10-01T10:51:30","slug":"nikolaus-schmidt","status":"publish","type":"page","link":"https:\/\/unser-niedersaubach.de\/?page_id=2660","title":{"rendered":"Nikolaus Schmidt"},"content":{"rendered":"<p style=\"text-align: justify;\"><span style=\"color: #000000;\">Nikolaus Wilhelm Schmidt ist laut Storb (Eintrag in seinen Lebacher Familienb\u00fcchern Nr. 2713.11) am 12.07.1915<\/span> geboren worden.<\/p>\n<p style=\"text-align: justify;\">Er ist ein Bejtzer (Bietzer) aus dem &#8222;Onnerschden Ecken&#8220; (Unterdorf).<\/p>\n<div id=\"attachment_3943\" style=\"width: 460px\" class=\"wp-caption aligncenter\"><img loading=\"lazy\" decoding=\"async\" aria-describedby=\"caption-attachment-3943\" class=\"size-full wp-image-3943\" title=\"Schmidt_Nikolaus_450\" src=\"http:\/\/unser-niedersaubach.de\/wp-content\/uploads\/2011\/05\/Schmidt_Nikolaus_450.jpg\" alt=\"\" width=\"450\" height=\"721\" srcset=\"https:\/\/unser-niedersaubach.de\/wp-content\/uploads\/2011\/05\/Schmidt_Nikolaus_450.jpg 450w, https:\/\/unser-niedersaubach.de\/wp-content\/uploads\/2011\/05\/Schmidt_Nikolaus_450-187x300.jpg 187w\" sizes=\"auto, (max-width: 450px) 100vw, 450px\" \/><p id=\"caption-attachment-3943\" class=\"wp-caption-text\">Nikolaus Schmidt, Fotoarchiv: Axel Alt (Bejtzer)<\/p><\/div>\n<p style=\"text-align: justify;\">Sein Vater war Peter Schmidt (* 1868\/ + 1939); die Mutter hie\u00df Katharina Kallenborn (* 1874\/ + 1922).<\/p>\n<p style=\"text-align: justify;\">1943 hat er sich in Wadern verheiratet.<\/p>\n<p style=\"text-align: justify;\">Als Todesort gibt Storb Herzogenbosch (Holland) an; als Todesdatum ist der 25. Oktober 1944 festgehalten.<\/p>\n<p style=\"text-align: justify;\"><a title=\"Grablage laut Volksbund in Eiselstein\" href=\"http:\/\/www.volksbund.de\/index.php?id=1775&amp;tx_igverlustsuche_pi2[gid]=90382ebdec6132ba22c492194ad47aaa\" target=\"_blank\" rel=\"noopener\"><strong><span style=\"color: #0000ff;\">Die Grablage des Gefreiten Nikolaus Schmidt ist laut Volksbund in&nbsp;Ysselsteyn (Holland, Eiselstein am Eiselmeer), und zwar in Block BE, Reihe 11, Grab 273.<\/span><\/strong><\/a><\/p>\n<p style=\"text-align: justify;\"><a title=\"Soldatenfriedhof Ysselsteyn, Quelle: Volksbund\" href=\"http:\/\/www.volksbund.de\/kriegsgraeberstaetten.html?fhnr=9449da91f9febefe00baaed290377dac\" target=\"_blank\" rel=\"noopener\"><strong><span style=\"color: #0000ff;\">Der Soldatenfriedhof Ysselsteyn ist nach Darstellung des Volksbundes ein Sammelfried, auf den nach Kriegsende auf Wunsch der Amerikaner die im 2. Weltkrieg in den Niederlanden gefallenen deutschen Soldaten beerdigt wurden (die Holl\u00e4nder wollten urspr\u00fcnglich die deutschen Gefallenen \u00fcber die Grenze nach Deutschland zur\u00fcckbringen und dort beerdigen).<\/span><\/strong><\/a><\/p>\n<p style=\"text-align: justify;\"><a title=\"Grablage von Nikolaus Schmidt in Eiselstein\" href=\"http:\/\/www.findagrave.com\/cgi-bin\/fg.cgi?page=gr&amp;GSln=schmidt&amp;GSfn=nik&amp;GSiman=1&amp;GScid=2346270&amp;GRid=73171366&amp;amp;\" target=\"_blank\" rel=\"noopener\"><strong>Fred Munckhoff aus den Niederlanden weist uns am 29.08.2014 auf eine Internetseite hin, auf der die Grablage von Nikolaus Schmidt vermerkt ist (einfach anklicken).<\/strong><\/a><\/p>\n<p style=\"text-align: justify;\"><span style=\"color: #000000;\">Ich zitiere den Volksbund: &#8222;Wenige Kilometer s\u00fcdwestlich von Venray, einer Gemeinde mit 33.000 Einwohnern in der Provinz Limburg, liegt die Kriegsgr\u00e4berst\u00e4tte Ysselsteyn.<\/span><br \/>\n<span style=\"color: #000000;\">31.598 Kriegstote haben hier auf einem flachwelligen 30 ha gro\u00dfen Gel\u00e4nde in der Heide- und Moorlandschaft De Peel, die sich in drei bis zehn Kilometern Breite parallel zur Maas von der Provinz Limburg bis in die Provinz Nordbrabant erstreckt, ihre letzte Ruhest\u00e4tte.<\/span><br \/>\n<span style=\"color: #000000;\">Der Friedhof entstand unweit eines ehemaligen deutschen Kriegsgefangenenlagers. Die niederl\u00e4ndische Seite wollte zun\u00e4chst alle deutschen Kriegstoten exhumieren und \u00fcber die Grenze nach Deutschland bringen, wo sie dann auf einem Sammelfriedhof im grenznahen Bereich des Niederrheins bestattet werden sollten. Die Amerikaner \u00e4u\u00dferten demgegen\u00fcber den Wunsch, die deutschen Gefallenen in den Niederlanden zu belassen, zumal sich das unwirtliche Gel\u00e4nde De Peel f\u00fcr das Anlegen eines Sammelfriedhofes gut eignete. Man entsprach dem Wunsch.&#8220;<\/span><\/p>\n<p>Die WASt best\u00e4tigt in einem Schreiben vom 3. Mai 2010 die bekannten Angaben.<\/p>\n<div id=\"attachment_3945\" style=\"width: 460px\" class=\"wp-caption aligncenter\"><img loading=\"lazy\" decoding=\"async\" aria-describedby=\"caption-attachment-3945\" class=\"size-full wp-image-3945\" title=\"Schmidt-Nikolaus_WASt\" src=\"http:\/\/unser-niedersaubach.de\/wp-content\/uploads\/2011\/05\/Schmidt-Nikolaus_WASt.jpg\" alt=\"\" width=\"450\" height=\"86\" srcset=\"https:\/\/unser-niedersaubach.de\/wp-content\/uploads\/2011\/05\/Schmidt-Nikolaus_WASt.jpg 450w, https:\/\/unser-niedersaubach.de\/wp-content\/uploads\/2011\/05\/Schmidt-Nikolaus_WASt-300x57.jpg 300w\" sizes=\"auto, (max-width: 450px) 100vw, 450px\" \/><p id=\"caption-attachment-3945\" class=\"wp-caption-text\">WASt best\u00e4tigt Angaben zu Nikolaus Schmidt am 3. Mai 2010<\/p><\/div>\n<p style=\"text-align: justify;\">Zum kriegsgeschichtlichen Hintergrund: <a title=\"Grenadierregiment 1024 laut Lexikon der Wehrmacht\" href=\"http:\/\/www.lexikon-der-wehrmacht.de\/Gliederungen\/Grenadieregimenter\/GR1024.htm\" target=\"_blank\" rel=\"noopener\"><strong><span style=\"color: #0000ff;\">Laut Lexikon der Wehrmacht wurde dieses Grenadierregiment am 20. November 1943 in Baumholder aufgestellt.&nbsp;<\/span><\/strong> <\/a><span style=\"color: #000000;\">Es d\u00fcrfte im Herbst 1944 als Teil der 15. Armee in der Gegend von Eindhoven gegen die vom Kanal her vorr\u00fcckenden Allierten gek\u00e4mpft haben. <a title=\"Schlacht an der Scheldem\u00fcndung, Quelle: Wikipedia\" href=\"http:\/\/de.wikipedia.org\/wiki\/Schlacht_an_der_Scheldem%C3%BCndung\" target=\"_blank\" rel=\"noopener\"><strong><span style=\"color: #0000ff;\">Wikipedia schreibt: &#8222;Von Mitte September bis Oktober 1944 k\u00e4mpfte sie (die 15. Armee) zwischen Schelde und Maas sowie bei Eindhoven; &#8230; .&#8220; Die Hauptstreitmacht der Allierten wurde von der 1. kanadischen Armee gebildet. <\/span><\/strong><\/a><\/span><\/p>\n<p style=\"text-align: justify;\">Obwohl sich die allierten Streitkr\u00e4fte unter hohen Verlusten gegen die 15. deutsche Armee durchsetzten, \u00fcberdehnten sie die Front, sodass am 16. Dezember 1944 im Westen die letzte gro\u00dfe deutsche Offensive unter dem Oberbefehl von General Rundstedt, die sogenannte <a title=\"Ardennenoffensive, Quelle: Wikipedia\" href=\"http:\/\/de.wikipedia.org\/wiki\/Ardennenoffensive\" target=\"_blank\" rel=\"noopener\"><strong><span style=\"color: #0000ff;\">Ardennenoffensive<\/span><\/strong><\/a>, begann.<\/p>\n<p style=\"text-align: right;\"><em>Stand: September 2014<br \/>\n<\/em><\/p>\n<p style=\"text-align: justify;\">&nbsp;<\/p>\n","protected":false},"excerpt":{"rendered":"<p>Nikolaus Wilhelm Schmidt ist laut Storb (Eintrag in seinen Lebacher Familienb\u00fcchern Nr. 2713.11) am 12.07.1915 geboren worden. Er ist ein Bejtzer (Bietzer) aus dem &#8222;Onnerschden Ecken&#8220; (Unterdorf). Sein Vater war Peter Schmidt (* 1868\/ + 1939); die Mutter hie\u00df Katharina &hellip; <a href=\"https:\/\/unser-niedersaubach.de\/?page_id=2660\">Weiterlesen <span class=\"meta-nav\">&rarr;<\/span><\/a><\/p>\n","protected":false},"author":2,"featured_media":0,"parent":2593,"menu_order":22,"comment_status":"closed","ping_status":"closed","template":"","meta":{"ngg_post_thumbnail":0,"footnotes":""},"class_list":["post-2660","page","type-page","status-publish","hentry"],"_links":{"self":[{"href":"https:\/\/unser-niedersaubach.de\/index.php?rest_route=\/wp\/v2\/pages\/2660","targetHints":{"allow":["GET"]}}],"collection":[{"href":"https:\/\/unser-niedersaubach.de\/index.php?rest_route=\/wp\/v2\/pages"}],"about":[{"href":"https:\/\/unser-niedersaubach.de\/index.php?rest_route=\/wp\/v2\/types\/page"}],"author":[{"embeddable":true,"href":"https:\/\/unser-niedersaubach.de\/index.php?rest_route=\/wp\/v2\/users\/2"}],"replies":[{"embeddable":true,"href":"https:\/\/unser-niedersaubach.de\/index.php?rest_route=%2Fwp%2Fv2%2Fcomments&post=2660"}],"version-history":[{"count":20,"href":"https:\/\/unser-niedersaubach.de\/index.php?rest_route=\/wp\/v2\/pages\/2660\/revisions"}],"predecessor-version":[{"id":9141,"href":"https:\/\/unser-niedersaubach.de\/index.php?rest_route=\/wp\/v2\/pages\/2660\/revisions\/9141"}],"up":[{"embeddable":true,"href":"https:\/\/unser-niedersaubach.de\/index.php?rest_route=\/wp\/v2\/pages\/2593"}],"wp:attachment":[{"href":"https:\/\/unser-niedersaubach.de\/index.php?rest_route=%2Fwp%2Fv2%2Fmedia&parent=2660"}],"curies":[{"name":"wp","href":"https:\/\/api.w.org\/{rel}","templated":true}]}}