{"id":2666,"date":"2011-05-17T15:51:21","date_gmt":"2011-05-17T14:51:21","guid":{"rendered":"http:\/\/unser-niedersaubach.de\/?page_id=2666"},"modified":"2021-07-08T15:13:43","modified_gmt":"2021-07-08T14:13:43","slug":"alex-thewes","status":"publish","type":"page","link":"https:\/\/unser-niedersaubach.de\/?page_id=2666","title":{"rendered":"Alex Thewes"},"content":{"rendered":"<p style=\"text-align: justify;\">Alex Thewes stammt aus Schneidersch. Geboren ist er laut Gerhard Storb am 18.09.1916, verstorben am 22.07.1941 in Naliwakowka (Eintrag Nr. 3015 in den Lebacher Familienb\u00fcchern). Die Eltern waren Peter Thewes, Ackerer (* 1875\/ + 1926), und Rosalina Folz (* 1882 in Falscheid\/ + 1927).<\/p>\n<div id=\"attachment_4170\" style=\"width: 460px\" class=\"wp-caption aligncenter\"><img loading=\"lazy\" decoding=\"async\" aria-describedby=\"caption-attachment-4170\" class=\"size-full wp-image-4170\" title=\"Thewes-Alex_Todesanzeige_450\" src=\"http:\/\/unser-niedersaubach.de\/wp-content\/uploads\/2011\/05\/Thewes-Alex_Todesanzeige_450.jpg\" alt=\"\" width=\"450\" height=\"395\" srcset=\"https:\/\/unser-niedersaubach.de\/wp-content\/uploads\/2011\/05\/Thewes-Alex_Todesanzeige_450.jpg 450w, https:\/\/unser-niedersaubach.de\/wp-content\/uploads\/2011\/05\/Thewes-Alex_Todesanzeige_450-300x263.jpg 300w\" sizes=\"auto, (max-width: 450px) 100vw, 450px\" \/><p id=\"caption-attachment-4170\" class=\"wp-caption-text\">Totenbildchen von Alex Thewes, Archiv: Martha Gross (Schmitz\/ Brendels)&nbsp;<\/p><\/div>\n<div id=\"attachment_4227\" style=\"width: 460px\" class=\"wp-caption aligncenter\"><img loading=\"lazy\" decoding=\"async\" aria-describedby=\"caption-attachment-4227\" class=\"size-full wp-image-4227\" title=\"Thewes-Alex_Eltern\" src=\"http:\/\/unser-niedersaubach.de\/wp-content\/uploads\/2011\/05\/Thewes-Alex_Eltern.jpg\" alt=\"\" width=\"450\" height=\"426\" srcset=\"https:\/\/unser-niedersaubach.de\/wp-content\/uploads\/2011\/05\/Thewes-Alex_Eltern.jpg 450w, https:\/\/unser-niedersaubach.de\/wp-content\/uploads\/2011\/05\/Thewes-Alex_Eltern-300x284.jpg 300w\" sizes=\"auto, (max-width: 450px) 100vw, 450px\" \/><p id=\"caption-attachment-4227\" class=\"wp-caption-text\">Eltern von Alex Thewes; Fotoarchiv: Schneidersch Clara<\/p><\/div>\n<p style=\"text-align: justify;\"><span style=\"color: #000000;\">Die Wehrmachtsauskunftsstelle WASt best\u00e4tigt die Angaben von Gerhard Storb. Lediglich die Schreibweise des Todesortes differiert leicht, was aber immer auch mit der Transkription aus dem Kyrillischen in lateinische Schreibweise herr\u00fchren kann.<\/span><\/p>\n<div id=\"attachment_3809\" style=\"width: 457px\" class=\"wp-caption aligncenter\"><img loading=\"lazy\" decoding=\"async\" aria-describedby=\"caption-attachment-3809\" class=\"size-full wp-image-3809\" title=\"wast_450\" src=\"http:\/\/unser-niedersaubach.de\/wp-content\/uploads\/2011\/05\/wast_4501.jpg\" alt=\"\" width=\"447\" height=\"81\" srcset=\"https:\/\/unser-niedersaubach.de\/wp-content\/uploads\/2011\/05\/wast_4501.jpg 447w, https:\/\/unser-niedersaubach.de\/wp-content\/uploads\/2011\/05\/wast_4501-300x54.jpg 300w\" sizes=\"auto, (max-width: 447px) 100vw, 447px\" \/><p id=\"caption-attachment-3809\" class=\"wp-caption-text\">Alex Thewes laut WASt vom 3. Mai 2010<\/p><\/div>\n<p style=\"text-align: justify;\">Das&nbsp;<span style=\"color: #0000ff;\"><strong><a title=\"Infanterie-Regiment 70, Lexikon der Wehrmacht\" href=\"http:\/\/www.lexikon-der-wehrmacht.de\/Gliederungen\/Infanterieregimenter\/IR70.htm\" target=\"_blank\" rel=\"noopener\"><span style=\"color: #0000ff;\">Infanterie-Regiment&nbsp;70<\/span><\/a><\/strong><\/span>, in dem er diente, war laut Lexikon der Wehrmacht zun\u00e4chst (1936) der <span style=\"color: #0000ff;\"><strong><a title=\"36. Infanterie-Division, Lexikon der Wehrmacht\" href=\"http:\/\/www.lexikon-der-wehrmacht.de\/Gliederungen\/Infanteriedivisionen\/36ID.htm\" target=\"_blank\" rel=\"noopener\"><span style=\"color: #0000ff;\">36. Infanterie-Division<\/span><\/a><\/strong><\/span> unterstellt (Standort: Kaiserslautern, wobei das I. Bataillon, zu dem seine 4. Kompanie geh\u00f6rte, in St. Wendel beheimatet war) und nahm am Frankreich-Feldzug teil. Weiter steht im Lexikon der Wehrmacht zu lesen: &#8222;Bei der Motorisierung der Division am 5. November 1940 wurde das Regiment aus dem Divisionsverband herausgel\u00f6st und daf\u00fcr der <a title=\"111. Infanterie-Division laut Lexikon der Wehrmacht\" href=\"http:\/\/www.lexikon-der-wehrmacht.de\/Gliederungen\/Infanteriedivisionen\/111ID.htm\" target=\"_blank\" rel=\"noopener\"><strong><span style=\"color: #0000ff;\"><span style=\"color: #0000ff;\">111. Infanterie-Division<\/span><\/span><\/strong> <\/a>unterstellt.&#8220;<\/p>\n<div id=\"attachment_4173\" style=\"width: 460px\" class=\"wp-caption aligncenter\"><img loading=\"lazy\" decoding=\"async\" aria-describedby=\"caption-attachment-4173\" class=\"size-full wp-image-4173\" title=\"Thewes-Alex_Grab_450\" src=\"http:\/\/unser-niedersaubach.de\/wp-content\/uploads\/2011\/05\/Thewes-Alex_Grab_450.jpg\" alt=\"\" width=\"450\" height=\"713\" srcset=\"https:\/\/unser-niedersaubach.de\/wp-content\/uploads\/2011\/05\/Thewes-Alex_Grab_450.jpg 450w, https:\/\/unser-niedersaubach.de\/wp-content\/uploads\/2011\/05\/Thewes-Alex_Grab_450-189x300.jpg 189w\" sizes=\"auto, (max-width: 450px) 100vw, 450px\" \/><p id=\"caption-attachment-4173\" class=\"wp-caption-text\">Grab von Alex Thewes in Naliwajkowka (Kiew, Ukraine); Fotoarchiv: N.N.<\/p><\/div>\n<p style=\"text-align: justify;\"><span style=\"color: #0000ff;\"><strong><a title=\"111. Infanterie-Division laut Wikipedia\" href=\"http:\/\/de.wikipedia.org\/wiki\/111._Infanterie-Division_(Wehrmacht)\" target=\"_blank\" rel=\"noopener\"><span style=\"color: #0000ff;\">Als die Wehrmacht am 6. Juni 1941 in Russland einmarschierte, war die 111. Infanterie-Division laut Wikipedia dem S\u00fcdabschnitt der Ostfront zugeordnet und in die 6. Armee (die wenig sp\u00e4ter in Stalingrad untergehen sollte) integriert.<\/span><\/a><\/strong><\/span><\/p>\n<div id=\"attachment_4175\" style=\"width: 460px\" class=\"wp-caption aligncenter\"><img loading=\"lazy\" decoding=\"async\" aria-describedby=\"caption-attachment-4175\" class=\"size-full wp-image-4175\" title=\"Thewes-Alex_Kameraden_450\" src=\"http:\/\/unser-niedersaubach.de\/wp-content\/uploads\/2011\/05\/Thewes-Alex_Kameraden_450.jpg\" alt=\"\" width=\"450\" height=\"298\" srcset=\"https:\/\/unser-niedersaubach.de\/wp-content\/uploads\/2011\/05\/Thewes-Alex_Kameraden_450.jpg 450w, https:\/\/unser-niedersaubach.de\/wp-content\/uploads\/2011\/05\/Thewes-Alex_Kameraden_450-300x198.jpg 300w\" sizes=\"auto, (max-width: 450px) 100vw, 450px\" \/><p id=\"caption-attachment-4175\" class=\"wp-caption-text\">Kameraden trauern um Alex Thewes an seinem Grab; Fotoarchiv: N.N.<\/p><\/div>\n<p style=\"text-align: justify;\"><span style=\"color: #000000;\">Wo liegt der Ort, an dem Alex Thewes sozusagen gleich zu Beginn der gro\u00dfen milit\u00e4rischen Auseinandersetzung mit der Sowjetunion starb? Naliwajkowka ist ein kleiner ukrainischer Ort in der N\u00e4he von Kiew (<\/span>Naliwajkowka oder Nalyvaikivka, Makariv, Kyiv,&nbsp;Ukraine).<\/p>\n<p>Der Volksbund kennt die Grablage von Alex Thewes nicht.<\/p>\n<p>Seine Schwester Clara hat uns noch die folgenden Bilder von Alex Thewes hinterlassen:<\/p>\n<div id=\"attachment_4223\" style=\"width: 362px\" class=\"wp-caption aligncenter\"><img loading=\"lazy\" decoding=\"async\" aria-describedby=\"caption-attachment-4223\" class=\"size-full wp-image-4223\" title=\"Klauck-Josef_Thewes-Alex_Jagersch-Zilla_Britz-Theo\" src=\"http:\/\/unser-niedersaubach.de\/wp-content\/uploads\/2011\/05\/Klauck-Josef_Thewes-Alex_Jagersch-Zilla_Britz-Theo.jpg\" alt=\"\" width=\"352\" height=\"497\" srcset=\"https:\/\/unser-niedersaubach.de\/wp-content\/uploads\/2011\/05\/Klauck-Josef_Thewes-Alex_Jagersch-Zilla_Britz-Theo.jpg 352w, https:\/\/unser-niedersaubach.de\/wp-content\/uploads\/2011\/05\/Klauck-Josef_Thewes-Alex_Jagersch-Zilla_Britz-Theo-212x300.jpg 212w\" sizes=\"auto, (max-width: 352px) 100vw, 352px\" \/><p id=\"caption-attachment-4223\" class=\"wp-caption-text\">Alex Thewes (Schneidersch, 2. v.l.) mit seinen Nachbarn und Freunden (v.l.n.r.): Josef Klauck (Jagersch), Zilla Klauck (Jagersch) und Theo Britz (Schmitz), Fotoarchiv: Schneidersch Clara<\/p><\/div>\n<p><img loading=\"lazy\" decoding=\"async\" class=\"aligncenter size-full wp-image-4224\" title=\"Thewes-Alex_01_450\" src=\"http:\/\/unser-niedersaubach.de\/wp-content\/uploads\/2011\/05\/Thewes-Alex_01_450.jpg\" alt=\"\" width=\"450\" height=\"714\" srcset=\"https:\/\/unser-niedersaubach.de\/wp-content\/uploads\/2011\/05\/Thewes-Alex_01_450.jpg 450w, https:\/\/unser-niedersaubach.de\/wp-content\/uploads\/2011\/05\/Thewes-Alex_01_450-189x300.jpg 189w\" sizes=\"auto, (max-width: 450px) 100vw, 450px\" \/><\/p>\n<p><img loading=\"lazy\" decoding=\"async\" class=\"aligncenter size-full wp-image-4225\" title=\"Thewes-Alex_02_450\" src=\"http:\/\/unser-niedersaubach.de\/wp-content\/uploads\/2011\/05\/Thewes-Alex_02_450.jpg\" alt=\"\" width=\"450\" height=\"666\" srcset=\"https:\/\/unser-niedersaubach.de\/wp-content\/uploads\/2011\/05\/Thewes-Alex_02_450.jpg 450w, https:\/\/unser-niedersaubach.de\/wp-content\/uploads\/2011\/05\/Thewes-Alex_02_450-202x300.jpg 202w\" sizes=\"auto, (max-width: 450px) 100vw, 450px\" \/><\/p>\n<p><img loading=\"lazy\" decoding=\"async\" class=\"aligncenter wp-image-4226\" title=\"Thewes-Alex_03_450\" src=\"http:\/\/unser-niedersaubach.de\/wp-content\/uploads\/2011\/05\/Thewes-Alex_03_450.jpg\" alt=\"\" width=\"331\" height=\"455\" srcset=\"https:\/\/unser-niedersaubach.de\/wp-content\/uploads\/2011\/05\/Thewes-Alex_03_450.jpg 450w, https:\/\/unser-niedersaubach.de\/wp-content\/uploads\/2011\/05\/Thewes-Alex_03_450-218x300.jpg 218w\" sizes=\"auto, (max-width: 331px) 100vw, 331px\" \/><\/p>\n<div id=\"attachment_4231\" style=\"width: 341px\" class=\"wp-caption aligncenter\"><img loading=\"lazy\" decoding=\"async\" aria-describedby=\"caption-attachment-4231\" class=\" wp-image-4231\" title=\"Thewes-Alex_Schneidersch\" src=\"http:\/\/unser-niedersaubach.de\/wp-content\/uploads\/2011\/05\/Thewes-Alex_Schneidersch.jpg\" alt=\"\" width=\"331\" height=\"432\" srcset=\"https:\/\/unser-niedersaubach.de\/wp-content\/uploads\/2011\/05\/Thewes-Alex_Schneidersch.jpg 450w, https:\/\/unser-niedersaubach.de\/wp-content\/uploads\/2011\/05\/Thewes-Alex_Schneidersch-230x300.jpg 230w\" sizes=\"auto, (max-width: 331px) 100vw, 331px\" \/><p id=\"caption-attachment-4231\" class=\"wp-caption-text\">Bei Schneidersch (alte Lage des Hofes neben Schmitz am Schmittenberg) hat Alex Thewes das Reiten gelernt; Fotoarchiv: Schneidersch Clara<\/p><\/div>\n<p style=\"text-align: right;\"><em>Stand: 02 2012<br \/>\n<\/em><\/p>\n<p>&nbsp;<\/p>\n","protected":false},"excerpt":{"rendered":"<p>Alex Thewes stammt aus Schneidersch. Geboren ist er laut Gerhard Storb am 18.09.1916, verstorben am 22.07.1941 in Naliwakowka (Eintrag Nr. 3015 in den Lebacher Familienb\u00fcchern). Die Eltern waren Peter Thewes, Ackerer (* 1875\/ + 1926), und Rosalina Folz (* 1882 &hellip; <a href=\"https:\/\/unser-niedersaubach.de\/?page_id=2666\">Weiterlesen <span class=\"meta-nav\">&rarr;<\/span><\/a><\/p>\n","protected":false},"author":2,"featured_media":0,"parent":2593,"menu_order":25,"comment_status":"closed","ping_status":"closed","template":"","meta":{"ngg_post_thumbnail":0,"footnotes":""},"class_list":["post-2666","page","type-page","status-publish","hentry"],"_links":{"self":[{"href":"https:\/\/unser-niedersaubach.de\/index.php?rest_route=\/wp\/v2\/pages\/2666","targetHints":{"allow":["GET"]}}],"collection":[{"href":"https:\/\/unser-niedersaubach.de\/index.php?rest_route=\/wp\/v2\/pages"}],"about":[{"href":"https:\/\/unser-niedersaubach.de\/index.php?rest_route=\/wp\/v2\/types\/page"}],"author":[{"embeddable":true,"href":"https:\/\/unser-niedersaubach.de\/index.php?rest_route=\/wp\/v2\/users\/2"}],"replies":[{"embeddable":true,"href":"https:\/\/unser-niedersaubach.de\/index.php?rest_route=%2Fwp%2Fv2%2Fcomments&post=2666"}],"version-history":[{"count":25,"href":"https:\/\/unser-niedersaubach.de\/index.php?rest_route=\/wp\/v2\/pages\/2666\/revisions"}],"predecessor-version":[{"id":8736,"href":"https:\/\/unser-niedersaubach.de\/index.php?rest_route=\/wp\/v2\/pages\/2666\/revisions\/8736"}],"up":[{"embeddable":true,"href":"https:\/\/unser-niedersaubach.de\/index.php?rest_route=\/wp\/v2\/pages\/2593"}],"wp:attachment":[{"href":"https:\/\/unser-niedersaubach.de\/index.php?rest_route=%2Fwp%2Fv2%2Fmedia&parent=2666"}],"curies":[{"name":"wp","href":"https:\/\/api.w.org\/{rel}","templated":true}]}}

<p style="text-align: justify;">Alex Thewes stammt aus Schneidersch. Geboren ist er laut Gerhard Storb am 18.09.1916, verstorben am 22.07.1941 in Naliwakowka (Eintrag Nr. 3015 in den Lebacher Familienbüchern). Die Eltern waren Peter Thewes, Ackerer (* 1875/ + 1926), und Rosalina Folz (* 1882 in Falscheid/ + 1927).</p>
<div id="attachment_4170" style="width: 460px" class="wp-caption aligncenter"><img loading="lazy" decoding="async" aria-describedby="caption-attachment-4170" class="size-full wp-image-4170" title="Thewes-Alex_Todesanzeige_450" src="http://unser-niedersaubach.de/wp-content/uploads/2011/05/Thewes-Alex_Todesanzeige_450.jpg" alt="" width="450" height="395" srcset="https://unser-niedersaubach.de/wp-content/uploads/2011/05/Thewes-Alex_Todesanzeige_450.jpg 450w, https://unser-niedersaubach.de/wp-content/uploads/2011/05/Thewes-Alex_Todesanzeige_450-300x263.jpg 300w" sizes="auto, (max-width: 450px) 100vw, 450px" /><p id="caption-attachment-4170" class="wp-caption-text">Totenbildchen von Alex Thewes, Archiv: Martha Gross (Schmitz/ Brendels)&nbsp;</p></div>
<div id="attachment_4227" style="width: 460px" class="wp-caption aligncenter"><img loading="lazy" decoding="async" aria-describedby="caption-attachment-4227" class="size-full wp-image-4227" title="Thewes-Alex_Eltern" src="http://unser-niedersaubach.de/wp-content/uploads/2011/05/Thewes-Alex_Eltern.jpg" alt="" width="450" height="426" srcset="https://unser-niedersaubach.de/wp-content/uploads/2011/05/Thewes-Alex_Eltern.jpg 450w, https://unser-niedersaubach.de/wp-content/uploads/2011/05/Thewes-Alex_Eltern-300x284.jpg 300w" sizes="auto, (max-width: 450px) 100vw, 450px" /><p id="caption-attachment-4227" class="wp-caption-text">Eltern von Alex Thewes; Fotoarchiv: Schneidersch Clara</p></div>
<p style="text-align: justify;"><span style="color: #000000;">Die Wehrmachtsauskunftsstelle WASt bestätigt die Angaben von Gerhard Storb. Lediglich die Schreibweise des Todesortes differiert leicht, was aber immer auch mit der Transkription aus dem Kyrillischen in lateinische Schreibweise herrühren kann.</span></p>
<div id="attachment_3809" style="width: 457px" class="wp-caption aligncenter"><img loading="lazy" decoding="async" aria-describedby="caption-attachment-3809" class="size-full wp-image-3809" title="wast_450" src="http://unser-niedersaubach.de/wp-content/uploads/2011/05/wast_4501.jpg" alt="" width="447" height="81" srcset="https://unser-niedersaubach.de/wp-content/uploads/2011/05/wast_4501.jpg 447w, https://unser-niedersaubach.de/wp-content/uploads/2011/05/wast_4501-300x54.jpg 300w" sizes="auto, (max-width: 447px) 100vw, 447px" /><p id="caption-attachment-3809" class="wp-caption-text">Alex Thewes laut WASt vom 3. Mai 2010</p></div>
<p style="text-align: justify;">Das&nbsp;<span style="color: #0000ff;"><strong><a title="Infanterie-Regiment 70, Lexikon der Wehrmacht" href="http://www.lexikon-der-wehrmacht.de/Gliederungen/Infanterieregimenter/IR70.htm" target="_blank" rel="noopener"><span style="color: #0000ff;">Infanterie-Regiment&nbsp;70</span></a></strong></span>, in dem er diente, war laut Lexikon der Wehrmacht zunächst (1936) der <span style="color: #0000ff;"><strong><a title="36. Infanterie-Division, Lexikon der Wehrmacht" href="http://www.lexikon-der-wehrmacht.de/Gliederungen/Infanteriedivisionen/36ID.htm" target="_blank" rel="noopener"><span style="color: #0000ff;">36. Infanterie-Division</span></a></strong></span> unterstellt (Standort: Kaiserslautern, wobei das I. Bataillon, zu dem seine 4. Kompanie gehörte, in St. Wendel beheimatet war) und nahm am Frankreich-Feldzug teil. Weiter steht im Lexikon der Wehrmacht zu lesen: &#8222;Bei der Motorisierung der Division am 5. November 1940 wurde das Regiment aus dem Divisionsverband herausgelöst und dafür der <a title="111. Infanterie-Division laut Lexikon der Wehrmacht" href="http://www.lexikon-der-wehrmacht.de/Gliederungen/Infanteriedivisionen/111ID.htm" target="_blank" rel="noopener"><strong><span style="color: #0000ff;"><span style="color: #0000ff;">111. Infanterie-Division</span></span></strong> </a>unterstellt.&#8220;</p>
<div id="attachment_4173" style="width: 460px" class="wp-caption aligncenter"><img loading="lazy" decoding="async" aria-describedby="caption-attachment-4173" class="size-full wp-image-4173" title="Thewes-Alex_Grab_450" src="http://unser-niedersaubach.de/wp-content/uploads/2011/05/Thewes-Alex_Grab_450.jpg" alt="" width="450" height="713" srcset="https://unser-niedersaubach.de/wp-content/uploads/2011/05/Thewes-Alex_Grab_450.jpg 450w, https://unser-niedersaubach.de/wp-content/uploads/2011/05/Thewes-Alex_Grab_450-189x300.jpg 189w" sizes="auto, (max-width: 450px) 100vw, 450px" /><p id="caption-attachment-4173" class="wp-caption-text">Grab von Alex Thewes in Naliwajkowka (Kiew, Ukraine); Fotoarchiv: N.N.</p></div>
<p style="text-align: justify;"><span style="color: #0000ff;"><strong><a title="111. Infanterie-Division laut Wikipedia" href="http://de.wikipedia.org/wiki/111._Infanterie-Division_(Wehrmacht)" target="_blank" rel="noopener"><span style="color: #0000ff;">Als die Wehrmacht am 6. Juni 1941 in Russland einmarschierte, war die 111. Infanterie-Division laut Wikipedia dem Südabschnitt der Ostfront zugeordnet und in die 6. Armee (die wenig später in Stalingrad untergehen sollte) integriert.</span></a></strong></span></p>
<div id="attachment_4175" style="width: 460px" class="wp-caption aligncenter"><img loading="lazy" decoding="async" aria-describedby="caption-attachment-4175" class="size-full wp-image-4175" title="Thewes-Alex_Kameraden_450" src="http://unser-niedersaubach.de/wp-content/uploads/2011/05/Thewes-Alex_Kameraden_450.jpg" alt="" width="450" height="298" srcset="https://unser-niedersaubach.de/wp-content/uploads/2011/05/Thewes-Alex_Kameraden_450.jpg 450w, https://unser-niedersaubach.de/wp-content/uploads/2011/05/Thewes-Alex_Kameraden_450-300x198.jpg 300w" sizes="auto, (max-width: 450px) 100vw, 450px" /><p id="caption-attachment-4175" class="wp-caption-text">Kameraden trauern um Alex Thewes an seinem Grab; Fotoarchiv: N.N.</p></div>
<p style="text-align: justify;"><span style="color: #000000;">Wo liegt der Ort, an dem Alex Thewes sozusagen gleich zu Beginn der großen militärischen Auseinandersetzung mit der Sowjetunion starb? Naliwajkowka ist ein kleiner ukrainischer Ort in der Nähe von Kiew (</span>Naliwajkowka oder Nalyvaikivka, Makariv, Kyiv,&nbsp;Ukraine).</p>
<p>Der Volksbund kennt die Grablage von Alex Thewes nicht.</p>
<p>Seine Schwester Clara hat uns noch die folgenden Bilder von Alex Thewes hinterlassen:</p>
<div id="attachment_4223" style="width: 362px" class="wp-caption aligncenter"><img loading="lazy" decoding="async" aria-describedby="caption-attachment-4223" class="size-full wp-image-4223" title="Klauck-Josef_Thewes-Alex_Jagersch-Zilla_Britz-Theo" src="http://unser-niedersaubach.de/wp-content/uploads/2011/05/Klauck-Josef_Thewes-Alex_Jagersch-Zilla_Britz-Theo.jpg" alt="" width="352" height="497" srcset="https://unser-niedersaubach.de/wp-content/uploads/2011/05/Klauck-Josef_Thewes-Alex_Jagersch-Zilla_Britz-Theo.jpg 352w, https://unser-niedersaubach.de/wp-content/uploads/2011/05/Klauck-Josef_Thewes-Alex_Jagersch-Zilla_Britz-Theo-212x300.jpg 212w" sizes="auto, (max-width: 352px) 100vw, 352px" /><p id="caption-attachment-4223" class="wp-caption-text">Alex Thewes (Schneidersch, 2. v.l.) mit seinen Nachbarn und Freunden (v.l.n.r.): Josef Klauck (Jagersch), Zilla Klauck (Jagersch) und Theo Britz (Schmitz), Fotoarchiv: Schneidersch Clara</p></div>
<p><img loading="lazy" decoding="async" class="aligncenter size-full wp-image-4224" title="Thewes-Alex_01_450" src="http://unser-niedersaubach.de/wp-content/uploads/2011/05/Thewes-Alex_01_450.jpg" alt="" width="450" height="714" srcset="https://unser-niedersaubach.de/wp-content/uploads/2011/05/Thewes-Alex_01_450.jpg 450w, https://unser-niedersaubach.de/wp-content/uploads/2011/05/Thewes-Alex_01_450-189x300.jpg 189w" sizes="auto, (max-width: 450px) 100vw, 450px" /></p>
<p><img loading="lazy" decoding="async" class="aligncenter size-full wp-image-4225" title="Thewes-Alex_02_450" src="http://unser-niedersaubach.de/wp-content/uploads/2011/05/Thewes-Alex_02_450.jpg" alt="" width="450" height="666" srcset="https://unser-niedersaubach.de/wp-content/uploads/2011/05/Thewes-Alex_02_450.jpg 450w, https://unser-niedersaubach.de/wp-content/uploads/2011/05/Thewes-Alex_02_450-202x300.jpg 202w" sizes="auto, (max-width: 450px) 100vw, 450px" /></p>
<p><img loading="lazy" decoding="async" class="aligncenter wp-image-4226" title="Thewes-Alex_03_450" src="http://unser-niedersaubach.de/wp-content/uploads/2011/05/Thewes-Alex_03_450.jpg" alt="" width="331" height="455" srcset="https://unser-niedersaubach.de/wp-content/uploads/2011/05/Thewes-Alex_03_450.jpg 450w, https://unser-niedersaubach.de/wp-content/uploads/2011/05/Thewes-Alex_03_450-218x300.jpg 218w" sizes="auto, (max-width: 331px) 100vw, 331px" /></p>
<div id="attachment_4231" style="width: 341px" class="wp-caption aligncenter"><img loading="lazy" decoding="async" aria-describedby="caption-attachment-4231" class=" wp-image-4231" title="Thewes-Alex_Schneidersch" src="http://unser-niedersaubach.de/wp-content/uploads/2011/05/Thewes-Alex_Schneidersch.jpg" alt="" width="331" height="432" srcset="https://unser-niedersaubach.de/wp-content/uploads/2011/05/Thewes-Alex_Schneidersch.jpg 450w, https://unser-niedersaubach.de/wp-content/uploads/2011/05/Thewes-Alex_Schneidersch-230x300.jpg 230w" sizes="auto, (max-width: 331px) 100vw, 331px" /><p id="caption-attachment-4231" class="wp-caption-text">Bei Schneidersch (alte Lage des Hofes neben Schmitz am Schmittenberg) hat Alex Thewes das Reiten gelernt; Fotoarchiv: Schneidersch Clara</p></div>
<p style="text-align: right;"><em>Stand: 02 2012<br />
</em></p>
<p>&nbsp;</p>

<p>Alex Thewes stammt aus Schneidersch. Geboren ist er laut Gerhard Storb am 18.09.1916, verstorben am 22.07.1941 in Naliwakowka (Eintrag Nr. 3015 in den Lebacher Familienbüchern). Die Eltern waren Peter Thewes, Ackerer (* 1875/ + 1926), und Rosalina Folz (* 1882 &hellip; <a href="https://unser-niedersaubach.de/?page_id=2666">Weiterlesen <span class="meta-nav">&rarr;</span></a></p>
