{"id":2896,"date":"2011-05-25T14:34:40","date_gmt":"2011-05-25T13:34:40","guid":{"rendered":"http:\/\/unser-niedersaubach.de\/?page_id=2896"},"modified":"2018-05-21T15:21:26","modified_gmt":"2018-05-21T14:21:26","slug":"franz-alt","status":"publish","type":"page","link":"https:\/\/unser-niedersaubach.de\/?page_id=2896","title":{"rendered":"Franz Alt"},"content":{"rendered":"<p>________________________________________________________<\/p>\n<h2>Franz Alt (* 28.10.1894\/ + 01.11.1915)<\/h2>\n<p>________________________________________________________<\/p>\n<p>&nbsp;<\/p>\n<p style=\"text-align: justify;\">Franz Alt (&#8222;Homes&#8220; ausgangs der &#8222;Lach&#8220; am Ortsausgang links Richtung R\u00fcmmelbach) findet man in den Lebacher Familienb\u00fcchern von Gerhard Storb unter der Eintrags-Nr.: 18.<\/p>\n<p style=\"text-align: justify;\">Er ist laut Familienbuch Sohn des Bergmanns Jacob Alt(* 29.07.1858\/ + 19.03.1924) und Louise Jank (* 20.04.1864 in Gonnesweiler\/ + 23.03.1926).<\/p>\n<p><img loading=\"lazy\" decoding=\"async\" title=\"Alt_Franz_450\" src=\"http:\/\/unser-niedersaubach.de\/wp-content\/uploads\/2009\/10\/Alt_Franz_450.jpg\" alt=\"Franz Alt, FAR 16, * 1894 (Niedersaubach)\/ + 1915 (Kevevara, Serbien)\" width=\"450\" height=\"688\" \/><\/p>\n<p style=\"text-align: justify;\">Sein Todesdatum wird auch von Peter Adam in der Ortschronik f\u00fcr den 01.11.1915 vermerkt.<\/p>\n<p style=\"text-align: justify;\">Als Todesursache halten sowohl Peter Adam als auch Gerhard Storb \u201eTyphus\u201c fest. Gestorben ist er in einem Lazarett bei Kevevara; Kevevara geh\u00f6rte damals zu \u00d6sterreich-Ungarn und geh\u00f6rte zum Banat (dem Siedlungsgebiet der Donauschwaben). Kevevara liegt seit dem Versailler Friedensvertrag in der serbischen Provinz Vojvodina und hei\u00dft jetzt: Kovin.<\/p>\n<p style=\"text-align: justify;\">Der Volksbund weist f\u00fcr Franz Alt keine m\u00f6gliche Grablage nach.<\/p>\n<p style=\"text-align: justify;\">Franz Alt diente als Kanonier im lothringischen Fu\u00dfartillerie-Regiment Nr. 16 (in der 5. Batterie des II. Bataillons). <span style=\"color: #0000ff;\"><strong><a title=\"Verlustlisten\" href=\"http:\/\/www.denkmalprojekt.org\/Verlustlisten\/vl_lothr_fusart-reg_16_wk1_1-13_batt.htm\" target=\"_blank\" rel=\"noopener\">In den Verlustlisten dieses Regiments<\/a> <\/strong><span style=\"color: #000000;\">ist er auch namentlich genannt<\/span><strong>. <a title=\"Fu\u00dfartillerie-Regiment 16\" href=\"http:\/\/de.wikipedia.org\/wiki\/XVI._Armee-Korps_(Deutsches_Kaiserreich)\" target=\"_blank\" rel=\"noopener\">Das lothringische Fu\u00dfartillerie-Regiment Nr. 16 war direkt dem XVI. Armeekorps in Metz unterstellt.<\/a><\/strong><\/span><\/p>\n<p style=\"text-align: justify;\">Zur Erkl\u00e4rung: <span style=\"color: #0000ff;\"><strong><a title=\"Gliederung des deutschen Heeres\" href=\"http:\/\/de.wikipedia.org\/wiki\/Deutsches_Heer_%28Deutsches_Kaiserreich%29#Gliederung\" target=\"_blank\" rel=\"noopener\">Das XVI. Armeekorps in Metz unterstand der VII. Armeeinspektion in Saarbr\u00fccken.<\/a><\/strong><\/span><\/p>\n<p style=\"text-align: justify;\">Zum kriegsgeschichtlichen Hintergrund: Am 6. Oktober 1915 beginnt die deutsche Offensive gegen Serbien, um \u00d6sterreich-Ungarn zu entlasten. Diese Offensive wird mit dem R\u00fcckzug der Serben unter hohen serbischen Verlusten am 23. November 1915 durch die Mittelm\u00e4chte erfolgreich abgeschlossen.<\/p>\n<p style=\"text-align: justify;\">Franz Alt ist offensichtlich auf dem Vormarsch nach Serbien an Typhus gestorben.<\/p>\n","protected":false},"excerpt":{"rendered":"<p>________________________________________________________ Franz Alt (* 28.10.1894\/ + 01.11.1915) ________________________________________________________ &nbsp; Franz Alt (&#8222;Homes&#8220; ausgangs der &#8222;Lach&#8220; am Ortsausgang links Richtung R\u00fcmmelbach) findet man in den Lebacher Familienb\u00fcchern von Gerhard Storb unter der Eintrags-Nr.: 18. Er ist laut Familienbuch Sohn des Bergmanns &hellip; <a href=\"https:\/\/unser-niedersaubach.de\/?page_id=2896\">Weiterlesen <span class=\"meta-nav\">&rarr;<\/span><\/a><\/p>\n","protected":false},"author":2,"featured_media":0,"parent":2549,"menu_order":0,"comment_status":"closed","ping_status":"closed","template":"","meta":{"ngg_post_thumbnail":0,"footnotes":""},"class_list":["post-2896","page","type-page","status-publish","hentry"],"_links":{"self":[{"href":"https:\/\/unser-niedersaubach.de\/index.php?rest_route=\/wp\/v2\/pages\/2896","targetHints":{"allow":["GET"]}}],"collection":[{"href":"https:\/\/unser-niedersaubach.de\/index.php?rest_route=\/wp\/v2\/pages"}],"about":[{"href":"https:\/\/unser-niedersaubach.de\/index.php?rest_route=\/wp\/v2\/types\/page"}],"author":[{"embeddable":true,"href":"https:\/\/unser-niedersaubach.de\/index.php?rest_route=\/wp\/v2\/users\/2"}],"replies":[{"embeddable":true,"href":"https:\/\/unser-niedersaubach.de\/index.php?rest_route=%2Fwp%2Fv2%2Fcomments&post=2896"}],"version-history":[{"count":5,"href":"https:\/\/unser-niedersaubach.de\/index.php?rest_route=\/wp\/v2\/pages\/2896\/revisions"}],"predecessor-version":[{"id":7610,"href":"https:\/\/unser-niedersaubach.de\/index.php?rest_route=\/wp\/v2\/pages\/2896\/revisions\/7610"}],"up":[{"embeddable":true,"href":"https:\/\/unser-niedersaubach.de\/index.php?rest_route=\/wp\/v2\/pages\/2549"}],"wp:attachment":[{"href":"https:\/\/unser-niedersaubach.de\/index.php?rest_route=%2Fwp%2Fv2%2Fmedia&parent=2896"}],"curies":[{"name":"wp","href":"https:\/\/api.w.org\/{rel}","templated":true}]}}

<p>________________________________________________________</p>
<h2>Franz Alt (* 28.10.1894/ + 01.11.1915)</h2>
<p>________________________________________________________</p>
<p>&nbsp;</p>
<p style="text-align: justify;">Franz Alt (&#8222;Homes&#8220; ausgangs der &#8222;Lach&#8220; am Ortsausgang links Richtung Rümmelbach) findet man in den Lebacher Familienbüchern von Gerhard Storb unter der Eintrags-Nr.: 18.</p>
<p style="text-align: justify;">Er ist laut Familienbuch Sohn des Bergmanns Jacob Alt(* 29.07.1858/ + 19.03.1924) und Louise Jank (* 20.04.1864 in Gonnesweiler/ + 23.03.1926).</p>
<p><img loading="lazy" decoding="async" title="Alt_Franz_450" src="http://unser-niedersaubach.de/wp-content/uploads/2009/10/Alt_Franz_450.jpg" alt="Franz Alt, FAR 16, * 1894 (Niedersaubach)/ + 1915 (Kevevara, Serbien)" width="450" height="688" /></p>
<p style="text-align: justify;">Sein Todesdatum wird auch von Peter Adam in der Ortschronik für den 01.11.1915 vermerkt.</p>
<p style="text-align: justify;">Als Todesursache halten sowohl Peter Adam als auch Gerhard Storb „Typhus“ fest. Gestorben ist er in einem Lazarett bei Kevevara; Kevevara gehörte damals zu Österreich-Ungarn und gehörte zum Banat (dem Siedlungsgebiet der Donauschwaben). Kevevara liegt seit dem Versailler Friedensvertrag in der serbischen Provinz Vojvodina und heißt jetzt: Kovin.</p>
<p style="text-align: justify;">Der Volksbund weist für Franz Alt keine mögliche Grablage nach.</p>
<p style="text-align: justify;">Franz Alt diente als Kanonier im lothringischen Fußartillerie-Regiment Nr. 16 (in der 5. Batterie des II. Bataillons). <span style="color: #0000ff;"><strong><a title="Verlustlisten" href="http://www.denkmalprojekt.org/Verlustlisten/vl_lothr_fusart-reg_16_wk1_1-13_batt.htm" target="_blank" rel="noopener">In den Verlustlisten dieses Regiments</a> </strong><span style="color: #000000;">ist er auch namentlich genannt</span><strong>. <a title="Fußartillerie-Regiment 16" href="http://de.wikipedia.org/wiki/XVI._Armee-Korps_(Deutsches_Kaiserreich)" target="_blank" rel="noopener">Das lothringische Fußartillerie-Regiment Nr. 16 war direkt dem XVI. Armeekorps in Metz unterstellt.</a></strong></span></p>
<p style="text-align: justify;">Zur Erklärung: <span style="color: #0000ff;"><strong><a title="Gliederung des deutschen Heeres" href="http://de.wikipedia.org/wiki/Deutsches_Heer_%28Deutsches_Kaiserreich%29#Gliederung" target="_blank" rel="noopener">Das XVI. Armeekorps in Metz unterstand der VII. Armeeinspektion in Saarbrücken.</a></strong></span></p>
<p style="text-align: justify;">Zum kriegsgeschichtlichen Hintergrund: Am 6. Oktober 1915 beginnt die deutsche Offensive gegen Serbien, um Österreich-Ungarn zu entlasten. Diese Offensive wird mit dem Rückzug der Serben unter hohen serbischen Verlusten am 23. November 1915 durch die Mittelmächte erfolgreich abgeschlossen.</p>
<p style="text-align: justify;">Franz Alt ist offensichtlich auf dem Vormarsch nach Serbien an Typhus gestorben.</p>

<p>________________________________________________________ Franz Alt (* 28.10.1894/ + 01.11.1915) ________________________________________________________ &nbsp; Franz Alt (&#8222;Homes&#8220; ausgangs der &#8222;Lach&#8220; am Ortsausgang links Richtung Rümmelbach) findet man in den Lebacher Familienbüchern von Gerhard Storb unter der Eintrags-Nr.: 18. Er ist laut Familienbuch Sohn des Bergmanns &hellip; <a href="https://unser-niedersaubach.de/?page_id=2896">Weiterlesen <span class="meta-nav">&rarr;</span></a></p>
