{"id":2911,"date":"2011-05-25T14:50:12","date_gmt":"2011-05-25T13:50:12","guid":{"rendered":"http:\/\/unser-niedersaubach.de\/?page_id=2911"},"modified":"2018-05-21T15:24:33","modified_gmt":"2018-05-21T14:24:33","slug":"wilhelm-brill","status":"publish","type":"page","link":"https:\/\/unser-niedersaubach.de\/?page_id=2911","title":{"rendered":"Wilhelm Brill"},"content":{"rendered":"<p>________________________________________________________<\/p>\n<h2>Wilhelm Brill (* 01.12.1892\/ + 22.11.1914)<\/h2>\n<p>________________________________________________________<\/p>\n<p style=\"text-align: justify;\">Wilhelm Brill, ein Greinhofer (der Greinhof war ein Einsiedlerhof n\u00f6rdlich von R\u00fcmmelbach Richtung Gresaubach), wird von Peter Adam in der Ortschronik nicht erw\u00e4hnt. Vermutlich ist er nicht in Niedersaubach, sondern in Gresaubach zur Schule gegangen.<\/p>\n<p style=\"text-align: justify;\">Allerdings wird er auf den Erinnerungstafeln in der Antoniuskapelle aufgef\u00fchrt. Dar\u00fcber hatte ich mit Pastor Meiser, der die Tafeln in den 70er Jahren anbringen lie\u00df, gesprochen. Er hatte die Namen von alten Marmortafeln, die in der Kapelle angebracht waren, einfach \u00fcbernommen. Die Vorfahren werden sicherlich gewusst haben, warum Sie Wilhelm Brill zu den Niedersaubachern rechneten.<\/p>\n<p style=\"text-align: justify;\">In den Lebacher Familienb\u00fcchern wird er unter Nr. 458 (* 01.12.1892\/ + 22.11.1914 im Argonner Wald) genannt als Sohn von Johann Brill (Bergmann, * ? in Steinbach\/ + 30.03.1906 auf Greinhof) und Elisabeth Quinten (* 02.07.1855 auf Greinhof\/ + 28.06.1923).<\/p>\n<p style=\"text-align: justify;\">Weitere Hinweise, weder beim Volksbund noch bei Ernst Schmitt, finden sich nicht.<\/p>\n<p style=\"text-align: justify;\">Ohne Regimentsangabe ist es sehr schwierig, Wilhelm Brill in den Verlustlisten des 1. Weltkrieges zu finden.<\/p>\n<p style=\"text-align: justify;\">Zum kriegsgeschichtlichen Hintergrund: Der deutsche Vormarsch auf Paris, ausgetragen in der 1. Marne-Schlacht zwischen dem 5. und 12. September 1914, kam \u00fcberraschend zum Halten (die Franzosen sprechen vom &#8222;Wunder an der Marne&#8220;). In der Folge entwickelte sich ein Stellungskrieg, der westlich von Verdun bzw. westlich von Varennes auch im Argonnerwald ausgetragen wurde. Die deutschen Angriffsbem\u00fchungen (insbesondere durch die 5. Armee) richteten sich dabei auf die Einnahme von Verdun.<\/p>\n<p style=\"text-align: justify;\">Der Argonnerwald wird in Nord-S\u00fcd-Richtung durch eine alte R\u00f6merstra\u00dfe durchzogen. <strong><a title=\"Argonnerwald\" href=\"http:\/\/maps.google.de\/maps?f=q&amp;source=s_q&amp;hl=de&amp;geocode=&amp;q=varennes-en-argonne&amp;sll=49.156562,5.194473&amp;sspn=0.131799,0.43808&amp;ie=UTF8&amp;hq=&amp;hnear=Varennes-en-Argonne,+Maas,+Lothringen,+Frankreich&amp;ll=49.251672,4.906769&amp;spn=0.274298,0.614548&amp;z=11&amp;iwloc=A\" target=\"_blank\" rel=\"noopener\"><span style=\"color: #0000ff;\">Strategisch bedeutsamer waren die Stra\u00dfen, die den Argonnerwald in Ost-West-Richtung (zum Vormarsch auf Paris) kreuzten: Apremont &#8211; Binarville, Montblainville &#8211; Servon und Varennes &#8211; Le Four de Paris.<\/span><\/a><\/strong><\/p>\n<p style=\"text-align: justify;\">Wilhelm Brill ist im Argonnerwald umgekommen. <strong><a title=\"Soldatenfriedhof Servan-Melzicourt\" href=\"http:\/\/www.volksbund.de\/kriegsgraeberstaetten.html?stadt=760\" target=\"_blank\" rel=\"noopener\"><span style=\"color: #0000ff;\">Die franz\u00f6sischen Milit\u00e4rbeh\u00f6rden haben nach dem 1. Weltkrieg in Servan-Melzicourt einen deutschen Sammelfriedhof eingerichtet<\/span><\/a><span style=\"color: #0000ff;\">.<\/span><\/strong> Dort ist Wilhelm Brill vielleicht zu finden.<\/p>\n<p>&nbsp;<\/p>\n","protected":false},"excerpt":{"rendered":"<p>________________________________________________________ Wilhelm Brill (* 01.12.1892\/ + 22.11.1914) ________________________________________________________ Wilhelm Brill, ein Greinhofer (der Greinhof war ein Einsiedlerhof n\u00f6rdlich von R\u00fcmmelbach Richtung Gresaubach), wird von Peter Adam in der Ortschronik nicht erw\u00e4hnt. Vermutlich ist er nicht in Niedersaubach, sondern in Gresaubach &hellip; <a href=\"https:\/\/unser-niedersaubach.de\/?page_id=2911\">Weiterlesen <span class=\"meta-nav\">&rarr;<\/span><\/a><\/p>\n","protected":false},"author":2,"featured_media":0,"parent":2549,"menu_order":4,"comment_status":"closed","ping_status":"closed","template":"","meta":{"ngg_post_thumbnail":0,"footnotes":""},"class_list":["post-2911","page","type-page","status-publish","hentry"],"_links":{"self":[{"href":"https:\/\/unser-niedersaubach.de\/index.php?rest_route=\/wp\/v2\/pages\/2911","targetHints":{"allow":["GET"]}}],"collection":[{"href":"https:\/\/unser-niedersaubach.de\/index.php?rest_route=\/wp\/v2\/pages"}],"about":[{"href":"https:\/\/unser-niedersaubach.de\/index.php?rest_route=\/wp\/v2\/types\/page"}],"author":[{"embeddable":true,"href":"https:\/\/unser-niedersaubach.de\/index.php?rest_route=\/wp\/v2\/users\/2"}],"replies":[{"embeddable":true,"href":"https:\/\/unser-niedersaubach.de\/index.php?rest_route=%2Fwp%2Fv2%2Fcomments&post=2911"}],"version-history":[{"count":5,"href":"https:\/\/unser-niedersaubach.de\/index.php?rest_route=\/wp\/v2\/pages\/2911\/revisions"}],"predecessor-version":[{"id":7616,"href":"https:\/\/unser-niedersaubach.de\/index.php?rest_route=\/wp\/v2\/pages\/2911\/revisions\/7616"}],"up":[{"embeddable":true,"href":"https:\/\/unser-niedersaubach.de\/index.php?rest_route=\/wp\/v2\/pages\/2549"}],"wp:attachment":[{"href":"https:\/\/unser-niedersaubach.de\/index.php?rest_route=%2Fwp%2Fv2%2Fmedia&parent=2911"}],"curies":[{"name":"wp","href":"https:\/\/api.w.org\/{rel}","templated":true}]}}

<p>________________________________________________________</p>
<h2>Wilhelm Brill (* 01.12.1892/ + 22.11.1914)</h2>
<p>________________________________________________________</p>
<p style="text-align: justify;">Wilhelm Brill, ein Greinhofer (der Greinhof war ein Einsiedlerhof nördlich von Rümmelbach Richtung Gresaubach), wird von Peter Adam in der Ortschronik nicht erwähnt. Vermutlich ist er nicht in Niedersaubach, sondern in Gresaubach zur Schule gegangen.</p>
<p style="text-align: justify;">Allerdings wird er auf den Erinnerungstafeln in der Antoniuskapelle aufgeführt. Darüber hatte ich mit Pastor Meiser, der die Tafeln in den 70er Jahren anbringen ließ, gesprochen. Er hatte die Namen von alten Marmortafeln, die in der Kapelle angebracht waren, einfach übernommen. Die Vorfahren werden sicherlich gewusst haben, warum Sie Wilhelm Brill zu den Niedersaubachern rechneten.</p>
<p style="text-align: justify;">In den Lebacher Familienbüchern wird er unter Nr. 458 (* 01.12.1892/ + 22.11.1914 im Argonner Wald) genannt als Sohn von Johann Brill (Bergmann, * ? in Steinbach/ + 30.03.1906 auf Greinhof) und Elisabeth Quinten (* 02.07.1855 auf Greinhof/ + 28.06.1923).</p>
<p style="text-align: justify;">Weitere Hinweise, weder beim Volksbund noch bei Ernst Schmitt, finden sich nicht.</p>
<p style="text-align: justify;">Ohne Regimentsangabe ist es sehr schwierig, Wilhelm Brill in den Verlustlisten des 1. Weltkrieges zu finden.</p>
<p style="text-align: justify;">Zum kriegsgeschichtlichen Hintergrund: Der deutsche Vormarsch auf Paris, ausgetragen in der 1. Marne-Schlacht zwischen dem 5. und 12. September 1914, kam überraschend zum Halten (die Franzosen sprechen vom &#8222;Wunder an der Marne&#8220;). In der Folge entwickelte sich ein Stellungskrieg, der westlich von Verdun bzw. westlich von Varennes auch im Argonnerwald ausgetragen wurde. Die deutschen Angriffsbemühungen (insbesondere durch die 5. Armee) richteten sich dabei auf die Einnahme von Verdun.</p>
<p style="text-align: justify;">Der Argonnerwald wird in Nord-Süd-Richtung durch eine alte Römerstraße durchzogen. <strong><a title="Argonnerwald" href="http://maps.google.de/maps?f=q&amp;source=s_q&amp;hl=de&amp;geocode=&amp;q=varennes-en-argonne&amp;sll=49.156562,5.194473&amp;sspn=0.131799,0.43808&amp;ie=UTF8&amp;hq=&amp;hnear=Varennes-en-Argonne,+Maas,+Lothringen,+Frankreich&amp;ll=49.251672,4.906769&amp;spn=0.274298,0.614548&amp;z=11&amp;iwloc=A" target="_blank" rel="noopener"><span style="color: #0000ff;">Strategisch bedeutsamer waren die Straßen, die den Argonnerwald in Ost-West-Richtung (zum Vormarsch auf Paris) kreuzten: Apremont &#8211; Binarville, Montblainville &#8211; Servon und Varennes &#8211; Le Four de Paris.</span></a></strong></p>
<p style="text-align: justify;">Wilhelm Brill ist im Argonnerwald umgekommen. <strong><a title="Soldatenfriedhof Servan-Melzicourt" href="http://www.volksbund.de/kriegsgraeberstaetten.html?stadt=760" target="_blank" rel="noopener"><span style="color: #0000ff;">Die französischen Militärbehörden haben nach dem 1. Weltkrieg in Servan-Melzicourt einen deutschen Sammelfriedhof eingerichtet</span></a><span style="color: #0000ff;">.</span></strong> Dort ist Wilhelm Brill vielleicht zu finden.</p>
<p>&nbsp;</p>

<p>________________________________________________________ Wilhelm Brill (* 01.12.1892/ + 22.11.1914) ________________________________________________________ Wilhelm Brill, ein Greinhofer (der Greinhof war ein Einsiedlerhof nördlich von Rümmelbach Richtung Gresaubach), wird von Peter Adam in der Ortschronik nicht erwähnt. Vermutlich ist er nicht in Niedersaubach, sondern in Gresaubach &hellip; <a href="https://unser-niedersaubach.de/?page_id=2911">Weiterlesen <span class="meta-nav">&rarr;</span></a></p>
