{"id":2922,"date":"2011-05-25T20:53:26","date_gmt":"2011-05-25T19:53:26","guid":{"rendered":"http:\/\/unser-niedersaubach.de\/?page_id=2922"},"modified":"2018-05-21T15:25:40","modified_gmt":"2018-05-21T14:25:40","slug":"2922-2","status":"publish","type":"page","link":"https:\/\/unser-niedersaubach.de\/?page_id=2922","title":{"rendered":"Nikolaus Br\u00fcck"},"content":{"rendered":"<p>________________________________________________________<\/p>\n<h2>Nikolaus Br\u00fcck (* 01.12.1893\/ + 21.04.1915)<\/h2>\n<p>________________________________________________________<\/p>\n<p style=\"text-align: justify;\">In den Lebacher Familienb\u00fcchern erscheint Nikolaus Br\u00fcck (der Hausnamen ist: &#8222;Diwer&#8220; aus der &#8222;Lach&#8220;) unter der Nr.: 525 (* 01.12.1893\/ + 21.04.1915). Gerhard Storb vermerkt, dass er erst nach vielen Jahren, n\u00e4mlich am 29.07.1965, f\u00fcr tot erkl\u00e4rt worden ist. Nikolaus Br\u00fcck ist Sohn des Ackerers Nikolaus Br\u00fcck (* 14.10.1854\/ + ?) und Maria Biesel (* 26.02.1857\/ + 17.05.1896).<\/p>\n<div id=\"attachment_3361\" style=\"width: 460px\" class=\"wp-caption aligncenter\"><img loading=\"lazy\" decoding=\"async\" aria-describedby=\"caption-attachment-3361\" class=\"size-full wp-image-3361\" title=\"Brueck-Nikolaus_450\" src=\"http:\/\/unser-niedersaubach.de\/wp-content\/uploads\/2011\/05\/Brueck-Nikolaus_450.jpg\" alt=\"\" width=\"450\" height=\"708\" srcset=\"https:\/\/unser-niedersaubach.de\/wp-content\/uploads\/2011\/05\/Brueck-Nikolaus_450.jpg 450w, https:\/\/unser-niedersaubach.de\/wp-content\/uploads\/2011\/05\/Brueck-Nikolaus_450-190x300.jpg 190w\" sizes=\"auto, (max-width: 450px) 100vw, 450px\" \/><p id=\"caption-attachment-3361\" class=\"wp-caption-text\">Nikolaus Br\u00fcck, Fotoarchiv: Adelinde Schu<\/p><\/div>\n<p style=\"text-align: justify;\"><span style=\"color: #000000;\">Eine weitl\u00e4ufige Verwandte, Adelinde Schu (Diwer), erz\u00e4hlt, im Diwer-Haus in der Lach h\u00e4tten urspr\u00fcnglich 2 &#8222;Diwer-Linien&#8220; getrennt nebeneinander bzw. \u00fcbereinander gewohnt (die Stammv\u00e4ter seien Cousins gewesen). Jene Linie, aus der Nikolaus Br\u00fcck stammte, sei sp\u00e4ter nach Bettingen verzogen.<\/span><\/p>\n<div id=\"attachment_3362\" style=\"width: 460px\" class=\"wp-caption aligncenter\"><img loading=\"lazy\" decoding=\"async\" aria-describedby=\"caption-attachment-3362\" class=\"size-full wp-image-3362\" title=\"Brueck-Nikolaus_2_450\" src=\"http:\/\/unser-niedersaubach.de\/wp-content\/uploads\/2011\/05\/Brueck-Nikolaus_2_450.jpg\" alt=\"\" width=\"450\" height=\"680\" srcset=\"https:\/\/unser-niedersaubach.de\/wp-content\/uploads\/2011\/05\/Brueck-Nikolaus_2_450.jpg 450w, https:\/\/unser-niedersaubach.de\/wp-content\/uploads\/2011\/05\/Brueck-Nikolaus_2_450-198x300.jpg 198w\" sizes=\"auto, (max-width: 450px) 100vw, 450px\" \/><p id=\"caption-attachment-3362\" class=\"wp-caption-text\">Nikolaus Br\u00fcck (rechts) mit einem Kameraden, Fotoarchiv: Adelinde Schu<\/p><\/div>\n<p style=\"text-align: justify;\">Peter Adam h\u00e4lt in der Ortschronik fest, dass Nikolaus Br\u00fcck als Rekrut einberufen worden sei und an der Westfront (21.04.1915) vermisst werde. In diesen f\u00fcrchterlichen April-Tagen tobte im Westen die <strong><a title=\"2. Flandernschlacht\" href=\"http:\/\/de.wikipedia.org\/wiki\/Zweite_Flandernschlacht\" target=\"_blank\" rel=\"noopener\"><span style=\"color: #0000ff;\">2. Flandern-Schlacht<\/span><\/a><\/strong>.<\/p>\n<p style=\"text-align: justify;\">In den zug\u00e4nglichen Verlustlisten konnte ich Nikolaus Br\u00fcck nicht finden. Auch der Volksbund hat seine Grablage nicht vermerkt.<\/p>\n<p style=\"text-align: justify;\">Allerdings erkennt man an seinem Kragenspiegel (s. oben), dass er F\u00fcsilier der <a title=\"86. Infanteriebrigade\" href=\"http:\/\/wiki-de.genealogy.net\/86._Infanterie-Brigade\" target=\"_blank\" rel=\"noopener\"><strong><span style=\"color: #0000ff;\">86. Infanteriebrigade<\/span><\/strong><\/a> war, die bei Kriegsausbruch ihren Sitz in Saarlouis hatte und der in Metz beheimateten <a title=\"34. Infanteriedivision\" href=\"http:\/\/wiki-de.genealogy.net\/Milit%C3%A4r\/Formationsgeschichte\/Deutschland\/Alte_Armee\/34._Division\" target=\"_blank\" rel=\"noopener\"><strong><span style=\"color: #0000ff;\">34. Infanteriedivision<\/span><\/strong><\/a> unterstellt war. Das bedeutet, dass Nikolaus Br\u00fcck entweder im 4. Rheinischen Infanterieregiment &#8222;Graf Werder&#8220; (Standort Saarlouis) oder\u00a0 im 9. Lothringischen Infanterieregiment (Standort St. Avold) gedient hatte.<\/p>\n<p style=\"text-align: justify;\">Nikolaus Br\u00fcck wurde laut Peter Adam (Ortschronik) seit dem 21. April 1915 an der Westfront vermisst. Zwischen 25.09.1914 \u2013 20.08.1916\u00a0 lag die 34. Infanteriedivision im schweren Stellungskrieg im Argonner Wald. Es darf also vermutet werden, dass unser Diwer Bub seinen Tod im <a title=\"Argonner Wald\" href=\"http:\/\/de.wikipedia.org\/wiki\/Argonnen\" target=\"_blank\" rel=\"noopener\"><strong><span style=\"color: #0000ff;\">Argonner Wald<\/span><\/strong><\/a> gefunden hat.<\/p>\n<p style=\"text-align: justify;\">Lothar Schmidt<\/p>\n","protected":false},"excerpt":{"rendered":"<p>________________________________________________________ Nikolaus Br\u00fcck (* 01.12.1893\/ + 21.04.1915) ________________________________________________________ In den Lebacher Familienb\u00fcchern erscheint Nikolaus Br\u00fcck (der Hausnamen ist: &#8222;Diwer&#8220; aus der &#8222;Lach&#8220;) unter der Nr.: 525 (* 01.12.1893\/ + 21.04.1915). Gerhard Storb vermerkt, dass er erst nach vielen Jahren, n\u00e4mlich &hellip; <a href=\"https:\/\/unser-niedersaubach.de\/?page_id=2922\">Weiterlesen <span class=\"meta-nav\">&rarr;<\/span><\/a><\/p>\n","protected":false},"author":2,"featured_media":0,"parent":2549,"menu_order":6,"comment_status":"closed","ping_status":"closed","template":"","meta":{"ngg_post_thumbnail":0,"footnotes":""},"class_list":["post-2922","page","type-page","status-publish","hentry"],"_links":{"self":[{"href":"https:\/\/unser-niedersaubach.de\/index.php?rest_route=\/wp\/v2\/pages\/2922","targetHints":{"allow":["GET"]}}],"collection":[{"href":"https:\/\/unser-niedersaubach.de\/index.php?rest_route=\/wp\/v2\/pages"}],"about":[{"href":"https:\/\/unser-niedersaubach.de\/index.php?rest_route=\/wp\/v2\/types\/page"}],"author":[{"embeddable":true,"href":"https:\/\/unser-niedersaubach.de\/index.php?rest_route=\/wp\/v2\/users\/2"}],"replies":[{"embeddable":true,"href":"https:\/\/unser-niedersaubach.de\/index.php?rest_route=%2Fwp%2Fv2%2Fcomments&post=2922"}],"version-history":[{"count":12,"href":"https:\/\/unser-niedersaubach.de\/index.php?rest_route=\/wp\/v2\/pages\/2922\/revisions"}],"predecessor-version":[{"id":7619,"href":"https:\/\/unser-niedersaubach.de\/index.php?rest_route=\/wp\/v2\/pages\/2922\/revisions\/7619"}],"up":[{"embeddable":true,"href":"https:\/\/unser-niedersaubach.de\/index.php?rest_route=\/wp\/v2\/pages\/2549"}],"wp:attachment":[{"href":"https:\/\/unser-niedersaubach.de\/index.php?rest_route=%2Fwp%2Fv2%2Fmedia&parent=2922"}],"curies":[{"name":"wp","href":"https:\/\/api.w.org\/{rel}","templated":true}]}}

Nikolaus Brück

<p>________________________________________________________</p>
<h2>Nikolaus Brück (* 01.12.1893/ + 21.04.1915)</h2>
<p>________________________________________________________</p>
<p style="text-align: justify;">In den Lebacher Familienbüchern erscheint Nikolaus Brück (der Hausnamen ist: &#8222;Diwer&#8220; aus der &#8222;Lach&#8220;) unter der Nr.: 525 (* 01.12.1893/ + 21.04.1915). Gerhard Storb vermerkt, dass er erst nach vielen Jahren, nämlich am 29.07.1965, für tot erklärt worden ist. Nikolaus Brück ist Sohn des Ackerers Nikolaus Brück (* 14.10.1854/ + ?) und Maria Biesel (* 26.02.1857/ + 17.05.1896).</p>
<div id="attachment_3361" style="width: 460px" class="wp-caption aligncenter"><img loading="lazy" decoding="async" aria-describedby="caption-attachment-3361" class="size-full wp-image-3361" title="Brueck-Nikolaus_450" src="http://unser-niedersaubach.de/wp-content/uploads/2011/05/Brueck-Nikolaus_450.jpg" alt="" width="450" height="708" srcset="https://unser-niedersaubach.de/wp-content/uploads/2011/05/Brueck-Nikolaus_450.jpg 450w, https://unser-niedersaubach.de/wp-content/uploads/2011/05/Brueck-Nikolaus_450-190x300.jpg 190w" sizes="auto, (max-width: 450px) 100vw, 450px" /><p id="caption-attachment-3361" class="wp-caption-text">Nikolaus Brück, Fotoarchiv: Adelinde Schu</p></div>
<p style="text-align: justify;"><span style="color: #000000;">Eine weitläufige Verwandte, Adelinde Schu (Diwer), erzählt, im Diwer-Haus in der Lach hätten ursprünglich 2 &#8222;Diwer-Linien&#8220; getrennt nebeneinander bzw. übereinander gewohnt (die Stammväter seien Cousins gewesen). Jene Linie, aus der Nikolaus Brück stammte, sei später nach Bettingen verzogen.</span></p>
<div id="attachment_3362" style="width: 460px" class="wp-caption aligncenter"><img loading="lazy" decoding="async" aria-describedby="caption-attachment-3362" class="size-full wp-image-3362" title="Brueck-Nikolaus_2_450" src="http://unser-niedersaubach.de/wp-content/uploads/2011/05/Brueck-Nikolaus_2_450.jpg" alt="" width="450" height="680" srcset="https://unser-niedersaubach.de/wp-content/uploads/2011/05/Brueck-Nikolaus_2_450.jpg 450w, https://unser-niedersaubach.de/wp-content/uploads/2011/05/Brueck-Nikolaus_2_450-198x300.jpg 198w" sizes="auto, (max-width: 450px) 100vw, 450px" /><p id="caption-attachment-3362" class="wp-caption-text">Nikolaus Brück (rechts) mit einem Kameraden, Fotoarchiv: Adelinde Schu</p></div>
<p style="text-align: justify;">Peter Adam hält in der Ortschronik fest, dass Nikolaus Brück als Rekrut einberufen worden sei und an der Westfront (21.04.1915) vermisst werde. In diesen fürchterlichen April-Tagen tobte im Westen die <strong><a title="2. Flandernschlacht" href="http://de.wikipedia.org/wiki/Zweite_Flandernschlacht" target="_blank" rel="noopener"><span style="color: #0000ff;">2. Flandern-Schlacht</span></a></strong>.</p>
<p style="text-align: justify;">In den zugänglichen Verlustlisten konnte ich Nikolaus Brück nicht finden. Auch der Volksbund hat seine Grablage nicht vermerkt.</p>
<p style="text-align: justify;">Allerdings erkennt man an seinem Kragenspiegel (s. oben), dass er Füsilier der <a title="86. Infanteriebrigade" href="http://wiki-de.genealogy.net/86._Infanterie-Brigade" target="_blank" rel="noopener"><strong><span style="color: #0000ff;">86. Infanteriebrigade</span></strong></a> war, die bei Kriegsausbruch ihren Sitz in Saarlouis hatte und der in Metz beheimateten <a title="34. Infanteriedivision" href="http://wiki-de.genealogy.net/Milit%C3%A4r/Formationsgeschichte/Deutschland/Alte_Armee/34._Division" target="_blank" rel="noopener"><strong><span style="color: #0000ff;">34. Infanteriedivision</span></strong></a> unterstellt war. Das bedeutet, dass Nikolaus Brück entweder im 4. Rheinischen Infanterieregiment &#8222;Graf Werder&#8220; (Standort Saarlouis) oder  im 9. Lothringischen Infanterieregiment (Standort St. Avold) gedient hatte.</p>
<p style="text-align: justify;">Nikolaus Brück wurde laut Peter Adam (Ortschronik) seit dem 21. April 1915 an der Westfront vermisst. Zwischen 25.09.1914 – 20.08.1916  lag die 34. Infanteriedivision im schweren Stellungskrieg im Argonner Wald. Es darf also vermutet werden, dass unser Diwer Bub seinen Tod im <a title="Argonner Wald" href="http://de.wikipedia.org/wiki/Argonnen" target="_blank" rel="noopener"><strong><span style="color: #0000ff;">Argonner Wald</span></strong></a> gefunden hat.</p>
<p style="text-align: justify;">Lothar Schmidt</p>

<p>________________________________________________________ Nikolaus Brück (* 01.12.1893/ + 21.04.1915) ________________________________________________________ In den Lebacher Familienbüchern erscheint Nikolaus Brück (der Hausnamen ist: &#8222;Diwer&#8220; aus der &#8222;Lach&#8220;) unter der Nr.: 525 (* 01.12.1893/ + 21.04.1915). Gerhard Storb vermerkt, dass er erst nach vielen Jahren, nämlich &hellip; <a href="https://unser-niedersaubach.de/?page_id=2922">Weiterlesen <span class="meta-nav">&rarr;</span></a></p>
