{"id":2967,"date":"2011-05-25T21:58:59","date_gmt":"2011-05-25T20:58:59","guid":{"rendered":"http:\/\/unser-niedersaubach.de\/?page_id=2967"},"modified":"2018-05-21T15:29:39","modified_gmt":"2018-05-21T14:29:39","slug":"2967-2","status":"publish","type":"page","link":"https:\/\/unser-niedersaubach.de\/?page_id=2967","title":{"rendered":"Johann Riehm"},"content":{"rendered":"<p>________________________________________________________<\/p>\n<h2>Johann Riehm (* 14.02.1889\/ + 1914 oder 1915)<\/h2>\n<p>________________________________________________________<\/p>\n<p>&nbsp;<\/p>\n<p style=\"text-align: justify;\"><span style=\"color: #000000;\">Johann Riehm wird in der Ortschronik 4 mal genannt. Dabei bin ich zu der \u00dcberzeugung gelangt, dass Peter Adam, der seine Liste nicht alphabetisch sortiert und auch nicht durchg\u00e4ngig gef\u00fchrt hat, sich einfach vertan hat. Ein Beleg daf\u00fcr ist, dass Johann Riehm auf der Gedenktafel in der Antoniuskapelle nur 1 mal aufgef\u00fchrt ist und auch in den Lebacher Familienb\u00fcchern nur 1 mal zu finden ist.<\/span><\/p>\n<p style=\"text-align: justify;\"><span style=\"color: #000000;\">Also: Unser Johann Riehm stammt vermutlich aus &#8222;Rauen&#8220; im &#8222;Unnerschden Ecken&#8220;.<\/span><\/p>\n<p style=\"text-align: justify;\"><span style=\"color: #000000;\">Dort steht er unter der Eintrags-Nr.: 2340 (* 14.02.1889\/ + ?) als Sohn des Ackerers Peter Riehm (* 09.07.1856\/ + 04.05.1917) und von Maria Baus (* 30.07.1857 in Eiweiler\/ + 22.01.1935).<\/span><\/p>\n<p style=\"text-align: justify;\"><span style=\"color: #000000;\">Peter Adam h\u00e4lt einmal fest (Ortschronik S. 181), dass Johann Riehm aus \u201eRauen\u201c (Hausname im \u201eUnnerschden Ecken\u201c) als Reservist zur Landwehr eingezogen worden sei und bei den \u00d6sterreichern an der Ostfront gefallen sei (Ende 1914). Allerdings, und das spricht gegen meine Annahme, nennt er auch einen Johann Riehm aus &#8222;Schommersch&#8220;. Und Rauen und Schommersch sind nicht dieselben Hausnamen.<\/span><\/p>\n<p style=\"text-align: justify;\"><span style=\"color: #000000;\">Aber sein Neffe Robert Schmidt (Rauen) best\u00e4tigt, dass Johann Riehm sein Onkel war. Johann Riehm sei bei Ausbruch des 1. Weltkrieges Reservist gewesen, der vorher in K\u00f6ln gedient habe.<\/span><\/p>\n<div id=\"attachment_3954\" style=\"width: 460px\" class=\"wp-caption aligncenter\"><img loading=\"lazy\" decoding=\"async\" aria-describedby=\"caption-attachment-3954\" class=\"size-full wp-image-3954\" title=\"Riehm-Johann\" src=\"http:\/\/unser-niedersaubach.de\/wp-content\/uploads\/2011\/05\/Riehm-Johann.jpg\" alt=\"\" width=\"450\" height=\"906\" srcset=\"https:\/\/unser-niedersaubach.de\/wp-content\/uploads\/2011\/05\/Riehm-Johann.jpg 450w, https:\/\/unser-niedersaubach.de\/wp-content\/uploads\/2011\/05\/Riehm-Johann-149x300.jpg 149w\" sizes=\"auto, (max-width: 450px) 100vw, 450px\" \/><p id=\"caption-attachment-3954\" class=\"wp-caption-text\">Johann Riehm w\u00e4hrend seines Wehrdienstes in K\u00f6ln, Fotoarchiv: Robert Schmidt (Rauen)<\/p><\/div>\n<p style=\"text-align: justify;\">Als er bei Ausbruch des 1. Weltkrieges eingezogen wurde, sei er gerade 2 Wochen nach Eppelborn verheiratet gewesen (ins Haus Bronder &#8211; Gasthaus &#8211; unterhalb der Eppelborner Kirche).<span style=\"color: #000000;\"> Kinder habe er keine gehabt.<\/span><\/p>\n<p style=\"text-align: justify;\"><strong><span style=\"color: #0000ff;\"><a title=\"Grablage eines Johann Riehm laut Volksbund\" href=\"http:\/\/www.volksbund.de\/index.php?id=1775&amp;tx_igverlustsuche_pi2[gid]=c277d698669239c4f87e198f87ebd05a\" target=\"_blank\" rel=\"noopener\"><span style=\"color: #0000ff;\">Der Volksbund kennt tats\u00e4chlich die Grablage eines Johann Riehm, der am 23. September 1915 an der Westfront gefallen ist und in Berru () bestattet ist<\/span><\/a>.<a title=\"Sammelfriedhof Berru (Marne) laut Volksbund\" href=\"http:\/\/www.volksbund.de\/kriegsgraeberstaetten.html?fhnr=f1ea4369f3a7212265078451b29c9e45\" target=\"_blank\" rel=\"noopener\"> <span style=\"color: #0000ff;\">Der Soldatenfriedhof in Berru liegt im D\u00e9partement Marne und ist erst nach dem 1. Weltkrieg als Sammelfriedhof angelegt worden (Quelle: Volksbund)<\/span>.<\/a><\/span><\/strong><\/p>\n<p style=\"text-align: justify;\">Diese Grablage widerspr\u00e4che aber v\u00f6llig der Angabe des Dorfschullehrers in der Schulchronik, wo gesagt wird:\u00a0&#8222;vermisst an der Ostfront&#8220;. Und auch Rauen Robert (Robert Schmidt) best\u00e4tigt, dass die Familien\u00fcberlieferung sagte, er\u00a0w\u00fcrde in den &#8222;Karpaten&#8220; (\u00d6sterreich-Ungarn)\u00a0vermisst.<\/p>\n<p style=\"text-align: right;\"><em>Stand: 01.2012<\/em><\/p>\n","protected":false},"excerpt":{"rendered":"<p>________________________________________________________ Johann Riehm (* 14.02.1889\/ + 1914 oder 1915) ________________________________________________________ &nbsp; Johann Riehm wird in der Ortschronik 4 mal genannt. Dabei bin ich zu der \u00dcberzeugung gelangt, dass Peter Adam, der seine Liste nicht alphabetisch sortiert und auch nicht durchg\u00e4ngig &hellip; <a href=\"https:\/\/unser-niedersaubach.de\/?page_id=2967\">Weiterlesen <span class=\"meta-nav\">&rarr;<\/span><\/a><\/p>\n","protected":false},"author":2,"featured_media":0,"parent":2549,"menu_order":10,"comment_status":"closed","ping_status":"closed","template":"","meta":{"ngg_post_thumbnail":0,"footnotes":""},"class_list":["post-2967","page","type-page","status-publish","hentry"],"_links":{"self":[{"href":"https:\/\/unser-niedersaubach.de\/index.php?rest_route=\/wp\/v2\/pages\/2967","targetHints":{"allow":["GET"]}}],"collection":[{"href":"https:\/\/unser-niedersaubach.de\/index.php?rest_route=\/wp\/v2\/pages"}],"about":[{"href":"https:\/\/unser-niedersaubach.de\/index.php?rest_route=\/wp\/v2\/types\/page"}],"author":[{"embeddable":true,"href":"https:\/\/unser-niedersaubach.de\/index.php?rest_route=\/wp\/v2\/users\/2"}],"replies":[{"embeddable":true,"href":"https:\/\/unser-niedersaubach.de\/index.php?rest_route=%2Fwp%2Fv2%2Fcomments&post=2967"}],"version-history":[{"count":16,"href":"https:\/\/unser-niedersaubach.de\/index.php?rest_route=\/wp\/v2\/pages\/2967\/revisions"}],"predecessor-version":[{"id":7625,"href":"https:\/\/unser-niedersaubach.de\/index.php?rest_route=\/wp\/v2\/pages\/2967\/revisions\/7625"}],"up":[{"embeddable":true,"href":"https:\/\/unser-niedersaubach.de\/index.php?rest_route=\/wp\/v2\/pages\/2549"}],"wp:attachment":[{"href":"https:\/\/unser-niedersaubach.de\/index.php?rest_route=%2Fwp%2Fv2%2Fmedia&parent=2967"}],"curies":[{"name":"wp","href":"https:\/\/api.w.org\/{rel}","templated":true}]}}