{"id":2978,"date":"2011-05-25T22:14:42","date_gmt":"2011-05-25T21:14:42","guid":{"rendered":"http:\/\/unser-niedersaubach.de\/?page_id=2978"},"modified":"2018-05-21T15:32:31","modified_gmt":"2018-05-21T14:32:31","slug":"jakob-schmidt","status":"publish","type":"page","link":"https:\/\/unser-niedersaubach.de\/?page_id=2978","title":{"rendered":"Jakob Schmidt"},"content":{"rendered":"<p style=\"text-align: justify;\"><span style=\"color: #000000;\">________________________________________________________<\/span><\/p>\n<h2 style=\"text-align: justify;\"><span style=\"color: #000000;\">Jakob Schmidt (* 11.08.1899\/ + 25.08.1918)<\/span><\/h2>\n<p style=\"text-align: justify;\"><span style=\"color: #000000;\">________________________________________________________<\/span><\/p>\n<p style=\"text-align: justify;\"><span style=\"color: #000000;\">Der Schuhmacher Jakob Schmidt (Peter Adam sagt: &#8222;Schmitz&#8220; aus der &#8222;Lach&#8220;; tats\u00e4chlich ist er nach Angaben unseres Kollegen Josef Heinrich ein &#8222;Bietzer\/ Bejtzer&#8220; aus dem &#8222;Unnerschden Ecken&#8220;, und zwar ein Bruder des noch gut bekannten &#8222;Bejtzer Pitt&#8220;) wird bei Gerhard Storb unter der Nr.: 2713 (* 11.08.1899\/ + 25.08.1918) festgehalten. Ein Feldlazarett in Flandern (Belgien) wird als Todesort genannt. Er ist der Sohn des Schuhmachermeisters Peter Schmidt (* 10.05.1868\/ + 19.04.1939) und von Katharina Kallenborn (* 02.07.1874\/ + 18.11.1922).<\/span><\/p>\n<p><img loading=\"lazy\" decoding=\"async\" title=\"Schmidt-Jakob_Bietzer\" src=\"http:\/\/unser-niedersaubach.de\/wp-content\/uploads\/2009\/10\/Schmidt-Jakob_Bietzer-453x1023.jpg\" alt=\"Jakob Schmidt, 1899 - 1918, Fotoarchiv: Axel Alt\" width=\"408\" height=\"921\" \/><\/p>\n<p style=\"text-align: center;\"><span style=\"color: #808080;\"><em>Jakob Schmidt, 1899 &#8211; 1918, Fotoarchiv: Axel Alt<\/em> <\/span><\/p>\n<p style=\"text-align: justify;\"><span style=\"color: #000000;\">Auch die Ortschronik h\u00e4lt als Todesdatum den 25. August 1918 fest. Peter Adam berichtet, dass Schmitz Jakob als Kanonier beim Landsturm gedient habe und auf dem Weg ins Lazarett bei Roneg (Flandern) an der Ruhr gestorben sei. Ich konnte allerdings Roneg in Flandern auf belgischen Karten nicht finden.<\/span><\/p>\n<div id=\"attachment_3866\" style=\"width: 460px\" class=\"wp-caption aligncenter\"><img loading=\"lazy\" decoding=\"async\" aria-describedby=\"caption-attachment-3866\" class=\"size-full wp-image-3866\" title=\"Schmidt_Jakob_Alex_1918_2_450\" src=\"http:\/\/unser-niedersaubach.de\/wp-content\/uploads\/2011\/05\/Schmidt_Jakob_Alex_1918_2_450.jpg\" alt=\"\" width=\"450\" height=\"704\" srcset=\"https:\/\/unser-niedersaubach.de\/wp-content\/uploads\/2011\/05\/Schmidt_Jakob_Alex_1918_2_450.jpg 450w, https:\/\/unser-niedersaubach.de\/wp-content\/uploads\/2011\/05\/Schmidt_Jakob_Alex_1918_2_450-191x300.jpg 191w\" sizes=\"auto, (max-width: 450px) 100vw, 450px\" \/><p id=\"caption-attachment-3866\" class=\"wp-caption-text\">Totenbildchen von Jakob Schmidt, Archiv: Axel Alt (Bejtzer)<\/p><\/div>\n<p style=\"text-align: justify;\">Allerdings gibt es das St\u00e4dtchen <strong><span style=\"color: #0000ff;\"><a title=\"Roncq in Franz\u00f6sisch-Flandern im D\u00e9partement NORD, Quelle: Wikipedia\" href=\"http:\/\/fr.wikipedia.org\/wiki\/Roncq\" target=\"_blank\" rel=\"noopener\"><span style=\"color: #0000ff;\">Roncq<\/span><\/a><\/span><\/strong> in Franz\u00f6sisch-Flandern, das auf dem Sterbebildchen von Jakob Schmidt genannt ist. In den Schreibweisen von flandrischen Ortsnamen, egal ob sie nun in Belgisch-Flandern oder im franz\u00f6sischen Grenz-D\u00e9partement NORD liegen, gibt es erhebliche Unterschiede, je nachdem der Name auf Franz\u00f6sisch oder auf Fl\u00e4misch geschrieben worden ist. Meistens hat sich erst relativ sp\u00e4t eine klare fl\u00e4mische Schreibweise durchgesetzt. Warum unser Dorschullehrer Peter Adam damals Roneg notierte, kann ich nicht sagen; vielleicht liegt aber auch nur ein Lesfehler bei der Transkription aus dem S\u00fcterlin unserer Ortschronik vor.<\/p>\n<p style=\"text-align: justify;\"><span style=\"color: #000000;\">Der Belgier Chris Spriet, <span style=\"color: #ff0000;\"><strong><span style=\"color: #0000ff;\"><a title=\"Johann Grohs, Korrespondenz mit Chris Spriet aus Belgien\" href=\"http:\/\/unser-niedersaubach.de\/?p=2051\"><span style=\"color: #0000ff;\">der uns wegen Johann Grohs kontaktierte<\/span><\/a>,<\/span> <\/strong><span style=\"color: #000000;\">hat uns geholfen, nach der Grablage von Jakob Schmidt zu fahnden. Er schrieb am 13. Dezember 2011: <em>&#8222;Aber was mich besonders ertaunte, ist, dass\u00a0(man) jedoch einen Kanonier Jakob Schmidt\u00a0gefunden hat, der in der Tat am 25.08.1918 starb und bestattet wurde zu Bousbecque (auf der\u00a0franz\u00f6sischen Seite der Grenze, und zwar gar nicht weit von Roncq entfernt, wo er gefallen war, und zwar (Block) 3, Grab 915.&#8220;<\/em><\/span><\/span><\/span><\/p>\n<p style=\"text-align: justify;\">Der Volksbund best\u00e4tigt die Angaben von Chris Spriet am 10.01.2012: &#8222;In den uns vorliegenden Unterlagen, die aus deutschen, englischen, franz\u00f6sischen und belgischen Archiven zusammengefasst sind, konnte folgende Grabmeldung ermittelt werden:<\/p>\n<p style=\"text-align: justify; padding-left: 60px;\">Name:\u00a0\u00a0\u00a0\u00a0\u00a0\u00a0\u00a0\u00a0\u00a0\u00a0\u00a0\u00a0\u00a0\u00a0\u00a0\u00a0\u00a0\u00a0\u00a0\u00a0\u00a0\u00a0\u00a0\u00a0\u00a0\u00a0\u00a0\u00a0\u00a0\u00a0\u00a0 Jakob Schmidt<br \/>\nDiestgrad:\u00a0\u00a0\u00a0\u00a0\u00a0\u00a0\u00a0\u00a0\u00a0\u00a0\u00a0\u00a0\u00a0\u00a0\u00a0\u00a0\u00a0\u00a0\u00a0\u00a0\u00a0\u00a0\u00a0 \u00a0 Kanonier<br \/>\nTruppenteil:\u00a0\u00a0\u00a0\u00a0\u00a0\u00a0\u00a0\u00a0\u00a0\u00a0\u00a0\u00a0\u00a0\u00a0\u00a0\u00a0\u00a0\u00a0\u00a0\u00a0\u00a0 \u00a0 Stab\/ Ldw. Fuss. A. Btl. 41<br \/>\nTodestag:\u00a0\u00a0\u00a0\u00a0\u00a0\u00a0\u00a0\u00a0\u00a0\u00a0\u00a0\u00a0\u00a0\u00a0\u00a0\u00a0\u00a0\u00a0\u00a0\u00a0\u00a0\u00a0\u00a0\u00a0\u00a0\u00a0 25.08.1918<br \/>\nErstbestattet:\u00a0\u00a0\u00a0\u00a0\u00a0\u00a0\u00a0\u00a0\u00a0\u00a0\u00a0\u00a0\u00a0\u00a0\u00a0\u00a0\u00a0\u00a0\u00a0 Roncq<\/p>\n<p style=\"text-align: justify;\">Umgebettet (wurde er) in den 20er Jahren durch den franz\u00f6sischen Gr\u00e4berdienst auf den deutschen Soldatenfriedhof 1914\/18 Bousbeque\/ Frankreich, Block 3 &#8211; Grab 915.<br \/>\nErl\u00e4uternd m\u00f6chten wir hinzuf\u00fcgen, dass in unseren Unterlagen f\u00fcr die Gefallenen des Ersten Weltkrieges weder Geburts- noch Herkunftsdaten verzeichnet sind. Die Aufzeichnungen des ehemaligen Zentralnachweiseamts f\u00fcr Kriegsverluste und Kriegergr\u00e4be, wo seinerzeit die Unterlagen f\u00fcr die gefallenen des Ersten Weltkrieges gelagert wurden, sind gegen Ende des Zweiten Weltkrieges in Berlin durch Bombeneinwerkung weitestgehend vernichtet worden.&#8220;<\/p>\n<p style=\"text-align: justify;\">Chris Spriet f\u00fchrt weiter aus, dass sein Landwehr-Fu\u00df-Artillerie-Bataillon 41 vom 2. Pommerschen Fu\u00df-Artillerie-Regiment Nr. 17 begr\u00fcndet worden sei. Leider gebe es \u00fcber dieses Regiment keine bekannten Tageb\u00fccher.<\/p>\n<div id=\"attachment_4011\" style=\"width: 460px\" class=\"wp-caption aligncenter\"><a href=\"http:\/\/www.weltkriegsopfer.de\/Kriegsopfer-Jakob-Schmidt_Soldaten_0_670199.html\" target=\"_blank\" rel=\"noopener\"><img loading=\"lazy\" decoding=\"async\" aria-describedby=\"caption-attachment-4011\" class=\" wp-image-4011\" title=\"Soldatenfriedhof_Bousbecque_450\" src=\"http:\/\/unser-niedersaubach.de\/wp-content\/uploads\/2011\/05\/Soldatenfriedhof_Bousbecque_4501.jpg\" alt=\"\" width=\"450\" height=\"338\" srcset=\"https:\/\/unser-niedersaubach.de\/wp-content\/uploads\/2011\/05\/Soldatenfriedhof_Bousbecque_4501.jpg 450w, https:\/\/unser-niedersaubach.de\/wp-content\/uploads\/2011\/05\/Soldatenfriedhof_Bousbecque_4501-300x225.jpg 300w\" sizes=\"auto, (max-width: 450px) 100vw, 450px\" \/><\/a><p id=\"caption-attachment-4011\" class=\"wp-caption-text\">Deutscher Soldatenfriedhof in Bousbecque (franz. Flandern), Foto: Chris Spriet<\/p><\/div>\n<p style=\"text-align: justify;\"><span style=\"color: #000000;\">Zum kriegsgeschichtlichen Hintergrund: Im n\u00f6rdlichen Teil der Westfront drohte die franz\u00f6sische Offensive am 20. August 1918 nordwestlich von <\/span><strong><a title=\"Soissons\" href=\"http:\/\/maps.google.de\/maps?sourceid=navclient&amp;hl=de&amp;rlz=1T4GFRD_de___DE240&amp;q=Soissons&amp;um=1&amp;ie=UTF-8&amp;hq=&amp;hnear=Soissons,+Frankreich&amp;gl=de&amp;ei=mFD1Ssi0FsiA_QbDwvGgAw&amp;sa=X&amp;oi=geocode_result&amp;ct=title&amp;resnum=1&amp;ved=0CAsQ8gEwAA\" target=\"_blank\" rel=\"noopener\"><span style=\"color: #0000ff;\">Soissons<\/span><\/a><\/strong><span style=\"color: #000000;\"> und die britische Offensive am 21. August 1918 s\u00fcdlich von <strong><a title=\"Arras\" href=\"http:\/\/maps.google.de\/maps?sourceid=navclient&amp;hl=de&amp;rlz=1T4GFRD_de___DE240&amp;q=arras&amp;um=1&amp;ie=UTF-8&amp;hq=&amp;hnear=Arras,+Frankreich&amp;gl=de&amp;ei=8FD1SsboJc2e_AbW05ywAw&amp;sa=X&amp;oi=geocode_result&amp;ct=title&amp;resnum=1&amp;ved=0CA4Q8gEwAA\" target=\"_blank\" rel=\"noopener\"><span style=\"color: #0000ff;\">Arras<\/span><\/a><\/strong> die deutschen Abwehrstellungen aufzureiben. Am 23. August 1918 entschied sich die Oberste Heeresleitung der deutschen Armee, die deutschen Verteidigungslinien nach Osten auf die sogenannte \u201e<\/span><strong><a title=\"Siegfriedstellung\" href=\"http:\/\/de.wikipedia.org\/wiki\/Siegfriedstellung\" target=\"_blank\" rel=\"noopener\"><span style=\"color: #0000ff;\">Siegfriedstellung<\/span><\/a><\/strong><span style=\"color: #000000;\">\u201c zur\u00fcckzunehmen. Am Tag, als Schmitz Jakob starb, zeichnete sich ab, dass die deutsche Armee die Kraft zur Abwehr der britischen und franz\u00f6sischen Offensiven verlor. Massenhaft gerieten die deutschen Soldaten in Gefangenschaft; der Entsatz der v\u00f6llig ersch\u00f6pften deutschen Truppen funktionierte nicht mehr; die Reserven waren v\u00f6llig aufgebraucht.<\/span><\/p>\n<p style=\"text-align: right;\"><em>Stand: Januar 2012<\/em><\/p>\n","protected":false},"excerpt":{"rendered":"<p>________________________________________________________ Jakob Schmidt (* 11.08.1899\/ + 25.08.1918) ________________________________________________________ Der Schuhmacher Jakob Schmidt (Peter Adam sagt: &#8222;Schmitz&#8220; aus der &#8222;Lach&#8220;; tats\u00e4chlich ist er nach Angaben unseres Kollegen Josef Heinrich ein &#8222;Bietzer\/ Bejtzer&#8220; aus dem &#8222;Unnerschden Ecken&#8220;, und zwar ein Bruder des &hellip; <a href=\"https:\/\/unser-niedersaubach.de\/?page_id=2978\">Weiterlesen <span class=\"meta-nav\">&rarr;<\/span><\/a><\/p>\n","protected":false},"author":2,"featured_media":0,"parent":2549,"menu_order":13,"comment_status":"closed","ping_status":"closed","template":"","meta":{"ngg_post_thumbnail":0,"footnotes":""},"class_list":["post-2978","page","type-page","status-publish","hentry"],"_links":{"self":[{"href":"https:\/\/unser-niedersaubach.de\/index.php?rest_route=\/wp\/v2\/pages\/2978","targetHints":{"allow":["GET"]}}],"collection":[{"href":"https:\/\/unser-niedersaubach.de\/index.php?rest_route=\/wp\/v2\/pages"}],"about":[{"href":"https:\/\/unser-niedersaubach.de\/index.php?rest_route=\/wp\/v2\/types\/page"}],"author":[{"embeddable":true,"href":"https:\/\/unser-niedersaubach.de\/index.php?rest_route=\/wp\/v2\/users\/2"}],"replies":[{"embeddable":true,"href":"https:\/\/unser-niedersaubach.de\/index.php?rest_route=%2Fwp%2Fv2%2Fcomments&post=2978"}],"version-history":[{"count":33,"href":"https:\/\/unser-niedersaubach.de\/index.php?rest_route=\/wp\/v2\/pages\/2978\/revisions"}],"predecessor-version":[{"id":7632,"href":"https:\/\/unser-niedersaubach.de\/index.php?rest_route=\/wp\/v2\/pages\/2978\/revisions\/7632"}],"up":[{"embeddable":true,"href":"https:\/\/unser-niedersaubach.de\/index.php?rest_route=\/wp\/v2\/pages\/2549"}],"wp:attachment":[{"href":"https:\/\/unser-niedersaubach.de\/index.php?rest_route=%2Fwp%2Fv2%2Fmedia&parent=2978"}],"curies":[{"name":"wp","href":"https:\/\/api.w.org\/{rel}","templated":true}]}}

<p style="text-align: justify;"><span style="color: #000000;">________________________________________________________</span></p>
<h2 style="text-align: justify;"><span style="color: #000000;">Jakob Schmidt (* 11.08.1899/ + 25.08.1918)</span></h2>
<p style="text-align: justify;"><span style="color: #000000;">________________________________________________________</span></p>
<p style="text-align: justify;"><span style="color: #000000;">Der Schuhmacher Jakob Schmidt (Peter Adam sagt: &#8222;Schmitz&#8220; aus der &#8222;Lach&#8220;; tatsächlich ist er nach Angaben unseres Kollegen Josef Heinrich ein &#8222;Bietzer/ Bejtzer&#8220; aus dem &#8222;Unnerschden Ecken&#8220;, und zwar ein Bruder des noch gut bekannten &#8222;Bejtzer Pitt&#8220;) wird bei Gerhard Storb unter der Nr.: 2713 (* 11.08.1899/ + 25.08.1918) festgehalten. Ein Feldlazarett in Flandern (Belgien) wird als Todesort genannt. Er ist der Sohn des Schuhmachermeisters Peter Schmidt (* 10.05.1868/ + 19.04.1939) und von Katharina Kallenborn (* 02.07.1874/ + 18.11.1922).</span></p>
<p><img loading="lazy" decoding="async" title="Schmidt-Jakob_Bietzer" src="http://unser-niedersaubach.de/wp-content/uploads/2009/10/Schmidt-Jakob_Bietzer-453x1023.jpg" alt="Jakob Schmidt, 1899 - 1918, Fotoarchiv: Axel Alt" width="408" height="921" /></p>
<p style="text-align: center;"><span style="color: #808080;"><em>Jakob Schmidt, 1899 &#8211; 1918, Fotoarchiv: Axel Alt</em> </span></p>
<p style="text-align: justify;"><span style="color: #000000;">Auch die Ortschronik hält als Todesdatum den 25. August 1918 fest. Peter Adam berichtet, dass Schmitz Jakob als Kanonier beim Landsturm gedient habe und auf dem Weg ins Lazarett bei Roneg (Flandern) an der Ruhr gestorben sei. Ich konnte allerdings Roneg in Flandern auf belgischen Karten nicht finden.</span></p>
<div id="attachment_3866" style="width: 460px" class="wp-caption aligncenter"><img loading="lazy" decoding="async" aria-describedby="caption-attachment-3866" class="size-full wp-image-3866" title="Schmidt_Jakob_Alex_1918_2_450" src="http://unser-niedersaubach.de/wp-content/uploads/2011/05/Schmidt_Jakob_Alex_1918_2_450.jpg" alt="" width="450" height="704" srcset="https://unser-niedersaubach.de/wp-content/uploads/2011/05/Schmidt_Jakob_Alex_1918_2_450.jpg 450w, https://unser-niedersaubach.de/wp-content/uploads/2011/05/Schmidt_Jakob_Alex_1918_2_450-191x300.jpg 191w" sizes="auto, (max-width: 450px) 100vw, 450px" /><p id="caption-attachment-3866" class="wp-caption-text">Totenbildchen von Jakob Schmidt, Archiv: Axel Alt (Bejtzer)</p></div>
<p style="text-align: justify;">Allerdings gibt es das Städtchen <strong><span style="color: #0000ff;"><a title="Roncq in Französisch-Flandern im Département NORD, Quelle: Wikipedia" href="http://fr.wikipedia.org/wiki/Roncq" target="_blank" rel="noopener"><span style="color: #0000ff;">Roncq</span></a></span></strong> in Französisch-Flandern, das auf dem Sterbebildchen von Jakob Schmidt genannt ist. In den Schreibweisen von flandrischen Ortsnamen, egal ob sie nun in Belgisch-Flandern oder im französischen Grenz-Département NORD liegen, gibt es erhebliche Unterschiede, je nachdem der Name auf Französisch oder auf Flämisch geschrieben worden ist. Meistens hat sich erst relativ spät eine klare flämische Schreibweise durchgesetzt. Warum unser Dorschullehrer Peter Adam damals Roneg notierte, kann ich nicht sagen; vielleicht liegt aber auch nur ein Lesfehler bei der Transkription aus dem Süterlin unserer Ortschronik vor.</p>
<p style="text-align: justify;"><span style="color: #000000;">Der Belgier Chris Spriet, <span style="color: #ff0000;"><strong><span style="color: #0000ff;"><a title="Johann Grohs, Korrespondenz mit Chris Spriet aus Belgien" href="http://unser-niedersaubach.de/?p=2051"><span style="color: #0000ff;">der uns wegen Johann Grohs kontaktierte</span></a>,</span> </strong><span style="color: #000000;">hat uns geholfen, nach der Grablage von Jakob Schmidt zu fahnden. Er schrieb am 13. Dezember 2011: <em>&#8222;Aber was mich besonders ertaunte, ist, dass (man) jedoch einen Kanonier Jakob Schmidt gefunden hat, der in der Tat am 25.08.1918 starb und bestattet wurde zu Bousbecque (auf der französischen Seite der Grenze, und zwar gar nicht weit von Roncq entfernt, wo er gefallen war, und zwar (Block) 3, Grab 915.&#8220;</em></span></span></span></p>
<p style="text-align: justify;">Der Volksbund bestätigt die Angaben von Chris Spriet am 10.01.2012: &#8222;In den uns vorliegenden Unterlagen, die aus deutschen, englischen, französischen und belgischen Archiven zusammengefasst sind, konnte folgende Grabmeldung ermittelt werden:</p>
<p style="text-align: justify; padding-left: 60px;">Name:                                Jakob Schmidt<br />
Diestgrad:                          Kanonier<br />
Truppenteil:                        Stab/ Ldw. Fuss. A. Btl. 41<br />
Todestag:                           25.08.1918<br />
Erstbestattet:                    Roncq</p>
<p style="text-align: justify;">Umgebettet (wurde er) in den 20er Jahren durch den französischen Gräberdienst auf den deutschen Soldatenfriedhof 1914/18 Bousbeque/ Frankreich, Block 3 &#8211; Grab 915.<br />
Erläuternd möchten wir hinzufügen, dass in unseren Unterlagen für die Gefallenen des Ersten Weltkrieges weder Geburts- noch Herkunftsdaten verzeichnet sind. Die Aufzeichnungen des ehemaligen Zentralnachweiseamts für Kriegsverluste und Kriegergräbe, wo seinerzeit die Unterlagen für die gefallenen des Ersten Weltkrieges gelagert wurden, sind gegen Ende des Zweiten Weltkrieges in Berlin durch Bombeneinwerkung weitestgehend vernichtet worden.&#8220;</p>
<p style="text-align: justify;">Chris Spriet führt weiter aus, dass sein Landwehr-Fuß-Artillerie-Bataillon 41 vom 2. Pommerschen Fuß-Artillerie-Regiment Nr. 17 begründet worden sei. Leider gebe es über dieses Regiment keine bekannten Tagebücher.</p>
<div id="attachment_4011" style="width: 460px" class="wp-caption aligncenter"><a href="http://www.weltkriegsopfer.de/Kriegsopfer-Jakob-Schmidt_Soldaten_0_670199.html" target="_blank" rel="noopener"><img loading="lazy" decoding="async" aria-describedby="caption-attachment-4011" class=" wp-image-4011" title="Soldatenfriedhof_Bousbecque_450" src="http://unser-niedersaubach.de/wp-content/uploads/2011/05/Soldatenfriedhof_Bousbecque_4501.jpg" alt="" width="450" height="338" srcset="https://unser-niedersaubach.de/wp-content/uploads/2011/05/Soldatenfriedhof_Bousbecque_4501.jpg 450w, https://unser-niedersaubach.de/wp-content/uploads/2011/05/Soldatenfriedhof_Bousbecque_4501-300x225.jpg 300w" sizes="auto, (max-width: 450px) 100vw, 450px" /></a><p id="caption-attachment-4011" class="wp-caption-text">Deutscher Soldatenfriedhof in Bousbecque (franz. Flandern), Foto: Chris Spriet</p></div>
<p style="text-align: justify;"><span style="color: #000000;">Zum kriegsgeschichtlichen Hintergrund: Im nördlichen Teil der Westfront drohte die französische Offensive am 20. August 1918 nordwestlich von </span><strong><a title="Soissons" href="http://maps.google.de/maps?sourceid=navclient&amp;hl=de&amp;rlz=1T4GFRD_de___DE240&amp;q=Soissons&amp;um=1&amp;ie=UTF-8&amp;hq=&amp;hnear=Soissons,+Frankreich&amp;gl=de&amp;ei=mFD1Ssi0FsiA_QbDwvGgAw&amp;sa=X&amp;oi=geocode_result&amp;ct=title&amp;resnum=1&amp;ved=0CAsQ8gEwAA" target="_blank" rel="noopener"><span style="color: #0000ff;">Soissons</span></a></strong><span style="color: #000000;"> und die britische Offensive am 21. August 1918 südlich von <strong><a title="Arras" href="http://maps.google.de/maps?sourceid=navclient&amp;hl=de&amp;rlz=1T4GFRD_de___DE240&amp;q=arras&amp;um=1&amp;ie=UTF-8&amp;hq=&amp;hnear=Arras,+Frankreich&amp;gl=de&amp;ei=8FD1SsboJc2e_AbW05ywAw&amp;sa=X&amp;oi=geocode_result&amp;ct=title&amp;resnum=1&amp;ved=0CA4Q8gEwAA" target="_blank" rel="noopener"><span style="color: #0000ff;">Arras</span></a></strong> die deutschen Abwehrstellungen aufzureiben. Am 23. August 1918 entschied sich die Oberste Heeresleitung der deutschen Armee, die deutschen Verteidigungslinien nach Osten auf die sogenannte „</span><strong><a title="Siegfriedstellung" href="http://de.wikipedia.org/wiki/Siegfriedstellung" target="_blank" rel="noopener"><span style="color: #0000ff;">Siegfriedstellung</span></a></strong><span style="color: #000000;">“ zurückzunehmen. Am Tag, als Schmitz Jakob starb, zeichnete sich ab, dass die deutsche Armee die Kraft zur Abwehr der britischen und französischen Offensiven verlor. Massenhaft gerieten die deutschen Soldaten in Gefangenschaft; der Entsatz der völlig erschöpften deutschen Truppen funktionierte nicht mehr; die Reserven waren völlig aufgebraucht.</span></p>
<p style="text-align: right;"><em>Stand: Januar 2012</em></p>

<p>________________________________________________________ Jakob Schmidt (* 11.08.1899/ + 25.08.1918) ________________________________________________________ Der Schuhmacher Jakob Schmidt (Peter Adam sagt: &#8222;Schmitz&#8220; aus der &#8222;Lach&#8220;; tatsächlich ist er nach Angaben unseres Kollegen Josef Heinrich ein &#8222;Bietzer/ Bejtzer&#8220; aus dem &#8222;Unnerschden Ecken&#8220;, und zwar ein Bruder des &hellip; <a href="https://unser-niedersaubach.de/?page_id=2978">Weiterlesen <span class="meta-nav">&rarr;</span></a></p>
