{"id":2984,"date":"2011-05-25T22:19:54","date_gmt":"2011-05-25T21:19:54","guid":{"rendered":"http:\/\/unser-niedersaubach.de\/?page_id=2984"},"modified":"2023-10-01T11:09:35","modified_gmt":"2023-10-01T10:09:35","slug":"johann-schmitt","status":"publish","type":"page","link":"https:\/\/unser-niedersaubach.de\/?page_id=2984","title":{"rendered":"Johann Schmitt"},"content":{"rendered":"<p>________________________________________________________<\/p>\n<h2>Johann Schmitt (* 22.08.1890\/ + 10.11.1914)<\/h2>\n<p>________________________________________________________<\/p>\n<p style=\"text-align: justify;\"><span style=\"color: #000000;\">Der Bergmann Johann Schmitt (ein &#8222;Lacher&#8220; aus dem sp\u00e4teren Haus &#8222;Schwinn&#8220;) ist in den Lebacher Familienb\u00fcchern zu finden unter der Eintrags-Nr.: 2680 (* 22.08.1890\/ + 10.11.1914 im Argonnerwald). Er wird bezeichnet als Sohn des Leinenwebers und Ackerers Nicolaus Schmitt (* 09.11.1854\/ + 15.11.1941) und von Maria Sch\u00e4fer (* 18.06.1854\/ + 22.04.1916).<\/span><\/p>\n<p style=\"text-align: justify;\"><span style=\"color: #000000;\">Die Ortschronik best\u00e4tigt das Todesdatum: 10. November 1914.<\/span><\/p>\n<p style=\"text-align: justify;\"><span style=\"color: #000000;\">In der Ortschronik wird unser junger Gefallener &#8222;Johann Schmi<span style=\"color: #ff0000;\">dt<span style=\"color: #000000;\">&#8222;<\/span><\/span> geschrieben. Ich habe mir erkl\u00e4ren lassen, dass bei der Schreibweise dieses Familiennamens fr\u00fcher nicht korrekt auf \u201e<span style=\"color: #ff0000;\">tt<\/span>\u201c oder \u201e<span style=\"color: #ff0000;\">dt<\/span>\u201c geachtet wurde.<\/span><\/p>\n<p style=\"text-align: justify;\"><span style=\"color: #000000;\">Peter Adam berichtet, Johann Schmitt sei als Reservist eingezogen worden und habe als Gefreiter gedient; er sei durch ein Artilleriegeschoss schwer verwundet worden. Wegen Tapferkeit sei er mit dem Eisernen Kreuz 2. Klasse ausgezeichnet worden.<\/span><\/p>\n<p style=\"text-align: justify;\"><a href=\"http:\/\/unser-niedersaubach.de\/wp-content\/uploads\/2011\/05\/Johann-Schmitt.jpg\" target=\"_blank\" rel=\"noopener\"><img loading=\"lazy\" decoding=\"async\" class=\"aligncenter wp-image-6502 size-large\" src=\"http:\/\/unser-niedersaubach.de\/wp-content\/uploads\/2011\/05\/Johann-Schmitt-665x1024.jpg\" alt=\"Johann-Schmitt\" width=\"640\" height=\"985\" srcset=\"https:\/\/unser-niedersaubach.de\/wp-content\/uploads\/2011\/05\/Johann-Schmitt-665x1024.jpg 665w, https:\/\/unser-niedersaubach.de\/wp-content\/uploads\/2011\/05\/Johann-Schmitt-195x300.jpg 195w\" sizes=\"auto, (max-width: 640px) 100vw, 640px\" \/><\/a><\/p>\n<p style=\"text-align: justify;\">Johann Heinrich (s. weiter oben) berichtet in seinem Brief an Peter Adam, dass er den \u201eLacher\u201c noch am Tag vor dessen Tod getroffen habe. Er habe nach dem 10. November 1914 noch sehr oft das Grab seines Freundes besucht.<\/p>\n<p style=\"text-align: justify;\"><span style=\"color: #000000;\">Peter Adam erhielt Feldpost (Ortschronik S. 172f) von seinem fr\u00fcheren Sch\u00fcler. Wie der Feldpost zu entnehmen ist, hat Johann Schmitt genau wie Johann Heinrich im <\/span><strong><a title=\"IR 67\" href=\"http:\/\/wiki-de.genealogy.net\/IR_67\" target=\"_blank\" rel=\"noopener\"><span style=\"color: #0000ff;\">Infanterieregiment 67<\/span><\/a><\/strong><span style=\"color: #000000;\"> gedient (allerdings in der 11. Kompanie, und nicht \u2013 wie er selber &#8211; in der 1. Kompanie des 4. Bataillons).<\/span><\/p>\n<p style=\"text-align: justify;\"><span style=\"color: #000000;\"><em><strong>Am 10. November erhielt ich einen sehr interessanten Feldpostbrief von dem Gefr. Joh. Schmidt (fr\u00fcherer Sch\u00fcler) aus den Argonnen, datiert vom 6. November, in dem er die dortigen Verh\u00e4ltnisse schildert und zugleich mitteilt, dass er f\u00fcr sein tapferes Verhalten das Eiserne Kreuz erhalten habe. Gegen 2 Uhr mittags kam schon die Nachricht, dass Schmidt gefallen sei, und zwar in der Nacht vom 9. auf den 10. Nov. Im Nachmittagsunterricht las ich meinen Schulkindern den Brief vor und hielt noch eine kurze Ged\u00e4chtnisfeier f\u00fcr den gefallenen Helden. Den Brief habe ich im Lebacher Anzeiger ver\u00f6ffentlichen lassen und dieser Schulchronik zum immerw\u00e4hrenden Aufbewahren beigef\u00fcgt. Nachstehender Brief seines Feldwebels an seine Eltern sei hier w\u00f6rtlich mitgeteilt:<\/strong><\/em><\/span><\/p>\n<p style=\"text-align: justify;\"><span style=\"color: #000000;\"><strong>Argonnerwald, den 08.12.14<\/strong><\/span><\/p>\n<p style=\"text-align: justify;\"><span style=\"color: #000000;\"><strong>Sehr geehrter Herr Schmidt!<\/strong><\/span><\/p>\n<p style=\"text-align: justify;\"><span style=\"color: #000000;\"><strong>Im Besitze Ihres Schreibens vom 23.11. will ich Ihnen gern Ihre Fragen beantworten. Ich habe umso mehr die Pflicht dazu, weil Ihr Sohn es war, der mich am 1.8., als ich selber verwundet war, verband und aus dem Gefecht schaffte.<\/strong><\/span><\/p>\n<p style=\"text-align: justify;\"><span style=\"color: #000000;\"><strong>Zun\u00e4chst \u00fcber seine Grabst\u00e4tte: Er liegt mit den 3 anderen Gefallenen zusammen. Die Kameraden haben die Gr\u00e4ber sehr sch\u00f6n geschm\u00fcckt, und jedes Grab schm\u00fcckt ein Holzkreuz. Auch haben wir Emailleschilder bestellt, welche auf die Kreuze kommen, weil ja sonst die Schrift durch Regen weggewischt wird. Ich habe Ihnen heute die 4 Gr\u00e4ber malen lassen, die Karte schicke ich Ihnen anbei. Das Grab ist sehr leicht zu finden. Es liegt direkt an der Stra\u00dfe, die von dem Dorf <\/strong><\/span><a title=\"Montblaiville\" href=\"http:\/\/maps.google.de\/maps?sourceid=navclient&amp;ie=UTF-8&amp;hl=de&amp;rlz=1T4GFRD_de___DE240&amp;q=55270+Montblainville,+Maas,+Lothringen,+Frankreich\" target=\"_blank\" rel=\"noopener\"><span style=\"color: #0000ff;\"><strong>Montblainville<\/strong><\/span><\/a><span style=\"color: #000000;\"><strong> durch den Argonnenwald durchf\u00fchrt. So Gott es will, dass ich mal gesund zur\u00fcck kommen sollte, so bin ich jederzeit gern bereit, Ihnen beim Suchen des Grabes behilflich zu sein.<\/strong><\/span><\/p>\n<p style=\"text-align: justify;\"><span style=\"color: #000000;\"><strong>\u00dcber die n\u00e4heren Umst\u00e4nde, \u00fcber den Tod Ihres Sohnes kann ich Ihnen Folgendes mitteilen: Ihr Sohn schlief mit noch 7 anderen Kameraden in einer Erdh\u00fctte. In der Zeit um Mitternacht schlug eine Granate in diese Erdh\u00fctte ein, 1 Mann war sofort tot, Ihr Sohn und die 2 anderen Leute starben in der Zeit von 3 Stunden. Der 5. Mann starb 3 Tage drauf. Die 2 andern Leute leben noch, sind aber sehr schwer verwundet, und nur 1 Mann blieb wie durch ein Wunder unverletzt. Sehr gern w\u00fcrde ich Ihnen das Tagebuch Ihres Sohnes schicken, aber leider ist es mir und den Leuten nicht bekannt, ob er eines gef\u00fchrt, m\u00f6glich ist es, dass es ihm nicht abgenommen wurde, denn ich will Ihnen keine Unwahrheit schreiben, die Leute waren alle furchtbar zugerichtet, es war alles voll Blut. Was nun das Eiserne Kreuz anbetrifft, so habe ich erfahren, dass es Ihr Sohn in einem Couvert verpackt und abgeschickt hat, an wen, ist uns unbekannt. Sie bekommen aber das Kreuz ersetzt, m\u00fcssen es aber beantragen.<\/strong><\/span><\/p>\n<p style=\"text-align: justify;\"><span style=\"color: #000000;\"><strong>Mit vielen Gr\u00fc\u00dfen an Sie und Ihre Angeh\u00f6rigen verbleibe ich<\/strong><\/span><\/p>\n<p style=\"text-align: justify;\"><span style=\"color: #000000;\"><strong>Ihr R. Piecha, Feldwebel 12\/67<\/strong><\/span><\/p>\n<p style=\"text-align: justify;\"><span style=\"color: #0000ff;\">Das Grab in Montblainville blieb nicht erhalten. Johann Schmitt wurde wohl umgebettet nach Consenvoye (Frankreich), Endgrablage: Block 3, Grab 1812.<\/span><span style=\"color: #0000ff;\"> Im gleichen Block liegt sein Freund Johann Heinrich (s. oben) begraben.<\/span><\/p>\n<p style=\"text-align: justify;\">Der Volksbund nennt als Todesort &#8222;<a title=\"Vienne-le-Chateau im Argonner Wald\" href=\"http:\/\/maps.google.de\/maps?q=vienne+le+chateau&amp;hl=de&amp;sll=51.151786,10.415039&amp;sspn=14.741016,28.256836&amp;t=h&amp;z=11\" target=\"_blank\" rel=\"noopener\"><span style=\"color: #0000ff;\"><strong>Vienne-le-Chateau<\/strong><\/span><\/a>&#8222;. Wie es zu dem Widerspruch zu den Angaben seines Feldwebels kommt (Montblainville liegt am Ostrand, Vienne-le-Chateau am Westrand des Argonner Waldes), kann ich nicht erkl\u00e4ren.<\/p>\n<p style=\"text-align: justify;\">Lothar Schmidt<\/p>\n<p style=\"text-align: justify;\"><span style=\"color: #000000;\">&nbsp;<\/span><\/p>\n<p>&nbsp;<\/p>\n<p>Ein Nachtrag:<\/p>\n<p style=\"text-align: justify;\"><span style=\"color: #000000;\">In den 20er und 30er Jahren organisierte Georg Warken (1884 &#8211; 1951, B\u00f6hmer Schorsch genannt), der ein Bruder meines Gro\u00dfvaters Ludwig Warken war, f\u00fcr die Lebacher und Saubacher Angeh\u00f6rigen der Gefallenen Grabbesuche &#8211; so schreibt es Ernst Schmitt in seinem Lebacher Gefallenenbuch nieder &#8211; im Argonnerwald, in dem er selbst als Soldat gedient hatte. Hierzu gibt es ein Foto, dass die Trauergemeinde am Grab von Johann Schmitt (auf dem Foto steht: Johann Schmidt) im Argonnerwald zeigt.<\/span><\/p>\n<p style=\"text-align: center;\"><img loading=\"lazy\" decoding=\"async\" class=\"aligncenter\" title=\"Argonner-Wald_Grab-von-Johann-Schmidt_450\" src=\"http:\/\/unser-niedersaubach.de\/wp-content\/uploads\/2009\/10\/Argonner-Wald_Grab-von-Johann-Schmidt_450.jpg\" alt=\"Besuch am Grab von Johann Schmidt im Argonnerwald unter F\u00fchrung von Georg Warken (B\u00f6hmer Schorsch)\" width=\"450\" height=\"338\"><\/p>\n<p style=\"text-align: center;\"><em><span style=\"color: #808080;\">Besuch am Grab von Johann Schmidt im Argonnerwald unter F\u00fchrung von Georg Warken (B\u00f6hmer Schorsch), Fotoarchiv: Gertrud Manger (Serf)<\/span><\/em><\/p>\n","protected":false},"excerpt":{"rendered":"<p>________________________________________________________ Johann Schmitt (* 22.08.1890\/ + 10.11.1914) ________________________________________________________ Der Bergmann Johann Schmitt (ein &#8222;Lacher&#8220; aus dem sp\u00e4teren Haus &#8222;Schwinn&#8220;) ist in den Lebacher Familienb\u00fcchern zu finden unter der Eintrags-Nr.: 2680 (* 22.08.1890\/ + 10.11.1914 im Argonnerwald). Er wird bezeichnet als &hellip; <a href=\"https:\/\/unser-niedersaubach.de\/?page_id=2984\">Weiterlesen <span class=\"meta-nav\">&rarr;<\/span><\/a><\/p>\n","protected":false},"author":2,"featured_media":0,"parent":2549,"menu_order":14,"comment_status":"closed","ping_status":"closed","template":"","meta":{"ngg_post_thumbnail":0,"footnotes":""},"class_list":["post-2984","page","type-page","status-publish","hentry"],"_links":{"self":[{"href":"https:\/\/unser-niedersaubach.de\/index.php?rest_route=\/wp\/v2\/pages\/2984","targetHints":{"allow":["GET"]}}],"collection":[{"href":"https:\/\/unser-niedersaubach.de\/index.php?rest_route=\/wp\/v2\/pages"}],"about":[{"href":"https:\/\/unser-niedersaubach.de\/index.php?rest_route=\/wp\/v2\/types\/page"}],"author":[{"embeddable":true,"href":"https:\/\/unser-niedersaubach.de\/index.php?rest_route=\/wp\/v2\/users\/2"}],"replies":[{"embeddable":true,"href":"https:\/\/unser-niedersaubach.de\/index.php?rest_route=%2Fwp%2Fv2%2Fcomments&post=2984"}],"version-history":[{"count":18,"href":"https:\/\/unser-niedersaubach.de\/index.php?rest_route=\/wp\/v2\/pages\/2984\/revisions"}],"predecessor-version":[{"id":9127,"href":"https:\/\/unser-niedersaubach.de\/index.php?rest_route=\/wp\/v2\/pages\/2984\/revisions\/9127"}],"up":[{"embeddable":true,"href":"https:\/\/unser-niedersaubach.de\/index.php?rest_route=\/wp\/v2\/pages\/2549"}],"wp:attachment":[{"href":"https:\/\/unser-niedersaubach.de\/index.php?rest_route=%2Fwp%2Fv2%2Fmedia&parent=2984"}],"curies":[{"name":"wp","href":"https:\/\/api.w.org\/{rel}","templated":true}]}}

<p>________________________________________________________</p>
<h2>Johann Schmitt (* 22.08.1890/ + 10.11.1914)</h2>
<p>________________________________________________________</p>
<p style="text-align: justify;"><span style="color: #000000;">Der Bergmann Johann Schmitt (ein &#8222;Lacher&#8220; aus dem späteren Haus &#8222;Schwinn&#8220;) ist in den Lebacher Familienbüchern zu finden unter der Eintrags-Nr.: 2680 (* 22.08.1890/ + 10.11.1914 im Argonnerwald). Er wird bezeichnet als Sohn des Leinenwebers und Ackerers Nicolaus Schmitt (* 09.11.1854/ + 15.11.1941) und von Maria Schäfer (* 18.06.1854/ + 22.04.1916).</span></p>
<p style="text-align: justify;"><span style="color: #000000;">Die Ortschronik bestätigt das Todesdatum: 10. November 1914.</span></p>
<p style="text-align: justify;"><span style="color: #000000;">In der Ortschronik wird unser junger Gefallener &#8222;Johann Schmi<span style="color: #ff0000;">dt<span style="color: #000000;">&#8222;</span></span> geschrieben. Ich habe mir erklären lassen, dass bei der Schreibweise dieses Familiennamens früher nicht korrekt auf „<span style="color: #ff0000;">tt</span>“ oder „<span style="color: #ff0000;">dt</span>“ geachtet wurde.</span></p>
<p style="text-align: justify;"><span style="color: #000000;">Peter Adam berichtet, Johann Schmitt sei als Reservist eingezogen worden und habe als Gefreiter gedient; er sei durch ein Artilleriegeschoss schwer verwundet worden. Wegen Tapferkeit sei er mit dem Eisernen Kreuz 2. Klasse ausgezeichnet worden.</span></p>
<p style="text-align: justify;"><a href="http://unser-niedersaubach.de/wp-content/uploads/2011/05/Johann-Schmitt.jpg" target="_blank" rel="noopener"><img loading="lazy" decoding="async" class="aligncenter wp-image-6502 size-large" src="http://unser-niedersaubach.de/wp-content/uploads/2011/05/Johann-Schmitt-665x1024.jpg" alt="Johann-Schmitt" width="640" height="985" srcset="https://unser-niedersaubach.de/wp-content/uploads/2011/05/Johann-Schmitt-665x1024.jpg 665w, https://unser-niedersaubach.de/wp-content/uploads/2011/05/Johann-Schmitt-195x300.jpg 195w" sizes="auto, (max-width: 640px) 100vw, 640px" /></a></p>
<p style="text-align: justify;">Johann Heinrich (s. weiter oben) berichtet in seinem Brief an Peter Adam, dass er den „Lacher“ noch am Tag vor dessen Tod getroffen habe. Er habe nach dem 10. November 1914 noch sehr oft das Grab seines Freundes besucht.</p>
<p style="text-align: justify;"><span style="color: #000000;">Peter Adam erhielt Feldpost (Ortschronik S. 172f) von seinem früheren Schüler. Wie der Feldpost zu entnehmen ist, hat Johann Schmitt genau wie Johann Heinrich im </span><strong><a title="IR 67" href="http://wiki-de.genealogy.net/IR_67" target="_blank" rel="noopener"><span style="color: #0000ff;">Infanterieregiment 67</span></a></strong><span style="color: #000000;"> gedient (allerdings in der 11. Kompanie, und nicht – wie er selber &#8211; in der 1. Kompanie des 4. Bataillons).</span></p>
<p style="text-align: justify;"><span style="color: #000000;"><em><strong>Am 10. November erhielt ich einen sehr interessanten Feldpostbrief von dem Gefr. Joh. Schmidt (früherer Schüler) aus den Argonnen, datiert vom 6. November, in dem er die dortigen Verhältnisse schildert und zugleich mitteilt, dass er für sein tapferes Verhalten das Eiserne Kreuz erhalten habe. Gegen 2 Uhr mittags kam schon die Nachricht, dass Schmidt gefallen sei, und zwar in der Nacht vom 9. auf den 10. Nov. Im Nachmittagsunterricht las ich meinen Schulkindern den Brief vor und hielt noch eine kurze Gedächtnisfeier für den gefallenen Helden. Den Brief habe ich im Lebacher Anzeiger veröffentlichen lassen und dieser Schulchronik zum immerwährenden Aufbewahren beigefügt. Nachstehender Brief seines Feldwebels an seine Eltern sei hier wörtlich mitgeteilt:</strong></em></span></p>
<p style="text-align: justify;"><span style="color: #000000;"><strong>Argonnerwald, den 08.12.14</strong></span></p>
<p style="text-align: justify;"><span style="color: #000000;"><strong>Sehr geehrter Herr Schmidt!</strong></span></p>
<p style="text-align: justify;"><span style="color: #000000;"><strong>Im Besitze Ihres Schreibens vom 23.11. will ich Ihnen gern Ihre Fragen beantworten. Ich habe umso mehr die Pflicht dazu, weil Ihr Sohn es war, der mich am 1.8., als ich selber verwundet war, verband und aus dem Gefecht schaffte.</strong></span></p>
<p style="text-align: justify;"><span style="color: #000000;"><strong>Zunächst über seine Grabstätte: Er liegt mit den 3 anderen Gefallenen zusammen. Die Kameraden haben die Gräber sehr schön geschmückt, und jedes Grab schmückt ein Holzkreuz. Auch haben wir Emailleschilder bestellt, welche auf die Kreuze kommen, weil ja sonst die Schrift durch Regen weggewischt wird. Ich habe Ihnen heute die 4 Gräber malen lassen, die Karte schicke ich Ihnen anbei. Das Grab ist sehr leicht zu finden. Es liegt direkt an der Straße, die von dem Dorf </strong></span><a title="Montblaiville" href="http://maps.google.de/maps?sourceid=navclient&amp;ie=UTF-8&amp;hl=de&amp;rlz=1T4GFRD_de___DE240&amp;q=55270+Montblainville,+Maas,+Lothringen,+Frankreich" target="_blank" rel="noopener"><span style="color: #0000ff;"><strong>Montblainville</strong></span></a><span style="color: #000000;"><strong> durch den Argonnenwald durchführt. So Gott es will, dass ich mal gesund zurück kommen sollte, so bin ich jederzeit gern bereit, Ihnen beim Suchen des Grabes behilflich zu sein.</strong></span></p>
<p style="text-align: justify;"><span style="color: #000000;"><strong>Über die näheren Umstände, über den Tod Ihres Sohnes kann ich Ihnen Folgendes mitteilen: Ihr Sohn schlief mit noch 7 anderen Kameraden in einer Erdhütte. In der Zeit um Mitternacht schlug eine Granate in diese Erdhütte ein, 1 Mann war sofort tot, Ihr Sohn und die 2 anderen Leute starben in der Zeit von 3 Stunden. Der 5. Mann starb 3 Tage drauf. Die 2 andern Leute leben noch, sind aber sehr schwer verwundet, und nur 1 Mann blieb wie durch ein Wunder unverletzt. Sehr gern würde ich Ihnen das Tagebuch Ihres Sohnes schicken, aber leider ist es mir und den Leuten nicht bekannt, ob er eines geführt, möglich ist es, dass es ihm nicht abgenommen wurde, denn ich will Ihnen keine Unwahrheit schreiben, die Leute waren alle furchtbar zugerichtet, es war alles voll Blut. Was nun das Eiserne Kreuz anbetrifft, so habe ich erfahren, dass es Ihr Sohn in einem Couvert verpackt und abgeschickt hat, an wen, ist uns unbekannt. Sie bekommen aber das Kreuz ersetzt, müssen es aber beantragen.</strong></span></p>
<p style="text-align: justify;"><span style="color: #000000;"><strong>Mit vielen Grüßen an Sie und Ihre Angehörigen verbleibe ich</strong></span></p>
<p style="text-align: justify;"><span style="color: #000000;"><strong>Ihr R. Piecha, Feldwebel 12/67</strong></span></p>
<p style="text-align: justify;"><span style="color: #0000ff;">Das Grab in Montblainville blieb nicht erhalten. Johann Schmitt wurde wohl umgebettet nach Consenvoye (Frankreich), Endgrablage: Block 3, Grab 1812.</span><span style="color: #0000ff;"> Im gleichen Block liegt sein Freund Johann Heinrich (s. oben) begraben.</span></p>
<p style="text-align: justify;">Der Volksbund nennt als Todesort &#8222;<a title="Vienne-le-Chateau im Argonner Wald" href="http://maps.google.de/maps?q=vienne+le+chateau&amp;hl=de&amp;sll=51.151786,10.415039&amp;sspn=14.741016,28.256836&amp;t=h&amp;z=11" target="_blank" rel="noopener"><span style="color: #0000ff;"><strong>Vienne-le-Chateau</strong></span></a>&#8222;. Wie es zu dem Widerspruch zu den Angaben seines Feldwebels kommt (Montblainville liegt am Ostrand, Vienne-le-Chateau am Westrand des Argonner Waldes), kann ich nicht erklären.</p>
<p style="text-align: justify;">Lothar Schmidt</p>
<p style="text-align: justify;"><span style="color: #000000;">&nbsp;</span></p>
<p>&nbsp;</p>
<p>Ein Nachtrag:</p>
<p style="text-align: justify;"><span style="color: #000000;">In den 20er und 30er Jahren organisierte Georg Warken (1884 &#8211; 1951, Böhmer Schorsch genannt), der ein Bruder meines Großvaters Ludwig Warken war, für die Lebacher und Saubacher Angehörigen der Gefallenen Grabbesuche &#8211; so schreibt es Ernst Schmitt in seinem Lebacher Gefallenenbuch nieder &#8211; im Argonnerwald, in dem er selbst als Soldat gedient hatte. Hierzu gibt es ein Foto, dass die Trauergemeinde am Grab von Johann Schmitt (auf dem Foto steht: Johann Schmidt) im Argonnerwald zeigt.</span></p>
<p style="text-align: center;"><img loading="lazy" decoding="async" class="aligncenter" title="Argonner-Wald_Grab-von-Johann-Schmidt_450" src="http://unser-niedersaubach.de/wp-content/uploads/2009/10/Argonner-Wald_Grab-von-Johann-Schmidt_450.jpg" alt="Besuch am Grab von Johann Schmidt im Argonnerwald unter Führung von Georg Warken (Böhmer Schorsch)" width="450" height="338"></p>
<p style="text-align: center;"><em><span style="color: #808080;">Besuch am Grab von Johann Schmidt im Argonnerwald unter Führung von Georg Warken (Böhmer Schorsch), Fotoarchiv: Gertrud Manger (Serf)</span></em></p>

<p>________________________________________________________ Johann Schmitt (* 22.08.1890/ + 10.11.1914) ________________________________________________________ Der Bergmann Johann Schmitt (ein &#8222;Lacher&#8220; aus dem späteren Haus &#8222;Schwinn&#8220;) ist in den Lebacher Familienbüchern zu finden unter der Eintrags-Nr.: 2680 (* 22.08.1890/ + 10.11.1914 im Argonnerwald). Er wird bezeichnet als &hellip; <a href="https://unser-niedersaubach.de/?page_id=2984">Weiterlesen <span class="meta-nav">&rarr;</span></a></p>
