{"id":2990,"date":"2011-05-25T22:38:04","date_gmt":"2011-05-25T21:38:04","guid":{"rendered":"http:\/\/unser-niedersaubach.de\/?page_id=2990"},"modified":"2023-10-01T11:11:06","modified_gmt":"2023-10-01T10:11:06","slug":"michael-schmidt","status":"publish","type":"page","link":"https:\/\/unser-niedersaubach.de\/?page_id=2990","title":{"rendered":"Michael Schmidt"},"content":{"rendered":"<p>________________________________________________________<\/p>\n<h2>Michael (Michel) Schmidt (* 13.08.1884\/ + 11.05.1915)<\/h2>\n<p>________________________________________________________<\/p>\n<p style=\"text-align: justify;\"><span style=\"color: #000000;\">Den Bergmann Michael (Michel) Schmidt findet man bei Gerhard Storb unter der Eintrags-Nr.: Nr.: 2668 (* 13.08.1884\/ + ?); er verheiratete sich nach Aschbach am 06.02.1914 mit Philomena K\u00fchn (* 07.11.1888 in Aschbach\/ + 25.10.1950 in Niedersaubach). Laut Lebacher Familienb\u00fccher ist er am 21.01.1921 f\u00fcr tot erkl\u00e4rt worden.<\/span><\/p>\n<p style=\"text-align: justify;\"><span style=\"color: #000000;\">Michel Schmidt ist vom Hausnamen her ein &#8222;Schmitz&#8220; aus der &#8222;Lach&#8220; (aus dem Haus des noch gut bekannten B\u00fcrgers von Niedersaubach, Jakob Britz, genannt: Schmitz Jakob). Er ist der Vater des noch gut bekannten Josef Schmidt, genannt &#8222;Malersch Sepp&#8220;, aus der &#8222;Heck&#8220;.<\/span><\/p>\n<div id=\"attachment_3292\" style=\"width: 460px\" class=\"wp-caption aligncenter\"><img loading=\"lazy\" decoding=\"async\" aria-describedby=\"caption-attachment-3292\" class=\"size-full wp-image-3292\" title=\"Michael-Schmidt\" src=\"http:\/\/unser-niedersaubach.de\/wp-content\/uploads\/2011\/05\/Michael-Schmidt.jpg\" alt=\"\" width=\"450\" height=\"562\" srcset=\"https:\/\/unser-niedersaubach.de\/wp-content\/uploads\/2011\/05\/Michael-Schmidt.jpg 450w, https:\/\/unser-niedersaubach.de\/wp-content\/uploads\/2011\/05\/Michael-Schmidt-240x300.jpg 240w\" sizes=\"auto, (max-width: 450px) 100vw, 450px\" \/><p id=\"caption-attachment-3292\" class=\"wp-caption-text\">Michael Schmidt; Fotoarchiv: Christian Herrmann (Kl\u00e4sen)<\/p><\/div>\n<p style=\"text-align: justify;\"><span style=\"color: #000000;\">Die Ortschronik dokumentiert seinen Tod f\u00fcr den 11.05.1915. Peter Adam notiert, dass Michel Schmidt (&#8222;Schmitz&#8220; aus der &#8222;Lach&#8220;) beim Landsturm als Musketier gedient habe, und zwar im Infanterieregiment Nr. 67, genauer in der 7. Kompanie des 2. Ersatzbataillons des IR 67. Er werde an der Ostfront vermisst. Diese Angabe best\u00e4tigt auch Ernst Schmitt in seinem Gefallenenbuch; er gibt noch an, Michel Schmidt sei durch einen Granatsplitter t\u00f6dlich verwundet worden.<\/span><\/p>\n<p style=\"text-align: justify;\"><span style=\"color: #000000;\">Auf der Gedenktafel in der Antoniuskapelle wird er als M. Schmitt verewigt; wir wissen aber, dass unsere Leute damals nicht exakt zwischen \u201eSchmitt\u201c und \u201eSchmidt\u201c unterschieden, d.h., die Schreibweise war mal so oder so.<\/span><\/p>\n<p style=\"text-align: justify;\"><span style=\"color: #000000;\">Ein Michel Schmidt ist auch an der Westfront zu finden, der bei der Schlacht um Verdun gefallen ist. Diese Grablage w\u00fcrde allerdings den Angaben der Ortschronik (vermisst an der Ostfront) widersprechen.<\/span><\/p>\n<p style=\"text-align: justify;\"><span style=\"color: #000000;\">Trotzdem: Das IR 67, das der 34. Infanteriebrigade (Sitz: Metz) unterstand, war nie an der Ostfront eingesetzt. In der Zeit, als Michael Schmidt fiel, hatte sich seine Brigade an der Westfront im Argonner Wald (25.09.1914 \u2013 20.08.1916) eingegraben. Wenn also die Zugeh\u00f6rigkeit zum IR 67 stimmt, kann Michael Schmidt nicht an der Ostfront gefallen sein (es sei denn, er w\u00e4re versetzt worden).<br \/>\n<\/span><\/p>\n<p style=\"text-align: justify;\"><span style=\"color: #000000;\"> F\u00fcr den Fall, dass sich die Ortschronik t\u00e4uschen sollte \u00fcber den Todesort: <\/span><span style=\"color: #0000ff;\">Der Volksbund gibt seine Grablage in Thiaucourt-Regni\u00e9ville (Frankreich) an<\/span><span style=\"color: #0000ff;\">.<\/span><\/p>\n<p style=\"text-align: justify;\"><span style=\"color: #000000;\">Hilde von Pock (Lebach) hat uns Bilder ausgeh\u00e4ndigt, die Michael Schmidt zusammen mit ihrem Gro\u00dfvater zeigen; ihr Gro\u00dfvater war Portepee-Unteroffizier und bekam Michael Schmidt als &#8222;Burschen&#8220; zugeteilt. Leider sind die Bilder nicht datiert und auch nicht lokalisiert, sodass die Frage der Grablage durch die Bilder nicht beantwortet werden kann.<\/span><\/p>\n<div id=\"attachment_3575\" style=\"width: 460px\" class=\"wp-caption aligncenter\"><img loading=\"lazy\" decoding=\"async\" aria-describedby=\"caption-attachment-3575\" class=\"size-full wp-image-3575\" title=\"Michael-Schmidt_Kameraden1\" src=\"http:\/\/unser-niedersaubach.de\/wp-content\/uploads\/2011\/05\/Michael-Schmidt_Kameraden1.jpg\" alt=\"\" width=\"450\" height=\"321\" srcset=\"https:\/\/unser-niedersaubach.de\/wp-content\/uploads\/2011\/05\/Michael-Schmidt_Kameraden1.jpg 450w, https:\/\/unser-niedersaubach.de\/wp-content\/uploads\/2011\/05\/Michael-Schmidt_Kameraden1-300x214.jpg 300w\" sizes=\"auto, (max-width: 450px) 100vw, 450px\" \/><p id=\"caption-attachment-3575\" class=\"wp-caption-text\">Michael Schmidt (rechts, vordere Reihe); Fotoarchiv: Hilde von Pock<\/p><\/div>\n<div id=\"attachment_3576\" style=\"width: 460px\" class=\"wp-caption aligncenter\"><img loading=\"lazy\" decoding=\"async\" aria-describedby=\"caption-attachment-3576\" class=\"size-full wp-image-3576\" title=\"Michael-Schmidt_Kameraden2\" src=\"http:\/\/unser-niedersaubach.de\/wp-content\/uploads\/2011\/05\/Michael-Schmidt_Kameraden2.jpg\" alt=\"\" width=\"450\" height=\"284\" srcset=\"https:\/\/unser-niedersaubach.de\/wp-content\/uploads\/2011\/05\/Michael-Schmidt_Kameraden2.jpg 450w, https:\/\/unser-niedersaubach.de\/wp-content\/uploads\/2011\/05\/Michael-Schmidt_Kameraden2-300x189.jpg 300w\" sizes=\"auto, (max-width: 450px) 100vw, 450px\" \/><p id=\"caption-attachment-3576\" class=\"wp-caption-text\">Michael Schmidt (ganz links); Fotoarchiv: Hilde von Pock<\/p><\/div>\n<div id=\"attachment_3577\" style=\"width: 460px\" class=\"wp-caption aligncenter\"><img loading=\"lazy\" decoding=\"async\" aria-describedby=\"caption-attachment-3577\" class=\"size-full wp-image-3577\" title=\"Michael-Schmidt_Kameraden3\" src=\"http:\/\/unser-niedersaubach.de\/wp-content\/uploads\/2011\/05\/Michael-Schmidt_Kameraden3.jpg\" alt=\"\" width=\"450\" height=\"349\" srcset=\"https:\/\/unser-niedersaubach.de\/wp-content\/uploads\/2011\/05\/Michael-Schmidt_Kameraden3.jpg 450w, https:\/\/unser-niedersaubach.de\/wp-content\/uploads\/2011\/05\/Michael-Schmidt_Kameraden3-300x232.jpg 300w\" sizes=\"auto, (max-width: 450px) 100vw, 450px\" \/><p id=\"caption-attachment-3577\" class=\"wp-caption-text\">Michael Schmidt (rechts, vordere Reihe); Fotoarchiv: Hilde von Pock<\/p><\/div>\n<div id=\"attachment_3578\" style=\"width: 460px\" class=\"wp-caption aligncenter\"><img loading=\"lazy\" decoding=\"async\" aria-describedby=\"caption-attachment-3578\" class=\"size-full wp-image-3578\" title=\"Michael-Schmidt_Kameraden4\" src=\"http:\/\/unser-niedersaubach.de\/wp-content\/uploads\/2011\/05\/Michael-Schmidt_Kameraden4.jpg\" alt=\"\" width=\"450\" height=\"631\" srcset=\"https:\/\/unser-niedersaubach.de\/wp-content\/uploads\/2011\/05\/Michael-Schmidt_Kameraden4.jpg 450w, https:\/\/unser-niedersaubach.de\/wp-content\/uploads\/2011\/05\/Michael-Schmidt_Kameraden4-213x300.jpg 213w\" sizes=\"auto, (max-width: 450px) 100vw, 450px\" \/><p id=\"caption-attachment-3578\" class=\"wp-caption-text\">Michael Schmidt (links); Fotoarchiv: Hilde von Pock<\/p><\/div>\n<p style=\"text-align: right;\"><em>Stand: 08.2011<\/em><\/p>\n<p style=\"text-align: justify;\">Lothar Schmidt<\/p>\n","protected":false},"excerpt":{"rendered":"<p>________________________________________________________ Michael (Michel) Schmidt (* 13.08.1884\/ + 11.05.1915) ________________________________________________________ Den Bergmann Michael (Michel) Schmidt findet man bei Gerhard Storb unter der Eintrags-Nr.: Nr.: 2668 (* 13.08.1884\/ + ?); er verheiratete sich nach Aschbach am 06.02.1914 mit Philomena K\u00fchn (* 07.11.1888 &hellip; <a href=\"https:\/\/unser-niedersaubach.de\/?page_id=2990\">Weiterlesen <span class=\"meta-nav\">&rarr;<\/span><\/a><\/p>\n","protected":false},"author":2,"featured_media":0,"parent":2549,"menu_order":15,"comment_status":"closed","ping_status":"closed","template":"","meta":{"ngg_post_thumbnail":0,"footnotes":""},"class_list":["post-2990","page","type-page","status-publish","hentry"],"_links":{"self":[{"href":"https:\/\/unser-niedersaubach.de\/index.php?rest_route=\/wp\/v2\/pages\/2990","targetHints":{"allow":["GET"]}}],"collection":[{"href":"https:\/\/unser-niedersaubach.de\/index.php?rest_route=\/wp\/v2\/pages"}],"about":[{"href":"https:\/\/unser-niedersaubach.de\/index.php?rest_route=\/wp\/v2\/types\/page"}],"author":[{"embeddable":true,"href":"https:\/\/unser-niedersaubach.de\/index.php?rest_route=\/wp\/v2\/users\/2"}],"replies":[{"embeddable":true,"href":"https:\/\/unser-niedersaubach.de\/index.php?rest_route=%2Fwp%2Fv2%2Fcomments&post=2990"}],"version-history":[{"count":13,"href":"https:\/\/unser-niedersaubach.de\/index.php?rest_route=\/wp\/v2\/pages\/2990\/revisions"}],"predecessor-version":[{"id":9128,"href":"https:\/\/unser-niedersaubach.de\/index.php?rest_route=\/wp\/v2\/pages\/2990\/revisions\/9128"}],"up":[{"embeddable":true,"href":"https:\/\/unser-niedersaubach.de\/index.php?rest_route=\/wp\/v2\/pages\/2549"}],"wp:attachment":[{"href":"https:\/\/unser-niedersaubach.de\/index.php?rest_route=%2Fwp%2Fv2%2Fmedia&parent=2990"}],"curies":[{"name":"wp","href":"https:\/\/api.w.org\/{rel}","templated":true}]}}

<p>________________________________________________________</p>
<h2>Michael (Michel) Schmidt (* 13.08.1884/ + 11.05.1915)</h2>
<p>________________________________________________________</p>
<p style="text-align: justify;"><span style="color: #000000;">Den Bergmann Michael (Michel) Schmidt findet man bei Gerhard Storb unter der Eintrags-Nr.: Nr.: 2668 (* 13.08.1884/ + ?); er verheiratete sich nach Aschbach am 06.02.1914 mit Philomena Kühn (* 07.11.1888 in Aschbach/ + 25.10.1950 in Niedersaubach). Laut Lebacher Familienbücher ist er am 21.01.1921 für tot erklärt worden.</span></p>
<p style="text-align: justify;"><span style="color: #000000;">Michel Schmidt ist vom Hausnamen her ein &#8222;Schmitz&#8220; aus der &#8222;Lach&#8220; (aus dem Haus des noch gut bekannten Bürgers von Niedersaubach, Jakob Britz, genannt: Schmitz Jakob). Er ist der Vater des noch gut bekannten Josef Schmidt, genannt &#8222;Malersch Sepp&#8220;, aus der &#8222;Heck&#8220;.</span></p>
<div id="attachment_3292" style="width: 460px" class="wp-caption aligncenter"><img loading="lazy" decoding="async" aria-describedby="caption-attachment-3292" class="size-full wp-image-3292" title="Michael-Schmidt" src="http://unser-niedersaubach.de/wp-content/uploads/2011/05/Michael-Schmidt.jpg" alt="" width="450" height="562" srcset="https://unser-niedersaubach.de/wp-content/uploads/2011/05/Michael-Schmidt.jpg 450w, https://unser-niedersaubach.de/wp-content/uploads/2011/05/Michael-Schmidt-240x300.jpg 240w" sizes="auto, (max-width: 450px) 100vw, 450px" /><p id="caption-attachment-3292" class="wp-caption-text">Michael Schmidt; Fotoarchiv: Christian Herrmann (Kläsen)</p></div>
<p style="text-align: justify;"><span style="color: #000000;">Die Ortschronik dokumentiert seinen Tod für den 11.05.1915. Peter Adam notiert, dass Michel Schmidt (&#8222;Schmitz&#8220; aus der &#8222;Lach&#8220;) beim Landsturm als Musketier gedient habe, und zwar im Infanterieregiment Nr. 67, genauer in der 7. Kompanie des 2. Ersatzbataillons des IR 67. Er werde an der Ostfront vermisst. Diese Angabe bestätigt auch Ernst Schmitt in seinem Gefallenenbuch; er gibt noch an, Michel Schmidt sei durch einen Granatsplitter tödlich verwundet worden.</span></p>
<p style="text-align: justify;"><span style="color: #000000;">Auf der Gedenktafel in der Antoniuskapelle wird er als M. Schmitt verewigt; wir wissen aber, dass unsere Leute damals nicht exakt zwischen „Schmitt“ und „Schmidt“ unterschieden, d.h., die Schreibweise war mal so oder so.</span></p>
<p style="text-align: justify;"><span style="color: #000000;">Ein Michel Schmidt ist auch an der Westfront zu finden, der bei der Schlacht um Verdun gefallen ist. Diese Grablage würde allerdings den Angaben der Ortschronik (vermisst an der Ostfront) widersprechen.</span></p>
<p style="text-align: justify;"><span style="color: #000000;">Trotzdem: Das IR 67, das der 34. Infanteriebrigade (Sitz: Metz) unterstand, war nie an der Ostfront eingesetzt. In der Zeit, als Michael Schmidt fiel, hatte sich seine Brigade an der Westfront im Argonner Wald (25.09.1914 – 20.08.1916) eingegraben. Wenn also die Zugehörigkeit zum IR 67 stimmt, kann Michael Schmidt nicht an der Ostfront gefallen sein (es sei denn, er wäre versetzt worden).<br />
</span></p>
<p style="text-align: justify;"><span style="color: #000000;"> Für den Fall, dass sich die Ortschronik täuschen sollte über den Todesort: </span><span style="color: #0000ff;">Der Volksbund gibt seine Grablage in Thiaucourt-Regniéville (Frankreich) an</span><span style="color: #0000ff;">.</span></p>
<p style="text-align: justify;"><span style="color: #000000;">Hilde von Pock (Lebach) hat uns Bilder ausgehändigt, die Michael Schmidt zusammen mit ihrem Großvater zeigen; ihr Großvater war Portepee-Unteroffizier und bekam Michael Schmidt als &#8222;Burschen&#8220; zugeteilt. Leider sind die Bilder nicht datiert und auch nicht lokalisiert, sodass die Frage der Grablage durch die Bilder nicht beantwortet werden kann.</span></p>
<div id="attachment_3575" style="width: 460px" class="wp-caption aligncenter"><img loading="lazy" decoding="async" aria-describedby="caption-attachment-3575" class="size-full wp-image-3575" title="Michael-Schmidt_Kameraden1" src="http://unser-niedersaubach.de/wp-content/uploads/2011/05/Michael-Schmidt_Kameraden1.jpg" alt="" width="450" height="321" srcset="https://unser-niedersaubach.de/wp-content/uploads/2011/05/Michael-Schmidt_Kameraden1.jpg 450w, https://unser-niedersaubach.de/wp-content/uploads/2011/05/Michael-Schmidt_Kameraden1-300x214.jpg 300w" sizes="auto, (max-width: 450px) 100vw, 450px" /><p id="caption-attachment-3575" class="wp-caption-text">Michael Schmidt (rechts, vordere Reihe); Fotoarchiv: Hilde von Pock</p></div>
<div id="attachment_3576" style="width: 460px" class="wp-caption aligncenter"><img loading="lazy" decoding="async" aria-describedby="caption-attachment-3576" class="size-full wp-image-3576" title="Michael-Schmidt_Kameraden2" src="http://unser-niedersaubach.de/wp-content/uploads/2011/05/Michael-Schmidt_Kameraden2.jpg" alt="" width="450" height="284" srcset="https://unser-niedersaubach.de/wp-content/uploads/2011/05/Michael-Schmidt_Kameraden2.jpg 450w, https://unser-niedersaubach.de/wp-content/uploads/2011/05/Michael-Schmidt_Kameraden2-300x189.jpg 300w" sizes="auto, (max-width: 450px) 100vw, 450px" /><p id="caption-attachment-3576" class="wp-caption-text">Michael Schmidt (ganz links); Fotoarchiv: Hilde von Pock</p></div>
<div id="attachment_3577" style="width: 460px" class="wp-caption aligncenter"><img loading="lazy" decoding="async" aria-describedby="caption-attachment-3577" class="size-full wp-image-3577" title="Michael-Schmidt_Kameraden3" src="http://unser-niedersaubach.de/wp-content/uploads/2011/05/Michael-Schmidt_Kameraden3.jpg" alt="" width="450" height="349" srcset="https://unser-niedersaubach.de/wp-content/uploads/2011/05/Michael-Schmidt_Kameraden3.jpg 450w, https://unser-niedersaubach.de/wp-content/uploads/2011/05/Michael-Schmidt_Kameraden3-300x232.jpg 300w" sizes="auto, (max-width: 450px) 100vw, 450px" /><p id="caption-attachment-3577" class="wp-caption-text">Michael Schmidt (rechts, vordere Reihe); Fotoarchiv: Hilde von Pock</p></div>
<div id="attachment_3578" style="width: 460px" class="wp-caption aligncenter"><img loading="lazy" decoding="async" aria-describedby="caption-attachment-3578" class="size-full wp-image-3578" title="Michael-Schmidt_Kameraden4" src="http://unser-niedersaubach.de/wp-content/uploads/2011/05/Michael-Schmidt_Kameraden4.jpg" alt="" width="450" height="631" srcset="https://unser-niedersaubach.de/wp-content/uploads/2011/05/Michael-Schmidt_Kameraden4.jpg 450w, https://unser-niedersaubach.de/wp-content/uploads/2011/05/Michael-Schmidt_Kameraden4-213x300.jpg 213w" sizes="auto, (max-width: 450px) 100vw, 450px" /><p id="caption-attachment-3578" class="wp-caption-text">Michael Schmidt (links); Fotoarchiv: Hilde von Pock</p></div>
<p style="text-align: right;"><em>Stand: 08.2011</em></p>
<p style="text-align: justify;">Lothar Schmidt</p>

<p>________________________________________________________ Michael (Michel) Schmidt (* 13.08.1884/ + 11.05.1915) ________________________________________________________ Den Bergmann Michael (Michel) Schmidt findet man bei Gerhard Storb unter der Eintrags-Nr.: Nr.: 2668 (* 13.08.1884/ + ?); er verheiratete sich nach Aschbach am 06.02.1914 mit Philomena Kühn (* 07.11.1888 &hellip; <a href="https://unser-niedersaubach.de/?page_id=2990">Weiterlesen <span class="meta-nav">&rarr;</span></a></p>
