{"id":38,"date":"2009-03-24T17:29:41","date_gmt":"2009-03-24T16:29:41","guid":{"rendered":"http:\/\/unser-niedersaubach.de\/?page_id=38"},"modified":"2017-12-20T10:36:46","modified_gmt":"2017-12-20T09:36:46","slug":"familien","status":"publish","type":"page","link":"https:\/\/unser-niedersaubach.de\/?page_id=38","title":{"rendered":"Familien"},"content":{"rendered":"<p style=\"text-align: justify;\"><span style=\"color: #000000;\">Niedersaubach geh\u00f6rte bis zur Franz\u00f6sischen Revolution zur Vierherrschaft Lebach (zusammen mit Eidenborn, Falscheid, Knorscheid, Landsweiler, Hahn, Jabach, Primsweiler und R\u00fcmmelbach).<\/span><\/p>\n<p style=\"text-align: justify;\"><span style=\"color: #000000;\">Das Herrschaftsgebilde war komplex; die Herrschaft (wozu nat\u00fcrlich die Regelungen \u00fcber Grundbesitz, Steuern und Abgaben sowie Gerichtswesen geh\u00f6rten) war aufgeteilt unter dem Bischof von Trier (zu 2\/7), dem Herzog von Lothringen (zu 2\/7), den Rittern von Hagen (zu 2\/7) und der \u00c4btissin von Fraulautern (zu 1\/7). Die Lothringer verkauften ihre Herrschaftsanteile noch kurz vor Ausbruch der Franz\u00f6sischen Revolution (die sich 1789 ereignete) an die Grafen von Pfalz-Zweibr\u00fccken, n\u00e4mlich im Jahr 1787.<\/span><\/p>\n<p style=\"text-align: justify;\"><span style=\"color: #000000;\">Hinsichtlich der \u00fcberlieferten Informationen, insbesondere der schriftlichen, ist man deshalb, wenn man sich mit dem Dorf Niedersaubach besch\u00e4ftigt, immer auf die Informationsquellen in den kommunalen und kirchlichen Verwaltungsarchiven des Lebacher Gemeinwesens verwiesen.<\/span><\/p>\n<p style=\"text-align: justify;\"><span style=\"color: #000000;\">Der Familienforscher Gerhard Storb (1929 &#8211; 2003), der in Lebach bestens bekannt war als Lehrer zuletzt an der Michaelsschule, hat die weit verzweigten Verwandtschaftslinien der Vierherrschaft Lebach nach aufw\u00e4ndigen Recherchen in Kirchen- und Standesamtsb\u00fcchern aufgedr\u00f6selt.<\/span><\/p>\n<div id=\"attachment_1671\" style=\"width: 460px\" class=\"wp-caption aligncenter\"><a class=\"wpGallery\" title=\"Lebacher Familienb\u00fccher I\" href=\"http:\/\/unser-niedersaubach.de\/Dokumente\/Familien\/Storb-Gerhard_Lebacher-Familienbuecher_Bd-1.pdf\" target=\"_blank\" rel=\"noopener\"><img loading=\"lazy\" decoding=\"async\" aria-describedby=\"caption-attachment-1671\" class=\"size-full wp-image-1671\" title=\"Storb_I\" src=\"http:\/\/unser-niedersaubach.de\/wp-content\/uploads\/2009\/03\/Storb_I.jpg\" alt=\"\" width=\"450\" height=\"225\" srcset=\"https:\/\/unser-niedersaubach.de\/wp-content\/uploads\/2009\/03\/Storb_I.jpg 450w, https:\/\/unser-niedersaubach.de\/wp-content\/uploads\/2009\/03\/Storb_I-300x150.jpg 300w\" sizes=\"auto, (max-width: 450px) 100vw, 450px\" \/><\/a><p id=\"caption-attachment-1671\" class=\"wp-caption-text\">Gerhard Storb, Lebacher Familienb\u00fccher, Band I<\/p><\/div>\n<p style=\"text-align: center;\"><em><span style=\"color: #ff0000;\">Dieses Startbild anklicken, um zur\u00a0Buch-Pr\u00e4sentation zu kommen!<\/span><\/em><\/p>\n<p style=\"text-align: center;\"><em><span style=\"color: #ff0000;\">Und hierbei unbedingt die Suchfunktion des Readers benutzen!<\/span><\/em><\/p>\n<p style=\"text-align: center;\"><em><span style=\"color: #ff0000;\">Das macht die Suche nach den Namen sehr einfach!<\/span><\/em><\/p>\n<div id=\"attachment_1672\" style=\"width: 460px\" class=\"wp-caption aligncenter\"><a class=\"wpGallery\" title=\"Lebacher Familienb\u00fccher II\" href=\"http:\/\/unser-niedersaubach.de\/Dokumente\/Familien\/Storb-Gerhard_Lebacher-Familienbuecher_Bd-2.pdf\" target=\"_blank\" rel=\"noopener\"><img loading=\"lazy\" decoding=\"async\" aria-describedby=\"caption-attachment-1672\" class=\"size-full wp-image-1672\" title=\"Storb_II\" src=\"http:\/\/unser-niedersaubach.de\/wp-content\/uploads\/2009\/03\/Storb_II.jpg\" alt=\"\" width=\"450\" height=\"246\" srcset=\"https:\/\/unser-niedersaubach.de\/wp-content\/uploads\/2009\/03\/Storb_II.jpg 450w, https:\/\/unser-niedersaubach.de\/wp-content\/uploads\/2009\/03\/Storb_II-300x164.jpg 300w\" sizes=\"auto, (max-width: 450px) 100vw, 450px\" \/><\/a><p id=\"caption-attachment-1672\" class=\"wp-caption-text\">Gerhard Storb, Lebacher Familienb\u00fccher, Band II<\/p><\/div>\n<p style=\"text-align: center;\"><em><span style=\"color: #ff0000;\">Dieses Startbild anklicken, um zur\u00a0Buch-Pr\u00e4sentation zu kommen!<\/span><\/em><\/p>\n<p style=\"text-align: center;\"><em><span style=\"color: #ff0000;\">Und hierbei unbedingt die Suchfunktion des Readers benutzen!<\/span><\/em><\/p>\n<p style=\"text-align: center;\"><em><span style=\"color: #ff0000;\">Das macht die Suche nach den Namen sehr einfach!<\/span><\/em><\/p>\n<p style=\"text-align: justify;\"><span style=\"color: #000000;\">Nun k\u00f6nnen auch die Niedersaubacherinnen und Niedersaubacher ihre Familiengeschichte ziemlich genau nachzeichnen.<\/span><\/p>\n<p style=\"text-align: justify;\"><span style=\"color: #000000;\">Man muss bei uns nur unterscheiden die Zeit nach Einf\u00fchrung der franz\u00f6sischen Kommunalverfassung 1793 (also 4 Jahre nach Ausbruch der Franz\u00f6sischen Revolution, als die franz\u00f6sischen Revolutionstruppen die linken Rheinlande besetzt hatten) von der Zeit davor, als die Geburts-, Heirats- und Todesf\u00e4lle nicht standesamtlich erfasst, sondern vom Lebacher Pastor in den sogenannten Kirchenb\u00fcchern niedergeschrieben wurden.<\/span><\/p>\n<p style=\"text-align: justify;\"><span style=\"color: #000000;\">Somit haben wir in Niedersaubach 2 Quellenlagen, die Gerhard Storb aufgearbeitet hatte:<\/span><\/p>\n<p style=\"text-align: justify;\"><span style=\"color: #000000;\">Bereits 1986 ver\u00f6ffentlichte Gerhard Storb \u00fcber die Vereinigung f\u00fcr Heimatkunde im Landkreis Saarlouis die Ergebnisse, die er in den Kirchenb\u00fcchern der katholischen Pfarrei zur Heiligen Dreifaltigkeit und St. Marien fand (1703 &#8211; 1797). Dieses Buch kann \u00fcber jenen Verein, bei dem die Urheberrechte liegen, k\u00e4uflich erworben werden (5 Euro). Die entsprechende Bestelladresse lautet:<\/span><\/p>\n<p style=\"text-align: justify;\"><span style=\"color: #000000;\"><a class=\"wpGallery\" title=\"Verein f\u00fcr Heimatkunde Saarlouis\" href=\"http:\/\/www.vfh-saarlouis.de\" target=\"_blank\" rel=\"noopener\">http:\/\/www.vfh-saarlouis.de<\/a><\/span><\/p>\n<p style=\"text-align: justify;\"><span style=\"color: #000000;\">1994 konnte Gerhard Storb \u00fcber die Volkshochschule Lebach f\u00fcr die Mairie (sp\u00e4ter, als 1815 die Preu\u00dfen die Macht \u00fcbernahmen: B\u00fcrgermeisterei) Lebach seine Forschungsergebnisse in zwei B\u00e4nden vorlegen: Die Einwohner der B\u00fcrgermeisterei Lebach 1798 bis 1920. Die Volkshochschule Lebach, bei der die Urheberrechte liegen, hat dem Historischen Verein Lebach erlaubt, dieses Werk auf seiner Homepage zu ver\u00f6ffentlichen; diese Werke k\u00f6nnen dort kostenlos f\u00fcr private Zwecke angeschaut und herunter geladen werden.<\/span><\/p>\n<p style=\"text-align: justify;\"><span style=\"color: #000000;\">Man kann die B\u00fccher aber auch beim Historischen Verein\u00a0 Lebach f\u00fcr 30 Euro k\u00e4uflich erwerben, es gibt (Stand: Mai 2011) noch einige wenige Exemplare.<br \/>\n<\/span><\/p>\n<p style=\"text-align: justify;\">2016 hat Reiner Jost die Lebacher Kirchenb\u00fccher transkribiert. Sie dokumentieren Geburten, Sterbef\u00e4lle und Hochzeiten nach den gro\u00dfen Kriegen des 17. Jahrhunderts, als Wiederaufbau und Neubeginn stattfinden, in den Jahren 1703 &#8211; 1797:<\/p>\n<p>Jost, Reiner, Die Lebacher Kirchenb\u00fccher 1703 \u2013 1763 und 1764 \u2013 1797, Transkript, Lebach 2016<\/p>\n<p><a href=\"http:\/\/unser-niedersaubach.de\/Dokumente\/Familien\/Lebach-KKBI_1703-1763.pdf\" target=\"_blank\" rel=\"noopener\"><img loading=\"lazy\" decoding=\"async\" class=\"aligncenter wp-image-2565\" src=\"http:\/\/hv-lebach.de\/wp-content\/uploads\/2016\/10\/Lebach-KKB-I-1703-1763_Page_1-724x1024.jpeg\" sizes=\"auto, (max-width: 400px) 100vw, 400px\" srcset=\"http:\/\/hv-lebach.de\/wp-content\/uploads\/2016\/10\/Lebach-KKB-I-1703-1763_Page_1-724x1024.jpeg 724w, http:\/\/hv-lebach.de\/wp-content\/uploads\/2016\/10\/Lebach-KKB-I-1703-1763_Page_1-212x300.jpeg 212w, http:\/\/hv-lebach.de\/wp-content\/uploads\/2016\/10\/Lebach-KKB-I-1703-1763_Page_1-768x1086.jpeg 768w\" alt=\"lebach-kkb-i-1703-1763_page_1\" width=\"400\" height=\"566\" \/><\/a><\/p>\n<p><a href=\"http:\/\/unser-niedersaubach.de\/Dokumente\/Familien\/Lebach-KKBII_1764-1797.pdf\" target=\"_blank\" rel=\"noopener\"><img loading=\"lazy\" decoding=\"async\" class=\"aligncenter wp-image-2566\" src=\"http:\/\/hv-lebach.de\/wp-content\/uploads\/2016\/10\/Lebach-KKB-II-1764-1797.pdf_extract_Page_1-724x1024.jpeg\" sizes=\"auto, (max-width: 400px) 100vw, 400px\" srcset=\"http:\/\/hv-lebach.de\/wp-content\/uploads\/2016\/10\/Lebach-KKB-II-1764-1797.pdf_extract_Page_1-724x1024.jpeg 724w, http:\/\/hv-lebach.de\/wp-content\/uploads\/2016\/10\/Lebach-KKB-II-1764-1797.pdf_extract_Page_1-212x300.jpeg 212w, http:\/\/hv-lebach.de\/wp-content\/uploads\/2016\/10\/Lebach-KKB-II-1764-1797.pdf_extract_Page_1-768x1087.jpeg 768w\" alt=\"lebach-kkb-ii-1764-1797-pdf_extract_page_1\" width=\"400\" height=\"566\" \/><\/a><\/p>\n<p style=\"text-align: justify;\"><span style=\"color: #000000;\">Jeder Niedersaubacher kann nun anhand der eingetragenen Vorf\u00e4lle (Geburt, Heirat oder Tod), soweit sie sich im \u201eVerwaltungsgebiet&#8220; Lebach ereignet hatten, die Linie seiner Vorfahren bis 1703 relativ problemlos zur\u00fcck verfolgen.<\/span><\/p>\n<p style=\"text-align: justify;\"><span style=\"color: #000000;\">Viel Spa\u00df bei der Ahnenforschung!<\/span><\/p>\n<p style=\"text-align: justify;\"><span style=\"color: #000000;\"><br \/>\n<\/span><\/p>\n<p style=\"text-align: justify;\"><span style=\"color: #000000;\">Lothar Schmidt<\/span><\/p>\n","protected":false},"excerpt":{"rendered":"<p>Niedersaubach geh\u00f6rte bis zur Franz\u00f6sischen Revolution zur Vierherrschaft Lebach (zusammen mit Eidenborn, Falscheid, Knorscheid, Landsweiler, Hahn, Jabach, Primsweiler und R\u00fcmmelbach). Das Herrschaftsgebilde war komplex; die Herrschaft (wozu nat\u00fcrlich die Regelungen \u00fcber Grundbesitz, Steuern und Abgaben sowie Gerichtswesen geh\u00f6rten) war aufgeteilt &hellip; <a href=\"https:\/\/unser-niedersaubach.de\/?page_id=38\">Weiterlesen <span class=\"meta-nav\">&rarr;<\/span><\/a><\/p>\n","protected":false},"author":2,"featured_media":0,"parent":0,"menu_order":5,"comment_status":"open","ping_status":"open","template":"","meta":{"footnotes":""},"class_list":["post-38","page","type-page","status-publish","hentry"],"_links":{"self":[{"href":"https:\/\/unser-niedersaubach.de\/index.php?rest_route=\/wp\/v2\/pages\/38","targetHints":{"allow":["GET"]}}],"collection":[{"href":"https:\/\/unser-niedersaubach.de\/index.php?rest_route=\/wp\/v2\/pages"}],"about":[{"href":"https:\/\/unser-niedersaubach.de\/index.php?rest_route=\/wp\/v2\/types\/page"}],"author":[{"embeddable":true,"href":"https:\/\/unser-niedersaubach.de\/index.php?rest_route=\/wp\/v2\/users\/2"}],"replies":[{"embeddable":true,"href":"https:\/\/unser-niedersaubach.de\/index.php?rest_route=%2Fwp%2Fv2%2Fcomments&post=38"}],"version-history":[{"count":23,"href":"https:\/\/unser-niedersaubach.de\/index.php?rest_route=\/wp\/v2\/pages\/38\/revisions"}],"predecessor-version":[{"id":150,"href":"https:\/\/unser-niedersaubach.de\/index.php?rest_route=\/wp\/v2\/pages\/38\/revisions\/150"}],"wp:attachment":[{"href":"https:\/\/unser-niedersaubach.de\/index.php?rest_route=%2Fwp%2Fv2%2Fmedia&parent=38"}],"curies":[{"name":"wp","href":"https:\/\/api.w.org\/{rel}","templated":true}]}}