{"id":4424,"date":"2012-03-17T23:14:27","date_gmt":"2012-03-17T22:14:27","guid":{"rendered":"http:\/\/unser-niedersaubach.de\/?page_id=4424"},"modified":"2018-05-21T16:00:33","modified_gmt":"2018-05-21T15:00:33","slug":"josef-scherer","status":"publish","type":"page","link":"https:\/\/unser-niedersaubach.de\/?page_id=4424","title":{"rendered":"Josef Scherer"},"content":{"rendered":"<p style=\"text-align: justify;\">Josef Urban Scherer wurde nach Angaben seines Bruders Rudolf am 31.01.1933 geboren. Ermordet wurde er 23.09.1944 in der <span style=\"color: #0000ff;\"><a title=\"T\u00f6tungsanstalt &quot;Hadamar&quot;, Quelle: Wikipedia\" href=\"http:\/\/de.wikipedia.org\/wiki\/NS-T%C3%B6tungsanstalt_Hadamar\" target=\"_blank\" rel=\"noopener\"><span style=\"color: #0000ff;\"><strong>T\u00f6tungsanstalt Hadamar<\/strong><\/span><\/a> <\/span>(Landeskrankenhaus); er fiel dem Euthanasie-Programm der Nazis zum Opfer.<\/p>\n<p style=\"text-align: justify;\"><a title=\"Hadamar, Quelle: Wikipedia\" href=\"http:\/\/de.wikipedia.org\/wiki\/Hadamar\" target=\"_blank\" rel=\"noopener\"><strong><span style=\"color: #0000ff;\">Hadamar<\/span><\/strong><\/a> liegt am S\u00fcdrand des Westerwaldes in Hessen.<\/p>\n<p style=\"text-align: justify;\">Die Eltern von Josef Scherer waren Johann Alois Scherer (* 1900\/ + 1968) und Anna Scherer, geb. Riehm, aus der Holdt; sie heirateten 1928. Zu finden sind sie bei Gerhard Storb unter der Eintrags-Nr. 2523.2; er hatte noch 3 Br\u00fcder und 1 Schwester.<\/p>\n<p style=\"text-align: justify;\">Ein Bruder war <a title=\"Adolf Scherer\" href=\"http:\/\/unser-niedersaubach.de\/?page_id=2682\"><strong><span style=\"color: #0000ff;\">Adolf Scherer<\/span><\/strong><\/a>, der beim Spielen mit Kriegsger\u00e4t ums Leben kam.<\/p>\n<p style=\"text-align: justify;\">Sein Bruder Rudolf Scherer hat erlaubt, die Auskunft der Gedenkst\u00e4tte Hadamar \u00fcber Josef Urban Scherer hier zu ver\u00f6ffentlichen:<\/p>\n<p style=\"text-align: justify;\"><em>Josef Urban Scherer, geb. am 31.01.1933 in Niedersaubach, wurde an 25. Mai 1944 in die Heilerziehungs- und Pflegeanstalt Scheuern aufgenommen. Infolge der R\u00e4umung der Anstalt Scheuern wurde der Junge am 2. September 1944 nach Hadamar verlegt, wo er bereits am 23. September 1944 angeblich an einer \u201eHerzschw\u00e4che infolge einer Darmgrippe\u201c verstarb.<\/em><\/p>\n<p><!-- [if gte mso 9]><xml>\n<w:WordDocument>\n<w:View>Normal<\/w:View>\n<w:Zoom>0<\/w:Zoom>\n<w:HyphenationZone>21<\/w:HyphenationZone>\n<w:PunctuationKerning\/>\n<w:ValidateAgainstSchemas\/>\n<w:SaveIfXMLInvalid>false<\/w:SaveIfXMLInvalid>\n<w:IgnoreMixedContent>false<\/w:IgnoreMixedContent>\n<w:AlwaysShowPlaceholderText>false<\/w:AlwaysShowPlaceholderText>\n<w:Compatibility>\n<w:BreakWrappedTables\/>\n<w:SnapToGridInCell\/>\n<w:WrapTextWithPunct\/>\n<w:UseAsianBreakRules\/>\n<w:DontGrowAutofit\/>\n<\/w:Compatibility>\n<w:BrowserLevel>MicrosoftInternetExplorer4<\/w:BrowserLevel>\n<\/w:WordDocument>\n<\/xml><![endif]--><\/p>\n<p><!-- [if gte mso 9]><xml>\n<w:LatentStyles DefLockedState=\"false\" LatentStyleCount=\"156\">\n<\/w:LatentStyles>\n<\/xml><![endif]--><!-- [if gte mso 10]>\n\n\n\n<style>\n \/* Style Definitions *\/<br \/>\n table.MsoNormalTable<br \/>\n\t{mso-style-name:\"Normale Tabelle\";<br \/>\n\tmso-tstyle-rowband-size:0;<br \/>\n\tmso-tstyle-colband-size:0;<br \/>\n\tmso-style-noshow:yes;<br \/>\n\tmso-style-parent:\"\";<br \/>\n\tmso-padding-alt:0cm 5.4pt 0cm 5.4pt;<br \/>\n\tmso-para-margin:0cm;<br \/>\n\tmso-para-margin-bottom:.0001pt;<br \/>\n\tmso-pagination:widow-orphan;<br \/>\n\tfont-size:10.0pt;<br \/>\n\tfont-family:\"Times New Roman\";<br \/>\n\tmso-ansi-language:#0400;<br \/>\n\tmso-fareast-language:#0400;<br \/>\n\tmso-bidi-language:#0400;}<br \/>\n<\/style>\n\n<![endif]--><\/p>\n<p class=\"MsoNormal\" style=\"text-align: justify;\"><span style=\"color: #000000;\"><i><span style=\"font-family: Arial;\">Hadamar war zwischen August 1942 und M\u00e4rz 1945 (Einmarsch amerikanischer Truppen) keine normale Heil- und Pflegeanstalt, denn in dieser Zeit wurden die NS-Euthanasie-Morde wieder aufgenommen. Im Gegensatz zu 1941 wurden die Patienten nicht durch Gas, sondern durch \u00fcberdosierte Medikamente, gezielte Mangelern\u00e4hrung und unterlassene medizinische Versorgung get\u00f6tet. Die Angabe der Todesursache war in der Regel falsch, um Angeh\u00f6rige und Beh\u00f6rden zu t\u00e4uschen.<\/span><\/i><\/span><\/p>\n<p class=\"MsoNormal\" style=\"text-align: justify;\"><span style=\"color: #000000;\"><i><span style=\"font-family: Arial;\">Die Patientenakte von Josef Urban Scherer ist in der Gedenkst\u00e4tte erhalten (Signatur: K 12 \/ 846).<\/span><\/i><\/span><\/p>\n<p class=\"MsoNormal\" style=\"text-align: justify;\"><strong><span style=\"color: #0000ff;\"><a title=\"Josef Scherer erh\u00e4lt eine Namenstafel in der Antoniuskapelle, Foto: Lothar Schmidt\" href=\"http:\/\/unser-niedersaubach.de\/?p=4843\"><span style=\"color: #0000ff;\">Josef Scherer hat neben allen anderen Kriegsopfern im Rahmen der 800-Jahrfeier seinen Namen in der Gedenkecke unserer Antoniuskapelle erhalten.<\/span><\/a><\/span><\/strong><\/p>\n<p class=\"MsoNormal\" style=\"text-align: justify;\"><strong><span style=\"color: #0000ff;\"><a title=\"Stolpersteine in Lebach\" href=\"http:\/\/unser-niedersaubach.de\/?p=6170\"><span style=\"color: #0000ff;\">Das Adolf-Bender-Zentrum St. Wendel, das GSG Lebach und die Stadt Lebach hatten am 29. August 2013 zur Verlegung von Stolpersteinen auch in die Hold zum Gedenken an Josef Scherer geladen.<\/span><\/a><\/span><\/strong> In der Brosch\u00fcre pr\u00e4zisiert der Bruder von Josef Scherer, Rudolf Scherer, die Umst\u00e4nde, die zur Einweisung nach Scheuern bzw. Hadamar f\u00fchrten.<\/p>\n<p class=\"MsoNormal\" style=\"text-align: justify;\"><span style=\"color: #ff0000;\">Um die Brosch\u00fcre zu erhalten, einfach das Startbild unterhalb anklicken!<\/span><\/p>\n<div id=\"attachment_6204\" style=\"width: 495px\" class=\"wp-caption aligncenter\"><a title=\"Stolpersteine in Lebach, Flyer des Adolf-Bender-Zentrums St. Wendel, September 2013\" href=\"http:\/\/unser-niedersaubach.de\/Dokumente\/WKII\/Stolpersteine\/Stolpersteine-in-Lebach.pdf\" target=\"_blank\" rel=\"noopener\"><img loading=\"lazy\" decoding=\"async\" aria-describedby=\"caption-attachment-6204\" class=\"size-large wp-image-6204\" src=\"http:\/\/unser-niedersaubach.de\/wp-content\/uploads\/2013\/08\/Stolpersteine-in-Lebach_550-485x1024.jpg\" alt=\"Stolpersteine f\u00fcr Lebach, Copyright: Adolf-Bender-Zentrum St. Wendel\" width=\"485\" height=\"1024\" srcset=\"https:\/\/unser-niedersaubach.de\/wp-content\/uploads\/2013\/08\/Stolpersteine-in-Lebach_550-485x1024.jpg 485w, https:\/\/unser-niedersaubach.de\/wp-content\/uploads\/2013\/08\/Stolpersteine-in-Lebach_550-142x300.jpg 142w\" sizes=\"auto, (max-width: 485px) 100vw, 485px\" \/><\/a><p id=\"caption-attachment-6204\" class=\"wp-caption-text\">Stolpersteine f\u00fcr Lebach, Copyright: Adolf-Bender-Zentrum St. Wendel<\/p><\/div>\n<p class=\"MsoNormal\" style=\"text-align: right;\"><span style=\"color: #000000;\"><i><span style=\"font-family: Arial;\">Stand: 09.2013<\/span><\/i><\/span><\/p>\n","protected":false},"excerpt":{"rendered":"<p>Josef Urban Scherer wurde nach Angaben seines Bruders Rudolf am 31.01.1933 geboren. Ermordet wurde er 23.09.1944 in der T\u00f6tungsanstalt Hadamar (Landeskrankenhaus); er fiel dem Euthanasie-Programm der Nazis zum Opfer. Hadamar liegt am S\u00fcdrand des Westerwaldes in Hessen. Die Eltern von &hellip; <a href=\"https:\/\/unser-niedersaubach.de\/?page_id=4424\">Weiterlesen <span class=\"meta-nav\">&rarr;<\/span><\/a><\/p>\n","protected":false},"author":2,"featured_media":0,"parent":2673,"menu_order":3,"comment_status":"closed","ping_status":"closed","template":"","meta":{"ngg_post_thumbnail":0,"footnotes":""},"class_list":["post-4424","page","type-page","status-publish","hentry"],"_links":{"self":[{"href":"https:\/\/unser-niedersaubach.de\/index.php?rest_route=\/wp\/v2\/pages\/4424","targetHints":{"allow":["GET"]}}],"collection":[{"href":"https:\/\/unser-niedersaubach.de\/index.php?rest_route=\/wp\/v2\/pages"}],"about":[{"href":"https:\/\/unser-niedersaubach.de\/index.php?rest_route=\/wp\/v2\/types\/page"}],"author":[{"embeddable":true,"href":"https:\/\/unser-niedersaubach.de\/index.php?rest_route=\/wp\/v2\/users\/2"}],"replies":[{"embeddable":true,"href":"https:\/\/unser-niedersaubach.de\/index.php?rest_route=%2Fwp%2Fv2%2Fcomments&post=4424"}],"version-history":[{"count":23,"href":"https:\/\/unser-niedersaubach.de\/index.php?rest_route=\/wp\/v2\/pages\/4424\/revisions"}],"predecessor-version":[{"id":7685,"href":"https:\/\/unser-niedersaubach.de\/index.php?rest_route=\/wp\/v2\/pages\/4424\/revisions\/7685"}],"up":[{"embeddable":true,"href":"https:\/\/unser-niedersaubach.de\/index.php?rest_route=\/wp\/v2\/pages\/2673"}],"wp:attachment":[{"href":"https:\/\/unser-niedersaubach.de\/index.php?rest_route=%2Fwp%2Fv2%2Fmedia&parent=4424"}],"curies":[{"name":"wp","href":"https:\/\/api.w.org\/{rel}","templated":true}]}}

<p style="text-align: justify;">Josef Urban Scherer wurde nach Angaben seines Bruders Rudolf am 31.01.1933 geboren. Ermordet wurde er 23.09.1944 in der <span style="color: #0000ff;"><a title="Tötungsanstalt &quot;Hadamar&quot;, Quelle: Wikipedia" href="http://de.wikipedia.org/wiki/NS-T%C3%B6tungsanstalt_Hadamar" target="_blank" rel="noopener"><span style="color: #0000ff;"><strong>Tötungsanstalt Hadamar</strong></span></a> </span>(Landeskrankenhaus); er fiel dem Euthanasie-Programm der Nazis zum Opfer.</p>
<p style="text-align: justify;"><a title="Hadamar, Quelle: Wikipedia" href="http://de.wikipedia.org/wiki/Hadamar" target="_blank" rel="noopener"><strong><span style="color: #0000ff;">Hadamar</span></strong></a> liegt am Südrand des Westerwaldes in Hessen.</p>
<p style="text-align: justify;">Die Eltern von Josef Scherer waren Johann Alois Scherer (* 1900/ + 1968) und Anna Scherer, geb. Riehm, aus der Holdt; sie heirateten 1928. Zu finden sind sie bei Gerhard Storb unter der Eintrags-Nr. 2523.2; er hatte noch 3 Brüder und 1 Schwester.</p>
<p style="text-align: justify;">Ein Bruder war <a title="Adolf Scherer" href="http://unser-niedersaubach.de/?page_id=2682"><strong><span style="color: #0000ff;">Adolf Scherer</span></strong></a>, der beim Spielen mit Kriegsgerät ums Leben kam.</p>
<p style="text-align: justify;">Sein Bruder Rudolf Scherer hat erlaubt, die Auskunft der Gedenkstätte Hadamar über Josef Urban Scherer hier zu veröffentlichen:</p>
<p style="text-align: justify;"><em>Josef Urban Scherer, geb. am 31.01.1933 in Niedersaubach, wurde an 25. Mai 1944 in die Heilerziehungs- und Pflegeanstalt Scheuern aufgenommen. Infolge der Räumung der Anstalt Scheuern wurde der Junge am 2. September 1944 nach Hadamar verlegt, wo er bereits am 23. September 1944 angeblich an einer „Herzschwäche infolge einer Darmgrippe“ verstarb.</em></p>
<p><!-- [if gte mso 9]><xml>
<w:WordDocument>
<w:View>Normal</w:View>
<w:Zoom>0</w:Zoom>
<w:HyphenationZone>21</w:HyphenationZone>
<w:PunctuationKerning/>
<w:ValidateAgainstSchemas/>
<w:SaveIfXMLInvalid>false</w:SaveIfXMLInvalid>
<w:IgnoreMixedContent>false</w:IgnoreMixedContent>
<w:AlwaysShowPlaceholderText>false</w:AlwaysShowPlaceholderText>
<w:Compatibility>
<w:BreakWrappedTables/>
<w:SnapToGridInCell/>
<w:WrapTextWithPunct/>
<w:UseAsianBreakRules/>
<w:DontGrowAutofit/>
</w:Compatibility>
<w:BrowserLevel>MicrosoftInternetExplorer4</w:BrowserLevel>
</w:WordDocument>
</xml><![endif]--></p>
<p><!-- [if gte mso 9]><xml>
<w:LatentStyles DefLockedState="false" LatentStyleCount="156">
</w:LatentStyles>
</xml><![endif]--><!-- [if gte mso 10]>



<style>
 /* Style Definitions */<br />
 table.MsoNormalTable<br />
	{mso-style-name:"Normale Tabelle";<br />
	mso-tstyle-rowband-size:0;<br />
	mso-tstyle-colband-size:0;<br />
	mso-style-noshow:yes;<br />
	mso-style-parent:"";<br />
	mso-padding-alt:0cm 5.4pt 0cm 5.4pt;<br />
	mso-para-margin:0cm;<br />
	mso-para-margin-bottom:.0001pt;<br />
	mso-pagination:widow-orphan;<br />
	font-size:10.0pt;<br />
	font-family:"Times New Roman";<br />
	mso-ansi-language:#0400;<br />
	mso-fareast-language:#0400;<br />
	mso-bidi-language:#0400;}<br />
</style>

<![endif]--></p>
<p class="MsoNormal" style="text-align: justify;"><span style="color: #000000;"><i><span style="font-family: Arial;">Hadamar war zwischen August 1942 und März 1945 (Einmarsch amerikanischer Truppen) keine normale Heil- und Pflegeanstalt, denn in dieser Zeit wurden die NS-Euthanasie-Morde wieder aufgenommen. Im Gegensatz zu 1941 wurden die Patienten nicht durch Gas, sondern durch überdosierte Medikamente, gezielte Mangelernährung und unterlassene medizinische Versorgung getötet. Die Angabe der Todesursache war in der Regel falsch, um Angehörige und Behörden zu täuschen.</span></i></span></p>
<p class="MsoNormal" style="text-align: justify;"><span style="color: #000000;"><i><span style="font-family: Arial;">Die Patientenakte von Josef Urban Scherer ist in der Gedenkstätte erhalten (Signatur: K 12 / 846).</span></i></span></p>
<p class="MsoNormal" style="text-align: justify;"><strong><span style="color: #0000ff;"><a title="Josef Scherer erhält eine Namenstafel in der Antoniuskapelle, Foto: Lothar Schmidt" href="http://unser-niedersaubach.de/?p=4843"><span style="color: #0000ff;">Josef Scherer hat neben allen anderen Kriegsopfern im Rahmen der 800-Jahrfeier seinen Namen in der Gedenkecke unserer Antoniuskapelle erhalten.</span></a></span></strong></p>
<p class="MsoNormal" style="text-align: justify;"><strong><span style="color: #0000ff;"><a title="Stolpersteine in Lebach" href="http://unser-niedersaubach.de/?p=6170"><span style="color: #0000ff;">Das Adolf-Bender-Zentrum St. Wendel, das GSG Lebach und die Stadt Lebach hatten am 29. August 2013 zur Verlegung von Stolpersteinen auch in die Hold zum Gedenken an Josef Scherer geladen.</span></a></span></strong> In der Broschüre präzisiert der Bruder von Josef Scherer, Rudolf Scherer, die Umstände, die zur Einweisung nach Scheuern bzw. Hadamar führten.</p>
<p class="MsoNormal" style="text-align: justify;"><span style="color: #ff0000;">Um die Broschüre zu erhalten, einfach das Startbild unterhalb anklicken!</span></p>
<div id="attachment_6204" style="width: 495px" class="wp-caption aligncenter"><a title="Stolpersteine in Lebach, Flyer des Adolf-Bender-Zentrums St. Wendel, September 2013" href="http://unser-niedersaubach.de/Dokumente/WKII/Stolpersteine/Stolpersteine-in-Lebach.pdf" target="_blank" rel="noopener"><img loading="lazy" decoding="async" aria-describedby="caption-attachment-6204" class="size-large wp-image-6204" src="http://unser-niedersaubach.de/wp-content/uploads/2013/08/Stolpersteine-in-Lebach_550-485x1024.jpg" alt="Stolpersteine für Lebach, Copyright: Adolf-Bender-Zentrum St. Wendel" width="485" height="1024" srcset="https://unser-niedersaubach.de/wp-content/uploads/2013/08/Stolpersteine-in-Lebach_550-485x1024.jpg 485w, https://unser-niedersaubach.de/wp-content/uploads/2013/08/Stolpersteine-in-Lebach_550-142x300.jpg 142w" sizes="auto, (max-width: 485px) 100vw, 485px" /></a><p id="caption-attachment-6204" class="wp-caption-text">Stolpersteine für Lebach, Copyright: Adolf-Bender-Zentrum St. Wendel</p></div>
<p class="MsoNormal" style="text-align: right;"><span style="color: #000000;"><i><span style="font-family: Arial;">Stand: 09.2013</span></i></span></p>

<p>Josef Urban Scherer wurde nach Angaben seines Bruders Rudolf am 31.01.1933 geboren. Ermordet wurde er 23.09.1944 in der Tötungsanstalt Hadamar (Landeskrankenhaus); er fiel dem Euthanasie-Programm der Nazis zum Opfer. Hadamar liegt am Südrand des Westerwaldes in Hessen. Die Eltern von &hellip; <a href="https://unser-niedersaubach.de/?page_id=4424">Weiterlesen <span class="meta-nav">&rarr;</span></a></p>
