{"id":556,"date":"2009-06-30T11:26:24","date_gmt":"2009-06-30T10:26:24","guid":{"rendered":"http:\/\/unser-niedersaubach.de\/?page_id=556"},"modified":"2018-05-21T16:13:46","modified_gmt":"2018-05-21T15:13:46","slug":"pastor-hermann-munzel","status":"publish","type":"page","link":"https:\/\/unser-niedersaubach.de\/?page_id=556","title":{"rendered":"Hermann M\u00fcnzel"},"content":{"rendered":"<p style=\"text-align: justify;\"><span style=\"color: #000000;\">Dieter Gr\u00e4bner (Saarbr\u00fccker Zeitung) verfasste am 1. April 2006 einen Nachruf auf Pastor Hermann M\u00fcnzel unter dem Titel: \u201eEin Rebell mit Herz&#8220;.<\/span><\/p>\n<p style=\"text-align: justify;\"><span style=\"color: #000000;\">Ich zitiere: \u201eHermann M\u00fcnzel wurde am 9. April 1935 in Koblenz als vierter von sechs Br\u00fcdern geboren. Sein Elternhaus \u2019sei fromm, aber nie autorit\u00e4tsgl\u00e4ubig gewesen\u2019, vertraute er einem Reporter des &#8218;Trierischen Volksfreundes\u2019 an, der ihn sechs Wochen vor seinem Tod, als er schon von einer unheilbaren Krebskrankheit gezeichnet war, besuchte.<\/span><\/p>\n<p style=\"text-align: justify;\"><span style=\"color: #000000;\">Der \u2019Kirchenrebell\u2019 studierte in Trier und Innsbruck, wurde 1960 zum Priester geweiht, 1961 Kaplan in Bad Kreuznach und 1965 Kaplan in der Christk\u00f6nig-Gemeinde in Saarbr\u00fccken und Religionslehrer am Realgymnasium in Lebach. Er wird als ein Lehrer beschrieben, der seine Meinung sagte und kein Thema ausklammerte. Einer wie ihn brauchen Jugendliche. Seine Beliebtheit und sein Ruf als charismatischer Priester, der auch Tabu-Themen in seinen Predigten aufgriff, das machte ihn bei den Oberen im Bistum Trier\u00a0 \u2019verd\u00e4chtig\u2019.\u201c<\/span><\/p>\n<div id=\"attachment_551\" style=\"width: 394px\" class=\"wp-caption aligncenter\"><img loading=\"lazy\" decoding=\"async\" aria-describedby=\"caption-attachment-551\" class=\"size-full wp-image-551 \" title=\"hermann-muenzel\" src=\"http:\/\/unser-niedersaubach.de\/wp-content\/uploads\/2009\/06\/hermann-muenzel.jpg\" alt=\"Pastor Hermann M\u00fcnzel (1965-1966)\" width=\"384\" height=\"473\" srcset=\"https:\/\/unser-niedersaubach.de\/wp-content\/uploads\/2009\/06\/hermann-muenzel.jpg 384w, https:\/\/unser-niedersaubach.de\/wp-content\/uploads\/2009\/06\/hermann-muenzel-243x300.jpg 243w\" sizes=\"auto, (max-width: 384px) 100vw, 384px\" \/><p id=\"caption-attachment-551\" class=\"wp-caption-text\">Pastor Hermann M\u00fcnzel, Subsidiar in Niedersaubach 1965-1966, Foto: Erhard Bertel, Pfarrer i. R., Saarbr\u00fccken<\/p><\/div>\n<p style=\"text-align: justify;\"><span style=\"color: #000000;\">Hermann M\u00fcnzel lebte in unserem Dorf zwischen 1965 und 1966, als er Religionslehrer am RG Lebach war. Von seinen Messdienern wei\u00df ich, dass er wegen seines offenen Umgangs mit der Jugend unseres Dorfes sehr beliebt war.<\/span><\/p>\n<p style=\"text-align: justify;\"><span style=\"color: #000000;\">Seinen Namen als Kirchenrebell leitete sich nicht zuletzt daher ab, dass er Mitbegr\u00fcnder und sp\u00e4ter Herausgeber der Zeitschrift \u201eimprimatur\u201c (auf Deutsch: Es darf gedruckt werden; ein Label, das die katholische Kirche fr\u00fcher vergab, wenn sie mit der Ver\u00f6ffentlichung von Schriftst\u00fccken einverstanden war; das Gegenteil ist \u201eZensur\u201c). \u201eimprimatur\u201c setzte sich \u00e4u\u00dferst herausfordernd in der Tradition des 2. Vatikanischen Konzils mit den nicht mehr zeitgem\u00e4\u00dfen Verkrustungen in der katholischen Amtskirche auseinander. Daf\u00fcr hat Pastor M\u00fcnzel von seinen kirchlichen Vorgesetzten viel \u201ePr\u00fcgel\u201c bezogen. Der H\u00f6hepunkt der Auseinandersetzung war, als er 2002 auf dem Katholikentag in Hamburg mit Geistlichen anderer Konfessionen eine gemeinsame Messe zelebrierte. Der Trierer Bischof Spital suspendierte ihn daraufhin vor\u00fcbergehend von seinem Priesteramt. Erst als er, f\u00fcr ihn sehr dem\u00fctigend, vor dem Trierer Priesterkollegium wie ehedem Galileo Galilei abschwor, wurde er wieder in sein Priesteramt eingesetzt. Dieses Priesteramt \u00fcbte er zuletzt in Rascheid (Hermeskeil) aus, wo er von der \u00f6rtlichen Jugend wegen seines Engagements f\u00fcr die Jugend sehr geliebt wurde.<\/span><\/p>\n<p style=\"text-align: justify;\"><span style=\"color: #000000;\">Am 9. M\u00e4rz 2006 verstarb Hermann M\u00fcnzel in Trier nach einem schweren Krebsleiden. An seiner Beerdigungsfeier am 14. M\u00e4rz 2006 in Trier nahmen \u00fcber 900 tief betr\u00fcbte Trauerg\u00e4ste teil. Pastor M\u00fcnzel hat bei seinen Weggef\u00e4hrten einen lebendigen Eindruck hinterlassen. Man sagt, er habe das Christentum wirklich gelebt.<\/span><\/p>\n<p style=\"text-align: justify;\"><span style=\"color: #000000;\">Pfarrer Erhard Bertel (ehedem Dechant von St. Michael in Saarbr\u00fccken, Mitherausgeber des imprimatur) hat mir einige Dokumente \u00fcberlassen, welche das Lebenswerk von Pastor Hermann M\u00fcnzel bezeugen.<\/span><\/p>\n<p style=\"text-align: justify;\"><span style=\"color: #000000;\">Das ist einmal<\/span> <a class=\"wpGallery\" title=\"Nachruf f\u00fcr Hermann M\u00fcnzel von Erhard Bertel\" href=\"http:\/\/unser-niedersaubach.de\/Dokumente\/Hermann-Muenzel_Nachruf.pdf\" target=\"_blank\" rel=\"noopener\">der Nachruf (hier anklicken, um zum Dokument zu kommen)<\/a>, <span style=\"color: #000000;\">den Pfarrer Bertel f\u00fcr den Paulinus verfasst hatte. Und<\/span> <a class=\"wpGallery\" title=\"imprimatur Heft 2 2006\" href=\"http:\/\/unser-niedersaubach.de\/Dokumente\/imprimatur_Heft-2_2006.pdf\" target=\"_blank\" rel=\"noopener\">eine Sonderseite des imprimatur (hier anklicken, um zum Dokument zu gelangen)<\/a> <span style=\"color: #000000;\">widmete sich ausf\u00fchrlich dem Lebenswerk von Pastor Hermann M\u00fcnzel, der schon mit 70 Jahren, allerdings vollkommen hoffnungsvoll, sterben musste.<\/span><\/p>\n<p style=\"text-align: justify;\"><a class=\"wpGallery\" title=\"Hermann M\u00fcnzel im Trierer Volksfreund\" href=\"http:\/\/www.volksfreund.de\/nachrichten\/themendestages\/themenderzeit\/Weitere-Themen-des-Tages-TRIER-KONZ-Hermann-Muenzel-kaempft-seinen-letzten-Kampf;art742,904974\" target=\"_blank\" rel=\"noopener\">Dem Trierer Volksfreund hatte er noch kurz vor seinem Tod ein Interview gegeben (hier anklicken, um zum Zeitungsartikel zu gelangen).<\/a><\/p>\n<p style=\"text-align: justify;\"><span style=\"color: #000000;\">Ich selber habe (als er in Niedersaubach lebte, war ich 7 Jahre alt) leider nur noch blasse Erinnerungen an diesen gro\u00dfen Mann.<\/span><\/p>\n<p style=\"text-align: justify;\"><span style=\"color: #000000;\">Lothar Schmidt<\/span><\/p>\n","protected":false},"excerpt":{"rendered":"<p>Dieter Gr\u00e4bner (Saarbr\u00fccker Zeitung) verfasste am 1. April 2006 einen Nachruf auf Pastor Hermann M\u00fcnzel unter dem Titel: \u201eEin Rebell mit Herz&#8220;. Ich zitiere: \u201eHermann M\u00fcnzel wurde am 9. April 1935 in Koblenz als vierter von sechs Br\u00fcdern geboren. Sein &hellip; <a href=\"https:\/\/unser-niedersaubach.de\/?page_id=556\">Weiterlesen <span class=\"meta-nav\">&rarr;<\/span><\/a><\/p>\n","protected":false},"author":2,"featured_media":0,"parent":35,"menu_order":3,"comment_status":"closed","ping_status":"closed","template":"","meta":{"ngg_post_thumbnail":0,"footnotes":""},"class_list":["post-556","page","type-page","status-publish","hentry"],"_links":{"self":[{"href":"https:\/\/unser-niedersaubach.de\/index.php?rest_route=\/wp\/v2\/pages\/556","targetHints":{"allow":["GET"]}}],"collection":[{"href":"https:\/\/unser-niedersaubach.de\/index.php?rest_route=\/wp\/v2\/pages"}],"about":[{"href":"https:\/\/unser-niedersaubach.de\/index.php?rest_route=\/wp\/v2\/types\/page"}],"author":[{"embeddable":true,"href":"https:\/\/unser-niedersaubach.de\/index.php?rest_route=\/wp\/v2\/users\/2"}],"replies":[{"embeddable":true,"href":"https:\/\/unser-niedersaubach.de\/index.php?rest_route=%2Fwp%2Fv2%2Fcomments&post=556"}],"version-history":[{"count":53,"href":"https:\/\/unser-niedersaubach.de\/index.php?rest_route=\/wp\/v2\/pages\/556\/revisions"}],"predecessor-version":[{"id":7709,"href":"https:\/\/unser-niedersaubach.de\/index.php?rest_route=\/wp\/v2\/pages\/556\/revisions\/7709"}],"up":[{"embeddable":true,"href":"https:\/\/unser-niedersaubach.de\/index.php?rest_route=\/wp\/v2\/pages\/35"}],"wp:attachment":[{"href":"https:\/\/unser-niedersaubach.de\/index.php?rest_route=%2Fwp%2Fv2%2Fmedia&parent=556"}],"curies":[{"name":"wp","href":"https:\/\/api.w.org\/{rel}","templated":true}]}}

Hermann Münzel

<p style="text-align: justify;"><span style="color: #000000;">Dieter Gräbner (Saarbrücker Zeitung) verfasste am 1. April 2006 einen Nachruf auf Pastor Hermann Münzel unter dem Titel: „Ein Rebell mit Herz&#8220;.</span></p>
<p style="text-align: justify;"><span style="color: #000000;">Ich zitiere: „Hermann Münzel wurde am 9. April 1935 in Koblenz als vierter von sechs Brüdern geboren. Sein Elternhaus ’sei fromm, aber nie autoritätsgläubig gewesen’, vertraute er einem Reporter des &#8218;Trierischen Volksfreundes’ an, der ihn sechs Wochen vor seinem Tod, als er schon von einer unheilbaren Krebskrankheit gezeichnet war, besuchte.</span></p>
<p style="text-align: justify;"><span style="color: #000000;">Der ’Kirchenrebell’ studierte in Trier und Innsbruck, wurde 1960 zum Priester geweiht, 1961 Kaplan in Bad Kreuznach und 1965 Kaplan in der Christkönig-Gemeinde in Saarbrücken und Religionslehrer am Realgymnasium in Lebach. Er wird als ein Lehrer beschrieben, der seine Meinung sagte und kein Thema ausklammerte. Einer wie ihn brauchen Jugendliche. Seine Beliebtheit und sein Ruf als charismatischer Priester, der auch Tabu-Themen in seinen Predigten aufgriff, das machte ihn bei den Oberen im Bistum Trier  ’verdächtig’.“</span></p>
<div id="attachment_551" style="width: 394px" class="wp-caption aligncenter"><img loading="lazy" decoding="async" aria-describedby="caption-attachment-551" class="size-full wp-image-551 " title="hermann-muenzel" src="http://unser-niedersaubach.de/wp-content/uploads/2009/06/hermann-muenzel.jpg" alt="Pastor Hermann Münzel (1965-1966)" width="384" height="473" srcset="https://unser-niedersaubach.de/wp-content/uploads/2009/06/hermann-muenzel.jpg 384w, https://unser-niedersaubach.de/wp-content/uploads/2009/06/hermann-muenzel-243x300.jpg 243w" sizes="auto, (max-width: 384px) 100vw, 384px" /><p id="caption-attachment-551" class="wp-caption-text">Pastor Hermann Münzel, Subsidiar in Niedersaubach 1965-1966, Foto: Erhard Bertel, Pfarrer i. R., Saarbrücken</p></div>
<p style="text-align: justify;"><span style="color: #000000;">Hermann Münzel lebte in unserem Dorf zwischen 1965 und 1966, als er Religionslehrer am RG Lebach war. Von seinen Messdienern weiß ich, dass er wegen seines offenen Umgangs mit der Jugend unseres Dorfes sehr beliebt war.</span></p>
<p style="text-align: justify;"><span style="color: #000000;">Seinen Namen als Kirchenrebell leitete sich nicht zuletzt daher ab, dass er Mitbegründer und später Herausgeber der Zeitschrift „imprimatur“ (auf Deutsch: Es darf gedruckt werden; ein Label, das die katholische Kirche früher vergab, wenn sie mit der Veröffentlichung von Schriftstücken einverstanden war; das Gegenteil ist „Zensur“). „imprimatur“ setzte sich äußerst herausfordernd in der Tradition des 2. Vatikanischen Konzils mit den nicht mehr zeitgemäßen Verkrustungen in der katholischen Amtskirche auseinander. Dafür hat Pastor Münzel von seinen kirchlichen Vorgesetzten viel „Prügel“ bezogen. Der Höhepunkt der Auseinandersetzung war, als er 2002 auf dem Katholikentag in Hamburg mit Geistlichen anderer Konfessionen eine gemeinsame Messe zelebrierte. Der Trierer Bischof Spital suspendierte ihn daraufhin vorübergehend von seinem Priesteramt. Erst als er, für ihn sehr demütigend, vor dem Trierer Priesterkollegium wie ehedem Galileo Galilei abschwor, wurde er wieder in sein Priesteramt eingesetzt. Dieses Priesteramt übte er zuletzt in Rascheid (Hermeskeil) aus, wo er von der örtlichen Jugend wegen seines Engagements für die Jugend sehr geliebt wurde.</span></p>
<p style="text-align: justify;"><span style="color: #000000;">Am 9. März 2006 verstarb Hermann Münzel in Trier nach einem schweren Krebsleiden. An seiner Beerdigungsfeier am 14. März 2006 in Trier nahmen über 900 tief betrübte Trauergäste teil. Pastor Münzel hat bei seinen Weggefährten einen lebendigen Eindruck hinterlassen. Man sagt, er habe das Christentum wirklich gelebt.</span></p>
<p style="text-align: justify;"><span style="color: #000000;">Pfarrer Erhard Bertel (ehedem Dechant von St. Michael in Saarbrücken, Mitherausgeber des imprimatur) hat mir einige Dokumente überlassen, welche das Lebenswerk von Pastor Hermann Münzel bezeugen.</span></p>
<p style="text-align: justify;"><span style="color: #000000;">Das ist einmal</span> <a class="wpGallery" title="Nachruf für Hermann Münzel von Erhard Bertel" href="http://unser-niedersaubach.de/Dokumente/Hermann-Muenzel_Nachruf.pdf" target="_blank" rel="noopener">der Nachruf (hier anklicken, um zum Dokument zu kommen)</a>, <span style="color: #000000;">den Pfarrer Bertel für den Paulinus verfasst hatte. Und</span> <a class="wpGallery" title="imprimatur Heft 2 2006" href="http://unser-niedersaubach.de/Dokumente/imprimatur_Heft-2_2006.pdf" target="_blank" rel="noopener">eine Sonderseite des imprimatur (hier anklicken, um zum Dokument zu gelangen)</a> <span style="color: #000000;">widmete sich ausführlich dem Lebenswerk von Pastor Hermann Münzel, der schon mit 70 Jahren, allerdings vollkommen hoffnungsvoll, sterben musste.</span></p>
<p style="text-align: justify;"><a class="wpGallery" title="Hermann Münzel im Trierer Volksfreund" href="http://www.volksfreund.de/nachrichten/themendestages/themenderzeit/Weitere-Themen-des-Tages-TRIER-KONZ-Hermann-Muenzel-kaempft-seinen-letzten-Kampf;art742,904974" target="_blank" rel="noopener">Dem Trierer Volksfreund hatte er noch kurz vor seinem Tod ein Interview gegeben (hier anklicken, um zum Zeitungsartikel zu gelangen).</a></p>
<p style="text-align: justify;"><span style="color: #000000;">Ich selber habe (als er in Niedersaubach lebte, war ich 7 Jahre alt) leider nur noch blasse Erinnerungen an diesen großen Mann.</span></p>
<p style="text-align: justify;"><span style="color: #000000;">Lothar Schmidt</span></p>

<p>Dieter Gräbner (Saarbrücker Zeitung) verfasste am 1. April 2006 einen Nachruf auf Pastor Hermann Münzel unter dem Titel: „Ein Rebell mit Herz&#8220;. Ich zitiere: „Hermann Münzel wurde am 9. April 1935 in Koblenz als vierter von sechs Brüdern geboren. Sein &hellip; <a href="https://unser-niedersaubach.de/?page_id=556">Weiterlesen <span class="meta-nav">&rarr;</span></a></p>
