{"id":672,"date":"2009-07-23T13:01:46","date_gmt":"2009-07-23T12:01:46","guid":{"rendered":"http:\/\/unser-niedersaubach.de\/?page_id=672"},"modified":"2018-05-21T16:20:47","modified_gmt":"2018-05-21T15:20:47","slug":"pastor-hermann-ludwig-meiser","status":"publish","type":"page","link":"https:\/\/unser-niedersaubach.de\/?page_id=672","title":{"rendered":"Hermann Ludwig Meiser"},"content":{"rendered":"<h2><span style=\"color: #0000ff;\"><span style=\"font-family: Arial; font-size: 12pt;\">Erinnerungen an St. Antonius Niedersaubach von Hermann Ludwig Meiser, Pfarrer i. R.<\/span><\/span><\/h2>\n<p style=\"text-align: justify;\"><span style=\"color: #000000;\">1972 beauftragte mich Bischof Dr. Bernhard Stein als Religionslehrer am Staatlichen Realgymnasium in Lebach. Gleichzeitig ernannte er mich auf meinen Wunsch hin zum Subsidiar von Lebach St. Antonius und zur \u00dcbernahme von Gottesdiensten an Sonn- und Feiertagen in Primsweiler.<\/span><\/p>\n<p style=\"text-align: justify;\"><span style=\"color: #000000;\">Ich war sehr angetan von dem sch\u00f6nen Haus in Niedersaubach, das ich bewohnen durfte &#8211; Priesterhaus nannten es die Leute. Willi Riehm, damals Direktor der Zigarettenfabrik<\/span> <strong><a class=\"wpGallery\" title=\"Jyldis\" href=\"http:\/\/www.reinhard-buerck.de\/waltraud_schwambach\/misc\/saarland\/saarlaendische_tabakregie\/saarlouis_tabakfabrik_jyldis.htm\" target=\"_blank\" rel=\"noopener\"><span style=\"color: #0000ff;\">Jyldis<\/span><\/a><\/strong> <span style=\"color: #000000;\">in Saarlouis, war mir sehr behilflich beim Einleben in die Gemeinde. Auch empfahl er mir Frau Helga Heinrich als Haushaltshilfe, die mir dann auch 16 Jahre hindurch eine hervorragende Helferin f\u00fcr Haus und Hof war.<\/span><\/p>\n<div id=\"attachment_705\" style=\"width: 405px\" class=\"wp-caption aligncenter\"><img loading=\"lazy\" decoding=\"async\" aria-describedby=\"caption-attachment-705\" class=\"size-full wp-image-705\" title=\"meiser_aelter\" src=\"http:\/\/unser-niedersaubach.de\/wp-content\/uploads\/2009\/07\/meiser_aelter.jpg\" alt=\"Hermann Ludwig Meiser, Pfarrer i. R.\" width=\"395\" height=\"600\" srcset=\"https:\/\/unser-niedersaubach.de\/wp-content\/uploads\/2009\/07\/meiser_aelter.jpg 395w, https:\/\/unser-niedersaubach.de\/wp-content\/uploads\/2009\/07\/meiser_aelter-197x300.jpg 197w\" sizes=\"auto, (max-width: 395px) 100vw, 395px\" \/><p id=\"caption-attachment-705\" class=\"wp-caption-text\">Hermann Ludwig Meiser, Pfarrer i. R.; \u00a9 Meiser<\/p><\/div>\n<p style=\"text-align: justify;\"><span style=\"color: #000000;\">Die Situation in Schule und Pfarrei war damals nicht einfach f\u00fcr einen jungen, unerfahrenen Kaplan. Wurde ich doch mitten im Schuljahr im M\u00e4rz 1972 mit dem Religionsunterricht in allen Klassen von Religionslehrer Gerd Schnorrenberger &#8211; also von 1 bis 13 &#8211; beauftragt.\u00a0Mein Vorg\u00e4nger am Realgymnasium\u00a0verlie\u00df die Schule, weil er das geistliche Amt aufgab. Auch mein Vorg\u00e4nger in St. Antonius verlie\u00df die Gemeinde, weil er ebenfalls das Priesteramt aufgab. Die Gemeinde in St. Antonius war gespalten. Die \u00e4lteren Leute, die lange von Dr. Adams gepr\u00e4gt waren, und die jungen Leute, die von den jungen Priestern stark beeinflusst waren, die das geistliche Amt aufgaben und zeitweise in Niedersaubach wohnten. Nat\u00fcrlich spielte der Umbruch der Kirche nach dem II. Vatikanischen Konzil und in der Gesellschaft nach den 68ern eine gro\u00dfe Rolle. Die Leute waren mir gegen\u00fcber zun\u00e4chst sehr reserviert. Auch Dechant Dr. Quirin wollte zuerst nicht viel vom neuen Religionslehrer wissen. Aber allm\u00e4hlich l\u00f6ste sich die Skepsis, und es begann eine lange Zeit des guten, und wie ich denke, fruchtbaren Miteinanders.<\/span><\/p>\n<p style=\"text-align: justify;\"><span style=\"color: #000000;\">Im Oktober 1972 kam als neuer Pastor Thilmann Haag nach Lebach, nachdem Dechant Dr. Quirin so pl\u00f6tzlich verstarb. Als Subsidiar von Lebach St. Antonius war ich jetzt Pfarrer Haag zugeordnet, mit dem es eine gute Zusammenarbeit gab.<\/span><\/p>\n<p style=\"text-align: justify;\"><span style=\"color: #000000;\">Ich erinnere mich noch gut an die erste Vorbereitung der Kommunionkinder (18), bei der ich im damaligen Lehrer Schwarz einen guten Helfer hatte. Zu der Zeit gab es noch eine Grundschule in Niedersaubach. Auch die ersten Versuche, mit Jugendlichen der Gemeinde ins Gespr\u00e4ch zu kommen, sind mir noch in guter Erinnerung. Leider konnte ich diese Arbeit nicht intensiv fortsetzen, weil ich auch f\u00fcr die Schulseelsorge verantwortlich war und die eingeschlafene KSJ-Arbeit am Gymnasium wiederbelebte. \u00dcber 100 Jungen und M\u00e4dchen waren zu meiner Zeit in der KSJ in Gruppen t\u00e4tig.<\/span><\/p>\n<div id=\"attachment_683\" style=\"width: 474px\" class=\"wp-caption aligncenter\"><img loading=\"lazy\" decoding=\"async\" aria-describedby=\"caption-attachment-683\" class=\"size-full wp-image-683 \" title=\"kapelle_erstkommunion_erstmalig-1973\" src=\"http:\/\/unser-niedersaubach.de\/wp-content\/uploads\/2009\/07\/kapelle_erstkommunion_erstmalig-1973.jpg\" alt=\"erster Wei\u00dfer Sonntag in Antoniuskapelle 1973, Foto: Jakob Britz\" width=\"464\" height=\"294\" srcset=\"https:\/\/unser-niedersaubach.de\/wp-content\/uploads\/2009\/07\/kapelle_erstkommunion_erstmalig-1973.jpg 580w, https:\/\/unser-niedersaubach.de\/wp-content\/uploads\/2009\/07\/kapelle_erstkommunion_erstmalig-1973-300x189.jpg 300w\" sizes=\"auto, (max-width: 464px) 100vw, 464px\" \/><p id=\"caption-attachment-683\" class=\"wp-caption-text\">erster Wei\u00dfer Sonntag in Antoniuskapelle 1973, Foto: Jakob Britz<\/p><\/div>\n<p style=\"text-align: justify;\"><span style=\"color: #000000;\">Gerne erinnere ich mich an Feste und Hochfeste im Kirchenjahr in St. Antonius. Die Mitternachtsmette in St. Antonius wurde lange Zeit von den KSJlern mitgestaltet und fand gro\u00dfen Anklang. Auch die Gestaltung der Karwoche mit den Jugendlichen des Gymnasiums ist mir in guter Erinnerung. Es war eine fruchtbare Verzahnung zwischen Schule und Gemeinde. Der gemischte Chor in Niedersaubach war immer bereit, die Hochfeste des Kirchenjahres mitzugestalten, zur gro\u00dfen Freude der Gemeinde. Auch unsere Wallfahrten nach H\u00f6chsten wurden von der Gemeinde gut angenommen.<\/span><\/p>\n<div id=\"attachment_689\" style=\"width: 474px\" class=\"wp-caption aligncenter\"><img loading=\"lazy\" decoding=\"async\" aria-describedby=\"caption-attachment-689\" class=\"size-full wp-image-689 \" title=\"mai-wallfahrt_hoechsten\" src=\"http:\/\/unser-niedersaubach.de\/wp-content\/uploads\/2009\/07\/mai-wallfahrt_hoechsten.jpg\" alt=\"Mai-Wallfahrt nach H\u00f6chsten, Anstieg beim Greinhof auf neuem Nordring, Foto: Jakob Britz\" width=\"464\" height=\"300\" srcset=\"https:\/\/unser-niedersaubach.de\/wp-content\/uploads\/2009\/07\/mai-wallfahrt_hoechsten.jpg 580w, https:\/\/unser-niedersaubach.de\/wp-content\/uploads\/2009\/07\/mai-wallfahrt_hoechsten-300x193.jpg 300w\" sizes=\"auto, (max-width: 464px) 100vw, 464px\" \/><p id=\"caption-attachment-689\" class=\"wp-caption-text\">Mai-Wallfahrt nach H\u00f6chsten, Anstieg beim Greinhof auf neuem Nordring, Foto: Jakob Britz<\/p><\/div>\n<div id=\"attachment_684\" style=\"width: 474px\" class=\"wp-caption aligncenter\"><img loading=\"lazy\" decoding=\"async\" aria-describedby=\"caption-attachment-684\" class=\"size-full wp-image-684 \" title=\"mai-wallfahrt_hochsten\" src=\"http:\/\/unser-niedersaubach.de\/wp-content\/uploads\/2009\/07\/mai-wallfahrt_hochsten.jpg\" alt=\"Mai-Wallfahrt nach H\u00f6chsten, Pastor Meiser predigt, Foto: Jakob Britz\" width=\"464\" height=\"682\" srcset=\"https:\/\/unser-niedersaubach.de\/wp-content\/uploads\/2009\/07\/mai-wallfahrt_hochsten.jpg 580w, https:\/\/unser-niedersaubach.de\/wp-content\/uploads\/2009\/07\/mai-wallfahrt_hochsten-204x300.jpg 204w\" sizes=\"auto, (max-width: 464px) 100vw, 464px\" \/><p id=\"caption-attachment-684\" class=\"wp-caption-text\">Mai-Wallfahrt nach H\u00f6chsten, Pastor Meiser predigt, Foto: Jakob Britz<\/p><\/div>\n<div id=\"attachment_685\" style=\"width: 474px\" class=\"wp-caption aligncenter\"><img loading=\"lazy\" decoding=\"async\" aria-describedby=\"caption-attachment-685\" class=\"size-full wp-image-685 \" title=\"mai-wallfahrt_hoechsten_rast\" src=\"http:\/\/unser-niedersaubach.de\/wp-content\/uploads\/2009\/07\/mai-wallfahrt_hoechsten_rast.jpg\" alt=\"Mai-Wallfahrt nach H\u00f6chsten, Rast an Einbach-Wald, Foto: Jakob Britz\" width=\"464\" height=\"323\" srcset=\"https:\/\/unser-niedersaubach.de\/wp-content\/uploads\/2009\/07\/mai-wallfahrt_hoechsten_rast.jpg 580w, https:\/\/unser-niedersaubach.de\/wp-content\/uploads\/2009\/07\/mai-wallfahrt_hoechsten_rast-300x208.jpg 300w\" sizes=\"auto, (max-width: 464px) 100vw, 464px\" \/><p id=\"caption-attachment-685\" class=\"wp-caption-text\">Mai-Wallfahrt nach H\u00f6chsten, Rast an Einbach-Wald, Foto: Jakob Britz<\/p><\/div>\n<div id=\"attachment_686\" style=\"width: 474px\" class=\"wp-caption aligncenter\"><img loading=\"lazy\" decoding=\"async\" aria-describedby=\"caption-attachment-686\" class=\"size-full wp-image-686 \" title=\"mai-wallfahrt_hoechsten_staerkung\" src=\"http:\/\/unser-niedersaubach.de\/wp-content\/uploads\/2009\/07\/mai-wallfahrt_hoechsten_staerkung.jpg\" alt=\"Mai-Wallfahrt nach H\u00f6chsten, Rast an Eibach-Wald, Frauengemeinschaft wie immer aktiv, Foto: Jakob Britz\" width=\"464\" height=\"310\" srcset=\"https:\/\/unser-niedersaubach.de\/wp-content\/uploads\/2009\/07\/mai-wallfahrt_hoechsten_staerkung.jpg 580w, https:\/\/unser-niedersaubach.de\/wp-content\/uploads\/2009\/07\/mai-wallfahrt_hoechsten_staerkung-300x200.jpg 300w\" sizes=\"auto, (max-width: 464px) 100vw, 464px\" \/><p id=\"caption-attachment-686\" class=\"wp-caption-text\">Mai-Wallfahrt nach H\u00f6chsten, Rast an Eibach-Wald, Frauengemeinschaft wie immer aktiv, Foto: Jakob Britz<\/p><\/div>\n<p style=\"text-align: justify;\"><span style=\"color: #000000;\">Neben der Seelsorge an den Menschen in St. Antonius lag mir auch das Gotteshaus am Herzen. Die St. Antonius-Kirche war durch den Krieg in Mitleidenschaft gezogen und in einem weniger guten Zustand. Dach und Heizung waren desolat. Das Innere der Kirche in bescheidenem Zustand. Ich sprach mit Pfarrer Haag \u00fcber eine Renovierung, doch er erkl\u00e4rte mir, dass kein Geld vorhanden sei und die Pfarrkirche ja auch renovierungsbed\u00fcrftig sei. Ich erinnere mich noch gut, dass ich ihm folgenden Vorschlag machte: Die Pfarrgemeinde Lebach bekommt kein Geld mehr von der Filialkirche St. Antonius und \u00fcberl\u00e4sst mir die gesamte kommende Renovierung und Restaurierung. Er ging auf diesen Vorschlag ein.<\/span><\/p>\n<div id=\"attachment_687\" style=\"width: 474px\" class=\"wp-caption aligncenter\"><img loading=\"lazy\" decoding=\"async\" aria-describedby=\"caption-attachment-687\" class=\"size-full wp-image-687 \" title=\"kapelle_alter-altar\" src=\"http:\/\/unser-niedersaubach.de\/wp-content\/uploads\/2009\/07\/kapelle_alter-altar.jpg\" alt=\"alter Altar nach Renovierung von 1959 vor Umgestaltung 1979, Foto: Jakob Britz\" width=\"464\" height=\"681\" srcset=\"https:\/\/unser-niedersaubach.de\/wp-content\/uploads\/2009\/07\/kapelle_alter-altar.jpg 580w, https:\/\/unser-niedersaubach.de\/wp-content\/uploads\/2009\/07\/kapelle_alter-altar-204x300.jpg 204w\" sizes=\"auto, (max-width: 464px) 100vw, 464px\" \/><p id=\"caption-attachment-687\" class=\"wp-caption-text\">alter Altar nach Renovierung von 1959 vor Umgestaltung 1979, Foto: Jakob Britz<\/p><\/div>\n<div id=\"attachment_682\" style=\"width: 474px\" class=\"wp-caption aligncenter\"><img loading=\"lazy\" decoding=\"async\" aria-describedby=\"caption-attachment-682\" class=\"size-full wp-image-682 \" title=\"kapelle_umgestaltung-1979\" src=\"http:\/\/unser-niedersaubach.de\/wp-content\/uploads\/2009\/07\/kapelle_umgestaltung-1979.jpg\" alt=\"Antoniuskapelle, Chorraum 1979, Foto: Jakob Britz\" width=\"464\" height=\"449\" srcset=\"https:\/\/unser-niedersaubach.de\/wp-content\/uploads\/2009\/07\/kapelle_umgestaltung-1979.jpg 580w, https:\/\/unser-niedersaubach.de\/wp-content\/uploads\/2009\/07\/kapelle_umgestaltung-1979-300x290.jpg 300w\" sizes=\"auto, (max-width: 464px) 100vw, 464px\" \/><p id=\"caption-attachment-682\" class=\"wp-caption-text\">Antoniuskapelle, Chorraum 1979, Foto: Jakob Britz<\/p><\/div>\n<p style=\"text-align: justify;\"><span style=\"color: #000000;\">Da ich im ersten Beruf Bankkaufmann war, hatte ich Erfahrung mit Bauen und Finanzieren. Der Schornsteinfeger Theo Klauck war damals als Vertreter von St. Antonius im Verwaltungsrat in Lebach. Mit ihm und Willi Riehm setzte ich mich zusammen, um \u00fcber die ersten Schritte der Renovierung und damit auch der Geldbeschaffung zu beraten. Klar war, dass zuerst die Bau erhaltenden Ma\u00dfnahmen &#8211; Dach und Heizung &#8211; in Angriff zu nehmen seien; sp\u00e4ter dann die Renovierung im Inneren und die Neugestaltung des Altarraumes. Zu dieser Zeit hatten wir eine sehr t\u00fcchtige Frauengemeinschaft mit Anneliese Sch\u00e4fer an der Spitze. Frau Sch\u00e4fer mit ihrem Vorstand lie\u00dfen sich von der Notwendigkeit der Renovierung der Antonius-Kirche \u00fcberzeugen. Die erste \u201eGeldbeschaffungsma\u00dfnahme&#8220; sollte ein gro\u00dfes Kapellenfest werden mit Festcommers, Programm und nat\u00fcrlich mit einem gro\u00dfen Zelt. Alle Vereine des Dorfes, auch der Ortsvorsteher Edmund Bohlen, machten mit. Es gab zun\u00e4chst eine Geld- und \u201eMaterialiensammlung&#8220; im Dorf. Die Bauern stifteten Schweine und ein Rind, und alles wurde f\u00fcr das Fest zubereitet. Fast alle Frauen im Dorf waren mit Kuchenbacken besch\u00e4ftigt. F\u00fcr das Fest wurden mengenweise Kartoffelsalat und gr\u00fcner Salat bereitet. Drei Tage lang war das Festzelt voll mit Besuchern. Am Ende hatten wir durch Sammlung und Festveranstaltung 50.000 DM f\u00fcr die Kirche &#8211; ein Riesenerfolg! Der Anfang war gemacht. Die Heizungskan\u00e4le in der Kirche wurden zum Beispiel in Eigenleistung gezogen und mit selbstgefertigten Betonplatten versehen. Diesem ersten gro\u00dfen Kapellenfest folgten andere. Dar\u00fcber hinaus lie\u00dfen wir \u00a0\u201eAntonius-Kacheln&#8220; bei V&amp;B brennen, die die Frauen aus der Gemeinde in den umliegenden D\u00f6rfern als Bausteine verkauften. Es kam viel Geld zusammen. Vor allem hat die Frauengemeinschaft jahrelang Weihnachtsbasare mit herrlichen Handarbeiten, Bauernmalerei, Geb\u00e4ck u. \u00e4. veranstaltet und viel Geld f\u00fcr die Renovierung erarbeitet. Schlie\u00dflich konnten wir die Kirche innen und au\u00dfen renovieren, ohne je ein Pfennig Darlehen aufzunehmen. Es waren \u00fcber 200.000 DM; wir alle waren m\u00e4chtig stolz \u00fcber das gelungene Werk. Es fehlte in der Kirche ein ansprechendes Kreuz. \u00dcber einen Freund konnte ich ein altes Kreuz aus dem 14. Jahrhundert erwerben, das heute in der Apsis der Kirche h\u00e4ngt.<\/span><\/p>\n<p style=\"text-align: justify;\"><span style=\"color: #000000;\">Nachdem die Grundschule aufgel\u00f6st war und leer stand, kam die Idee auf, sie umzugestalten und als Begegnungszentrum f\u00fcr die Gemeinde zu nutzen. Schnell war auch der Name f\u00fcr die neue Einrichtung gefunden: Antonius-Zentrum. Nach dem gleichen Muster wie bei der Renovierung der Kirche wurde die Umgestaltung der Schule durch Feste und Basare finanziert. Hier hatten wir gro\u00dfe Unterst\u00fctzung durch den Ortsb\u00fcrgermeister Edmund Bohlen und die Vereine. Auch dieses Werk wurde ohne Fremdfinanzierung bewerkstelligt. Hier kann man ablesen, was eine Dorfgemeinschaft leisten kann, wenn sie zusammensteht, motiviert ist und Verantwortung \u00fcbernimmt.<\/span><\/p>\n<p style=\"text-align: justify;\"><span style=\"color: #000000;\">\u00a0<\/span><\/p>\n<p style=\"text-align: justify;\"><span style=\"color: #000000;\">Nachtrag von Lothar Schmidt:<\/span><\/p>\n<p style=\"text-align: justify;\"><span style=\"color: #000000;\">Pastor Meiser verlie\u00df Niedersaubach im Februar 1988, um die katholische Pfarrgemeinde Liebfrauen in Bitburg zu \u00fcbernehmen. <span class=\"wpGallery\">Dort beging er auch 2008 sein 40-j\u00e4hriges Priesterjubil\u00e4um.<\/span> Im gleichen Jahr trat er im Alter von 70 Jahren in den wohlverdienten Ruhestand, den er nun in Trier verlebt. Wir w\u00fcnschen ihm &#8222;auf seinem Trierer Alterssitz&#8220; noch viele gute Jahre im Kreis von guten Freunden.<\/span><\/p>\n<p style=\"text-align: justify;\"><strong><a class=\"wpGallery\" title=\"Kinderhilfe Chillan\" href=\"http:\/\/www.kinderhilfe-chillan.de\/\" target=\"_blank\" rel=\"noopener\"><span style=\"color: #0000ff;\">Erinnern m\u00f6chten wir auch daran, dass Pastor Meiser mit der Lebacherin Monika Hoffeld zusammen die Kinderhilfe Chillan ins Leben gerufen hat und weiterhin aktiv begleitet.<\/span><\/a><\/strong><\/p>\n<p style=\"text-align: justify;\">Und:<\/p>\n<p style=\"text-align: justify;\"><strong><a class=\"wpGallery\" title=\"Lebacher Pfarrbrief zur Verabschiedung von Pastor Meiser vom 30. Januar 1988, Archiv: Arnold Sch\u00e4fer (Bambachs)\" href=\"http:\/\/unser-niedersaubach.de\/Dokumente\/Kapelle\/meiser.pdf\" target=\"_blank\" rel=\"noopener\"><span style=\"color: #0000ff;\">Arnold Sch\u00e4fer (Bambachs) hat uns den Pfarrbrief vom 30. Januar 1988 \u00fcbergeben, in dem sich Pastor Meiser von seiner Gemeinde verabschiedet.<\/span><\/a><\/strong><\/p>\n<p style=\"text-align: justify;\">\n<div id=\"attachment_2014\" style=\"width: 460px\" class=\"wp-caption aligncenter\"><a class=\"wpGallery\" title=\"Lebacher Pfarrbrief zur Verabschiedung von Pastor Meiser vom 30. Januar 1988, Archiv: Arnold Sch\u00e4fer (Bambachs)\" href=\"http:\/\/unser-niedersaubach.de\/Dokumente\/Kapelle\/meiser.pdf\" target=\"_blank\" rel=\"noopener\"><img loading=\"lazy\" decoding=\"async\" aria-describedby=\"caption-attachment-2014\" class=\"size-full wp-image-2014\" title=\"meiser\" src=\"http:\/\/unser-niedersaubach.de\/wp-content\/uploads\/2009\/07\/meiser.jpg\" alt=\"\" width=\"450\" height=\"638\" srcset=\"https:\/\/unser-niedersaubach.de\/wp-content\/uploads\/2009\/07\/meiser.jpg 450w, https:\/\/unser-niedersaubach.de\/wp-content\/uploads\/2009\/07\/meiser-211x300.jpg 211w\" sizes=\"auto, (max-width: 450px) 100vw, 450px\" \/><\/a><p id=\"caption-attachment-2014\" class=\"wp-caption-text\">Lebacher Pfarrbrief vom 30. Januar 1988 zur Verabschiedung von Pastor Hermann Ludwig Meiser; Archiv: Arnold Sch\u00e4fer (Bambachs)<\/p><\/div>\n","protected":false},"excerpt":{"rendered":"<p>Erinnerungen an St. Antonius Niedersaubach von Hermann Ludwig Meiser, Pfarrer i. R. 1972 beauftragte mich Bischof Dr. Bernhard Stein als Religionslehrer am Staatlichen Realgymnasium in Lebach. Gleichzeitig ernannte er mich auf meinen Wunsch hin zum Subsidiar von Lebach St. Antonius &hellip; <a href=\"https:\/\/unser-niedersaubach.de\/?page_id=672\">Weiterlesen <span class=\"meta-nav\">&rarr;<\/span><\/a><\/p>\n","protected":false},"author":2,"featured_media":0,"parent":35,"menu_order":6,"comment_status":"closed","ping_status":"closed","template":"","meta":{"ngg_post_thumbnail":0,"footnotes":""},"class_list":["post-672","page","type-page","status-publish","hentry"],"_links":{"self":[{"href":"https:\/\/unser-niedersaubach.de\/index.php?rest_route=\/wp\/v2\/pages\/672","targetHints":{"allow":["GET"]}}],"collection":[{"href":"https:\/\/unser-niedersaubach.de\/index.php?rest_route=\/wp\/v2\/pages"}],"about":[{"href":"https:\/\/unser-niedersaubach.de\/index.php?rest_route=\/wp\/v2\/types\/page"}],"author":[{"embeddable":true,"href":"https:\/\/unser-niedersaubach.de\/index.php?rest_route=\/wp\/v2\/users\/2"}],"replies":[{"embeddable":true,"href":"https:\/\/unser-niedersaubach.de\/index.php?rest_route=%2Fwp%2Fv2%2Fcomments&post=672"}],"version-history":[{"count":24,"href":"https:\/\/unser-niedersaubach.de\/index.php?rest_route=\/wp\/v2\/pages\/672\/revisions"}],"predecessor-version":[{"id":7714,"href":"https:\/\/unser-niedersaubach.de\/index.php?rest_route=\/wp\/v2\/pages\/672\/revisions\/7714"}],"up":[{"embeddable":true,"href":"https:\/\/unser-niedersaubach.de\/index.php?rest_route=\/wp\/v2\/pages\/35"}],"wp:attachment":[{"href":"https:\/\/unser-niedersaubach.de\/index.php?rest_route=%2Fwp%2Fv2%2Fmedia&parent=672"}],"curies":[{"name":"wp","href":"https:\/\/api.w.org\/{rel}","templated":true}]}}