{"id":8756,"date":"2021-08-29T11:45:58","date_gmt":"2021-08-29T10:45:58","guid":{"rendered":"https:\/\/unser-niedersaubach.de\/?page_id=8756"},"modified":"2021-10-04T19:33:03","modified_gmt":"2021-10-04T18:33:03","slug":"wandern","status":"publish","type":"page","link":"https:\/\/unser-niedersaubach.de\/?page_id=8756","title":{"rendered":"Wandern"},"content":{"rendered":"\n<figure class=\"wp-block-pullquote\"><blockquote><p><strong>&#8222;Unser Niedersaubach&#8220;  &#8211; <\/strong><br><strong>Verein f\u00fcr Dorfgeschichte, Kultur und Brauchtum<\/strong><\/p><\/blockquote><\/figure>\n\n\n\n<figure class=\"wp-block-image size-full\"><img loading=\"lazy\" decoding=\"async\" width=\"89\" height=\"118\" src=\"https:\/\/unser-niedersaubach.de\/wp-content\/uploads\/2021\/08\/Werner-Schmidt.jpg\" alt=\"\" class=\"wp-image-8759\"\/><figcaption><em>Werner Schmidt, Kulturbeauftragter unseres Heimatvereins<\/em><\/figcaption><\/figure>\n\n\n\n<pre class=\"wp-block-verse\"><strong>\"Wir sind dazu geschaffen, gemeinsam zu gehen: um die Welt zu erfahren, zu erproben, sie<\/strong> <strong>&nbsp;zu ver\u00e4ndern.\" (Prof. Shan O'Mara)<\/strong><\/pre>\n\n\n\n<p class=\"has-drop-cap has-background\" style=\"background-color:#cae0e9\">Liebe Mitb\u00fcrger\/innen,<br>unser ehemaliges Dorfleben mit vielerlei Vereinsaktivit\u00e4ten, Veranstaltungen, Kirchweihfesten, Treffen in Kneipen, privaten Gartenfesten, ist in nie dagewesener Weise durch eine Pandemie heruntergefahren, wie man es sich nicht hatte vorstellen k\u00f6nnen. Wir leiden alle darunter, dass wir uns nur noch in kleinen Gruppen mit Abstand und Maske begegnen d\u00fcrfen. Trotz alledem sind wir <strong>D\u00f6rfler<\/strong> im Vergleich zu den <strong>St\u00e4dtern<\/strong> in einer wesentlich besseren Lage. Wir m\u00fcssen uns nicht in einer 3-Zimmerwohnung im 7. Stock eines Hochhauses \u00fcber Monate qu\u00e4len, wir haben Nachbarn, die uns gr\u00fc\u00dfen und sich auf Abstand mit uns unterhalten, wir haben wundersch\u00f6ne Wanderwege mit herrlichen Ausblicken.<\/p>\n\n\n\n<p class=\"has-drop-cap has-background\" style=\"background-color:#b6dced\">K\u00fcrzlich habe ich in der Zeitschrift \u201eTV Sehen und H\u00f6ren\u201c einen Artikel entdeckt, der mich auch nach Corona befl\u00fcgeln wird, so oft wie m\u00f6glich mit meiner Frau, mit meinen Freunden oder allein in unserer wundersch\u00f6nen Heimat zu wandern. Wandern ist nach <strong>Prof. Shane O&#8217;Mara<\/strong> geeignet, unsere Gehirnstruktur wie unsere Muskeln zu st\u00e4rken. In seinem Buch \u201eDas Gl\u00fcck des Gehens\u201c beschreibt er leidenschaftlich die Erkenntnisse, die er als Professor f\u00fcr Experimentelle Neurowissenschaft an der Universit\u00e4t Dublin gewonnen hat. &#8222;<strong>Alt werden wir erst, wenn wir aufh\u00f6ren zu gehen<\/strong>!&#8220;<\/p>\n\n\n\n<blockquote class=\"wp-block-quote is-layout-flow wp-block-quote-is-layout-flow\"><p><strong>Das Wandern ist im Pandemiejahr zu meiner wichtigsten Freizeitbesch\u00e4ftigung geworden. Ich habe mit Freunden sehr abwechslungsreiche Wanderwege im n\u00e4heren Umkreis entdeckt: Das Wandern ist im letzten Jahr zu meiner wichtigsten Freizeitbesch\u00e4ftigung geworden.<\/strong><\/p><\/blockquote>\n\n\n\n<p><\/p>\n\n\n\n<figure class=\"wp-block-pullquote\"><blockquote><p><strong>Mit einem Wanderfreund<\/strong> <strong>oder allein unterwegs?<\/strong><\/p><\/blockquote><\/figure>\n\n\n\n<p class=\"has-background\" style=\"background-color:#ebd9c6\">Besonders erlebnisreich wurden die Wege, wenn man neben den mitrei\u00dfenden Landschaftsbildern wieder reichlich Zeit fand, sich in ausf\u00fchrliche Gespr\u00e4che mit einem Freund zu vertiefen.<\/p>\n\n\n\n<p class=\"has-background\" style=\"background-color:#eed4bb\">Aktuelle Themen: Stets sich \u00e4ndernde Ma\u00dfnahmen in der Coronapandemie, Motive der Querdenker, die stolpernd begonnene Impfkampagne, eine \u00fcberforderte B\u00fcrokratie, die in Fahrt kommende Impfkampagne, &#8230;<\/p>\n\n\n\n<p class=\"has-background\" style=\"background-color:#f7dec7\">Bei allen berechtigten Kritiken waren wir uns einig, dass positive Ereignisse vergleichsweise selten weder in den Printmedien noch sonst wo erw\u00e4hnt werden. So war ich h\u00f6chst zufrieden, als ich im Impfzentrum Saarlouis trotz hoher Besucherzahl z\u00fcgig die verschiedenen Stationen mit sehr freundlichem Personal durchlaufen und bereits nach einer halben Stunde das Zentrum wieder verlassen konnte.&nbsp;&nbsp;<\/p>\n\n\n\n<p class=\"has-background\" style=\"background-color:#f7d9c7\">Wenn ich alleine unterwegs bin, genie\u00dfe ich z.B. durch den H\u00fcttersdorfer Wald wundersch\u00f6ne, stets wie in einem Film st\u00e4ndig wechselnde Szenen oder lausche Waldger\u00e4uschen (s. Foto). Dabei gelingt es mir immer besser, bedr\u00fcckende Gedanken bei Seite zu schieben und mich ganz auf das Unterhaltungsangebot meiner Heimat einzulassen.<\/p>\n\n\n\n<figure class=\"wp-block-image size-large\"><a href=\"https:\/\/unser-niedersaubach.de\/wp-content\/uploads\/2021\/08\/Waldgeraeusche.jpg\" target=\"_blank\" rel=\"noopener\"><img loading=\"lazy\" decoding=\"async\" width=\"768\" height=\"1024\" src=\"https:\/\/unser-niedersaubach.de\/wp-content\/uploads\/2021\/08\/Waldgeraeusche-768x1024.jpg\" alt=\"\" class=\"wp-image-8807\" srcset=\"https:\/\/unser-niedersaubach.de\/wp-content\/uploads\/2021\/08\/Waldgeraeusche-768x1024.jpg 768w, https:\/\/unser-niedersaubach.de\/wp-content\/uploads\/2021\/08\/Waldgeraeusche-225x300.jpg 225w, https:\/\/unser-niedersaubach.de\/wp-content\/uploads\/2021\/08\/Waldgeraeusche-1152x1536.jpg 1152w, https:\/\/unser-niedersaubach.de\/wp-content\/uploads\/2021\/08\/Waldgeraeusche.jpg 1500w\" sizes=\"auto, (max-width: 768px) 100vw, 768px\" \/><\/a><\/figure>\n\n\n\n<pre class=\"wp-block-verse has-background\" style=\"background-color:#d9f0ce\">K\u00fcrzlich \u00fcberraschte ich mich selbst dabei, dass ich \u2013 da ich alleine auf weite Sicht in einer Schleife unterwegs war in Anbetracht des strahlenden Gr\u00fcn der Buchen und des Vogelgezwitschers das Lied anstimmte: \u201e<strong>Das Wandern ist des M\u00fcllers Lust<\/strong>\u201c.<\/pre>\n\n\n\n<div class=\"wp-block-columns is-layout-flex wp-container-core-columns-is-layout-9d6595d7 wp-block-columns-is-layout-flex\">\n<div class=\"wp-block-column is-layout-flow wp-block-column-is-layout-flow\" style=\"flex-basis:100%\">\n<p><\/p>\n<\/div>\n<\/div>\n\n\n\n<figure class=\"wp-block-pullquote\"><blockquote><p><a rel=\"noreferrer noopener\" href=\"https:\/\/unser-niedersaubach.de\/?page_id=8782\" target=\"_blank\">Hier geht&#8217;s zum R\u00fcmmelbach-Humberg-Weg!<\/a><\/p><p><a href=\"https:\/\/unser-niedersaubach.de\/?page_id=8787\" target=\"_blank\" rel=\"noreferrer noopener\">Auf nach H\u00f6chsten!<\/a><\/p><p><a rel=\"noreferrer noopener\" href=\"https:\/\/unser-niedersaubach.de\/?page_id=8791\" target=\"_blank\">H\u00fcttersdorfer Waldwanderweg und &#8222;Bach- und Burrenpfad&#8220;<\/a><\/p><p><a rel=\"noreferrer noopener\" href=\"https:\/\/unser-niedersaubach.de\/?page_id=8793\" target=\"_blank\">Landsweiler Runde<\/a><\/p><\/blockquote><\/figure>\n\n\n\n<p><\/p>\n\n\n\n<pre class=\"wp-block-verse\">Nachtrag:<\/pre>\n\n\n\n<div class=\"wp-block-group\"><div class=\"wp-block-group__inner-container is-layout-flow wp-block-group-is-layout-flow\">\n<blockquote class=\"wp-block-quote is-layout-flow wp-block-quote-is-layout-flow\"><p><strong>Das Gl\u00fcck des Gehens v. Shane O\u2018Mara<\/strong><\/p><p>Erschienen im Verlag:<\/p><p><strong>Weltbild <\/strong>GmbH &amp; Co. KG,<\/p><p>Werner-von-Siemens-Stra\u00dfe 1<\/p><p>86159 Augsburg<\/p><p>Kosten: 22,00 \u20ac incl. Versand<\/p><\/blockquote>\n<\/div><\/div>\n\n\n\n<p><\/p>\n\n\n\n<p><strong>Urheberrechte<\/strong><\/p>\n\n\n\n<div class=\"wp-block-buttons is-layout-flex wp-block-buttons-is-layout-flex\">\n<div class=\"wp-block-button\"><a class=\"wp-block-button__link\">Stadt Lebach<\/a><\/div>\n<\/div>\n\n\n\n<pre class=\"wp-block-verse\"><strong>Roman Werth - Hauptamtsleiter der Stadt Lebach - erteilt f\u00fcr alle Wandertafeln in der Stadt das Recht, Fotos dieser Tafeln in dem Bericht \u201eWandern\u201c im Internetportal \u201eUnser Niedersaubach\u201c zu ver\u00f6ffentlichen.<\/strong><strong><\/strong><\/pre>\n\n\n\n<div class=\"wp-block-buttons is-layout-flex wp-block-buttons-is-layout-flex\">\n<div class=\"wp-block-button\"><a class=\"wp-block-button__link\">Gemeinde Schmelz<\/a><\/div>\n<\/div>\n\n\n\n<blockquote class=\"wp-block-quote is-layout-flow wp-block-quote-is-layout-flow\"><p>Sehr geehrter Herr Schmidt,<br>hiermit erteilt die Gemeinde Schmelz Ihnen die Erlaubnis, im Rahmen Ihrer Ver\u00f6ffentlichungen im Internet zum Thema Wandern, das Foto der \u00dcbersichtstafel des Bach- und Burrenpfades in Schmelz-H\u00fcttersdorf zu verwenden.<br><strong>Sabine Altmeyer &#8211; Stabsstelle<\/strong><\/p><\/blockquote>\n\n\n\n<p><\/p>\n","protected":false},"excerpt":{"rendered":"<p>&#8222;Unser Niedersaubach&#8220; &#8211; Verein f\u00fcr Dorfgeschichte, Kultur und Brauchtum &#8222;Wir sind dazu geschaffen, gemeinsam zu gehen: um die Welt zu erfahren, zu erproben, sie &nbsp;zu ver\u00e4ndern.&#8220; (Prof. Shan O&#8217;Mara) Liebe Mitb\u00fcrger\/innen,unser ehemaliges Dorfleben mit vielerlei Vereinsaktivit\u00e4ten, Veranstaltungen, Kirchweihfesten, Treffen in &hellip; <a href=\"https:\/\/unser-niedersaubach.de\/?page_id=8756\">Weiterlesen <span class=\"meta-nav\">&rarr;<\/span><\/a><\/p>\n","protected":false},"author":2,"featured_media":8725,"parent":0,"menu_order":8,"comment_status":"closed","ping_status":"closed","template":"","meta":{"ngg_post_thumbnail":0,"footnotes":""},"class_list":["post-8756","page","type-page","status-publish","has-post-thumbnail","hentry"],"_links":{"self":[{"href":"https:\/\/unser-niedersaubach.de\/index.php?rest_route=\/wp\/v2\/pages\/8756","targetHints":{"allow":["GET"]}}],"collection":[{"href":"https:\/\/unser-niedersaubach.de\/index.php?rest_route=\/wp\/v2\/pages"}],"about":[{"href":"https:\/\/unser-niedersaubach.de\/index.php?rest_route=\/wp\/v2\/types\/page"}],"author":[{"embeddable":true,"href":"https:\/\/unser-niedersaubach.de\/index.php?rest_route=\/wp\/v2\/users\/2"}],"replies":[{"embeddable":true,"href":"https:\/\/unser-niedersaubach.de\/index.php?rest_route=%2Fwp%2Fv2%2Fcomments&post=8756"}],"version-history":[{"count":19,"href":"https:\/\/unser-niedersaubach.de\/index.php?rest_route=\/wp\/v2\/pages\/8756\/revisions"}],"predecessor-version":[{"id":8910,"href":"https:\/\/unser-niedersaubach.de\/index.php?rest_route=\/wp\/v2\/pages\/8756\/revisions\/8910"}],"wp:featuredmedia":[{"embeddable":true,"href":"https:\/\/unser-niedersaubach.de\/index.php?rest_route=\/wp\/v2\/media\/8725"}],"wp:attachment":[{"href":"https:\/\/unser-niedersaubach.de\/index.php?rest_route=%2Fwp%2Fv2%2Fmedia&parent=8756"}],"curies":[{"name":"wp","href":"https:\/\/api.w.org\/{rel}","templated":true}]}}

<figure class="wp-block-pullquote"><blockquote><p><strong>&#8222;Unser Niedersaubach&#8220;  &#8211; </strong><br><strong>Verein für Dorfgeschichte, Kultur und Brauchtum</strong></p></blockquote></figure>



<figure class="wp-block-image size-full"><img loading="lazy" decoding="async" width="89" height="118" src="https://unser-niedersaubach.de/wp-content/uploads/2021/08/Werner-Schmidt.jpg" alt="" class="wp-image-8759"/><figcaption><em>Werner Schmidt, Kulturbeauftragter unseres Heimatvereins</em></figcaption></figure>



<pre class="wp-block-verse"><strong>"Wir sind dazu geschaffen, gemeinsam zu gehen: um die Welt zu erfahren, zu erproben, sie</strong> <strong>&nbsp;zu verändern." (Prof. Shan O'Mara)</strong></pre>



<p class="has-drop-cap has-background" style="background-color:#cae0e9">Liebe Mitbürger/innen,<br>unser ehemaliges Dorfleben mit vielerlei Vereinsaktivitäten, Veranstaltungen, Kirchweihfesten, Treffen in Kneipen, privaten Gartenfesten, ist in nie dagewesener Weise durch eine Pandemie heruntergefahren, wie man es sich nicht hatte vorstellen können. Wir leiden alle darunter, dass wir uns nur noch in kleinen Gruppen mit Abstand und Maske begegnen dürfen. Trotz alledem sind wir <strong>Dörfler</strong> im Vergleich zu den <strong>Städtern</strong> in einer wesentlich besseren Lage. Wir müssen uns nicht in einer 3-Zimmerwohnung im 7. Stock eines Hochhauses über Monate quälen, wir haben Nachbarn, die uns grüßen und sich auf Abstand mit uns unterhalten, wir haben wunderschöne Wanderwege mit herrlichen Ausblicken.</p>



<p class="has-drop-cap has-background" style="background-color:#b6dced">Kürzlich habe ich in der Zeitschrift „TV Sehen und Hören“ einen Artikel entdeckt, der mich auch nach Corona beflügeln wird, so oft wie möglich mit meiner Frau, mit meinen Freunden oder allein in unserer wunderschönen Heimat zu wandern. Wandern ist nach <strong>Prof. Shane O&#8217;Mara</strong> geeignet, unsere Gehirnstruktur wie unsere Muskeln zu stärken. In seinem Buch „Das Glück des Gehens“ beschreibt er leidenschaftlich die Erkenntnisse, die er als Professor für Experimentelle Neurowissenschaft an der Universität Dublin gewonnen hat. &#8222;<strong>Alt werden wir erst, wenn wir aufhören zu gehen</strong>!&#8220;</p>



<blockquote class="wp-block-quote is-layout-flow wp-block-quote-is-layout-flow"><p><strong>Das Wandern ist im Pandemiejahr zu meiner wichtigsten Freizeitbeschäftigung geworden. Ich habe mit Freunden sehr abwechslungsreiche Wanderwege im näheren Umkreis entdeckt: Das Wandern ist im letzten Jahr zu meiner wichtigsten Freizeitbeschäftigung geworden.</strong></p></blockquote>



<p></p>



<figure class="wp-block-pullquote"><blockquote><p><strong>Mit einem Wanderfreund</strong> <strong>oder allein unterwegs?</strong></p></blockquote></figure>



<p class="has-background" style="background-color:#ebd9c6">Besonders erlebnisreich wurden die Wege, wenn man neben den mitreißenden Landschaftsbildern wieder reichlich Zeit fand, sich in ausführliche Gespräche mit einem Freund zu vertiefen.</p>



<p class="has-background" style="background-color:#eed4bb">Aktuelle Themen: Stets sich ändernde Maßnahmen in der Coronapandemie, Motive der Querdenker, die stolpernd begonnene Impfkampagne, eine überforderte Bürokratie, die in Fahrt kommende Impfkampagne, &#8230;</p>



<p class="has-background" style="background-color:#f7dec7">Bei allen berechtigten Kritiken waren wir uns einig, dass positive Ereignisse vergleichsweise selten weder in den Printmedien noch sonst wo erwähnt werden. So war ich höchst zufrieden, als ich im Impfzentrum Saarlouis trotz hoher Besucherzahl zügig die verschiedenen Stationen mit sehr freundlichem Personal durchlaufen und bereits nach einer halben Stunde das Zentrum wieder verlassen konnte.&nbsp;&nbsp;</p>



<p class="has-background" style="background-color:#f7d9c7">Wenn ich alleine unterwegs bin, genieße ich z.B. durch den Hüttersdorfer Wald wunderschöne, stets wie in einem Film ständig wechselnde Szenen oder lausche Waldgeräuschen (s. Foto). Dabei gelingt es mir immer besser, bedrückende Gedanken bei Seite zu schieben und mich ganz auf das Unterhaltungsangebot meiner Heimat einzulassen.</p>



<figure class="wp-block-image size-large"><a href="https://unser-niedersaubach.de/wp-content/uploads/2021/08/Waldgeraeusche.jpg" target="_blank" rel="noopener"><img loading="lazy" decoding="async" width="768" height="1024" src="https://unser-niedersaubach.de/wp-content/uploads/2021/08/Waldgeraeusche-768x1024.jpg" alt="" class="wp-image-8807" srcset="https://unser-niedersaubach.de/wp-content/uploads/2021/08/Waldgeraeusche-768x1024.jpg 768w, https://unser-niedersaubach.de/wp-content/uploads/2021/08/Waldgeraeusche-225x300.jpg 225w, https://unser-niedersaubach.de/wp-content/uploads/2021/08/Waldgeraeusche-1152x1536.jpg 1152w, https://unser-niedersaubach.de/wp-content/uploads/2021/08/Waldgeraeusche.jpg 1500w" sizes="auto, (max-width: 768px) 100vw, 768px" /></a></figure>



<pre class="wp-block-verse has-background" style="background-color:#d9f0ce">Kürzlich überraschte ich mich selbst dabei, dass ich – da ich alleine auf weite Sicht in einer Schleife unterwegs war in Anbetracht des strahlenden Grün der Buchen und des Vogelgezwitschers das Lied anstimmte: „<strong>Das Wandern ist des Müllers Lust</strong>“.</pre>



<div class="wp-block-columns is-layout-flex wp-container-core-columns-is-layout-9d6595d7 wp-block-columns-is-layout-flex">
<div class="wp-block-column is-layout-flow wp-block-column-is-layout-flow" style="flex-basis:100%">
<p></p>
</div>
</div>



<figure class="wp-block-pullquote"><blockquote><p><a rel="noreferrer noopener" href="https://unser-niedersaubach.de/?page_id=8782" target="_blank">Hier geht&#8217;s zum Rümmelbach-Humberg-Weg!</a></p><p><a href="https://unser-niedersaubach.de/?page_id=8787" target="_blank" rel="noreferrer noopener">Auf nach Höchsten!</a></p><p><a rel="noreferrer noopener" href="https://unser-niedersaubach.de/?page_id=8791" target="_blank">Hüttersdorfer Waldwanderweg und &#8222;Bach- und Burrenpfad&#8220;</a></p><p><a rel="noreferrer noopener" href="https://unser-niedersaubach.de/?page_id=8793" target="_blank">Landsweiler Runde</a></p></blockquote></figure>



<p></p>



<pre class="wp-block-verse">Nachtrag:</pre>



<div class="wp-block-group"><div class="wp-block-group__inner-container is-layout-flow wp-block-group-is-layout-flow">
<blockquote class="wp-block-quote is-layout-flow wp-block-quote-is-layout-flow"><p><strong>Das Glück des Gehens v. Shane O‘Mara</strong></p><p>Erschienen im Verlag:</p><p><strong>Weltbild </strong>GmbH &amp; Co. KG,</p><p>Werner-von-Siemens-Straße 1</p><p>86159 Augsburg</p><p>Kosten: 22,00 € incl. Versand</p></blockquote>
</div></div>



<p></p>



<p><strong>Urheberrechte</strong></p>



<div class="wp-block-buttons is-layout-flex wp-block-buttons-is-layout-flex">
<div class="wp-block-button"><a class="wp-block-button__link">Stadt Lebach</a></div>
</div>



<pre class="wp-block-verse"><strong>Roman Werth - Hauptamtsleiter der Stadt Lebach - erteilt für alle Wandertafeln in der Stadt das Recht, Fotos dieser Tafeln in dem Bericht „Wandern“ im Internetportal „Unser Niedersaubach“ zu veröffentlichen.</strong><strong></strong></pre>



<div class="wp-block-buttons is-layout-flex wp-block-buttons-is-layout-flex">
<div class="wp-block-button"><a class="wp-block-button__link">Gemeinde Schmelz</a></div>
</div>



<blockquote class="wp-block-quote is-layout-flow wp-block-quote-is-layout-flow"><p>Sehr geehrter Herr Schmidt,<br>hiermit erteilt die Gemeinde Schmelz Ihnen die Erlaubnis, im Rahmen Ihrer Veröffentlichungen im Internet zum Thema Wandern, das Foto der Übersichtstafel des Bach- und Burrenpfades in Schmelz-Hüttersdorf zu verwenden.<br><strong>Sabine Altmeyer &#8211; Stabsstelle</strong></p></blockquote>



<p></p>

<p>&#8222;Unser Niedersaubach&#8220; &#8211; Verein für Dorfgeschichte, Kultur und Brauchtum &#8222;Wir sind dazu geschaffen, gemeinsam zu gehen: um die Welt zu erfahren, zu erproben, sie &nbsp;zu verändern.&#8220; (Prof. Shan O&#8217;Mara) Liebe Mitbürger/innen,unser ehemaliges Dorfleben mit vielerlei Vereinsaktivitäten, Veranstaltungen, Kirchweihfesten, Treffen in &hellip; <a href="https://unser-niedersaubach.de/?page_id=8756">Weiterlesen <span class="meta-nav">&rarr;</span></a></p>
