{"id":8782,"date":"2021-08-29T12:21:00","date_gmt":"2021-08-29T11:21:00","guid":{"rendered":"https:\/\/unser-niedersaubach.de\/?page_id=8782"},"modified":"2021-08-29T12:24:10","modified_gmt":"2021-08-29T11:24:10","slug":"ruemmelbach-humberg-weg","status":"publish","type":"page","link":"https:\/\/unser-niedersaubach.de\/?page_id=8782","title":{"rendered":"R\u00fcmmelbach-Humberg-Weg"},"content":{"rendered":"\n<p><strong>Paul Mattick f\u00fchrte am Sonntag, dem 25. Juli 2012, eine Wanderung \u00fcber den R\u00fcmmelbach-Humberg-Weg.&nbsp;<\/strong><\/p>\n\n\n\n<p><strong>Treffpunkt: R\u00fcmmelbacher Brunnen<\/strong><\/p>\n\n\n\n<p><\/p>\n\n\n\n<p><strong>Einladung<\/strong><\/p>\n\n\n\n<p>Liebe Wanderfreunde aus Niedersaubach-R\u00fcmmelbach und Umgebung!<strong><\/strong><\/p>\n\n\n\n<p>Als Anfang Mai die R\u00fcmmelbacher B\u00fcrger ihre neue Dorfmitte festlich einweihten, wurde auch eine Infotafel vorgestellt, die die historischen Hintergr\u00fcnde des Platzes und des Dorfes beleuchtet. Auf der Tafel ist u.a. zu lesen:<\/p>\n\n\n\n<p><em>\u201eDer R\u00fcmmelbach-Humberg-Weg f\u00fchrt den Wanderer auf dem Grund des ehemaligen &#8222;R\u00fcmmelbach-Humberg-Sees&#8220;. Im Bereich des heutigen R\u00fcmmelbach war die tiefste Stelle des Sees. Der Wanderweg verl\u00e4uft entlang der Spuren vorindustrieller Erzgr\u00e4berei. Der Weg hat eine L\u00e4nge von ca. 9,5 km und eignet sich wegen seiner moderaten Steigungen hervorragend als Familienwanderweg. <\/em><\/p>\n\n\n\n<figure class=\"wp-block-image size-large\"><a href=\"https:\/\/unser-niedersaubach.de\/wp-content\/uploads\/2021\/07\/2.-Historien_Tafel-scaled.jpg\" target=\"_blank\" rel=\"noopener\"><img loading=\"lazy\" decoding=\"async\" width=\"1024\" height=\"683\" src=\"https:\/\/unser-niedersaubach.de\/wp-content\/uploads\/2021\/07\/2.-Historien_Tafel-1024x683.jpg\" alt=\"\" class=\"wp-image-8725\" srcset=\"https:\/\/unser-niedersaubach.de\/wp-content\/uploads\/2021\/07\/2.-Historien_Tafel-1024x683.jpg 1024w, https:\/\/unser-niedersaubach.de\/wp-content\/uploads\/2021\/07\/2.-Historien_Tafel-300x200.jpg 300w, https:\/\/unser-niedersaubach.de\/wp-content\/uploads\/2021\/07\/2.-Historien_Tafel-768x512.jpg 768w, https:\/\/unser-niedersaubach.de\/wp-content\/uploads\/2021\/07\/2.-Historien_Tafel-1536x1024.jpg 1536w, https:\/\/unser-niedersaubach.de\/wp-content\/uploads\/2021\/07\/2.-Historien_Tafel-2048x1365.jpg 2048w, https:\/\/unser-niedersaubach.de\/wp-content\/uploads\/2021\/07\/2.-Historien_Tafel-450x300.jpg 450w\" sizes=\"auto, (max-width: 1024px) 100vw, 1024px\" \/><\/a><figcaption>\u00a9 Katja Frank<\/figcaption><\/figure>\n\n\n\n<p><em>Au\u00dfergew\u00f6hnlich reizvoll ist dieser Weg durch seine weiten Ausblicke \u00fcber die sch\u00f6ne, sanft h\u00fcgelige Landschaft. Im direkten Umfeld des Wanderweges ist das Land teils durch den Urzeitsee des Permzeitalters, teils durch Menschenhand w\u00e4hrend der Zeit der Erzgr\u00e4berei geformt (Pingen\/ Halden\/ Sch\u00fctten).\u201c<\/em><\/p>\n\n\n\n<p>Wir laden alle Wanderfreunde herzlich ein, mit uns diesen panoramareichen und historisch interessanten Rundweg zu gehen. Unser Wanderf\u00fchrer Paul Mattick wird unterwegs vieles zu zeigen und zu erz\u00e4hlen haben. <\/p>\n\n\n\n<blockquote class=\"wp-block-quote is-layout-flow wp-block-quote-is-layout-flow\"><p>Werner Schmidt, Ortsvorsteher v. 2009-2014<\/p><\/blockquote>\n\n\n\n<p>P.S.:<br><a href=\"https:\/\/unser-niedersaubach.de\/?p=1654\">Am 10. April 2010 erfolgte bereits eine Vorwanderung.<\/a><\/p>\n","protected":false},"excerpt":{"rendered":"<p>Paul Mattick f\u00fchrte am Sonntag, dem 25. Juli 2012, eine Wanderung \u00fcber den R\u00fcmmelbach-Humberg-Weg.&nbsp; Treffpunkt: R\u00fcmmelbacher Brunnen Einladung Liebe Wanderfreunde aus Niedersaubach-R\u00fcmmelbach und Umgebung! Als Anfang Mai die R\u00fcmmelbacher B\u00fcrger ihre neue Dorfmitte festlich einweihten, wurde auch eine Infotafel vorgestellt, &hellip; <a href=\"https:\/\/unser-niedersaubach.de\/?page_id=8782\">Weiterlesen <span class=\"meta-nav\">&rarr;<\/span><\/a><\/p>\n","protected":false},"author":2,"featured_media":6838,"parent":8756,"menu_order":1,"comment_status":"closed","ping_status":"closed","template":"","meta":{"ngg_post_thumbnail":0,"footnotes":""},"class_list":["post-8782","page","type-page","status-publish","has-post-thumbnail","hentry"],"_links":{"self":[{"href":"https:\/\/unser-niedersaubach.de\/index.php?rest_route=\/wp\/v2\/pages\/8782","targetHints":{"allow":["GET"]}}],"collection":[{"href":"https:\/\/unser-niedersaubach.de\/index.php?rest_route=\/wp\/v2\/pages"}],"about":[{"href":"https:\/\/unser-niedersaubach.de\/index.php?rest_route=\/wp\/v2\/types\/page"}],"author":[{"embeddable":true,"href":"https:\/\/unser-niedersaubach.de\/index.php?rest_route=\/wp\/v2\/users\/2"}],"replies":[{"embeddable":true,"href":"https:\/\/unser-niedersaubach.de\/index.php?rest_route=%2Fwp%2Fv2%2Fcomments&post=8782"}],"version-history":[{"count":3,"href":"https:\/\/unser-niedersaubach.de\/index.php?rest_route=\/wp\/v2\/pages\/8782\/revisions"}],"predecessor-version":[{"id":8786,"href":"https:\/\/unser-niedersaubach.de\/index.php?rest_route=\/wp\/v2\/pages\/8782\/revisions\/8786"}],"up":[{"embeddable":true,"href":"https:\/\/unser-niedersaubach.de\/index.php?rest_route=\/wp\/v2\/pages\/8756"}],"wp:featuredmedia":[{"embeddable":true,"href":"https:\/\/unser-niedersaubach.de\/index.php?rest_route=\/wp\/v2\/media\/6838"}],"wp:attachment":[{"href":"https:\/\/unser-niedersaubach.de\/index.php?rest_route=%2Fwp%2Fv2%2Fmedia&parent=8782"}],"curies":[{"name":"wp","href":"https:\/\/api.w.org\/{rel}","templated":true}]}}

Rümmelbach-Humberg-Weg

<p><strong>Paul Mattick führte am Sonntag, dem 25. Juli 2012, eine Wanderung über den Rümmelbach-Humberg-Weg.&nbsp;</strong></p>



<p><strong>Treffpunkt: Rümmelbacher Brunnen</strong></p>



<p></p>



<p><strong>Einladung</strong></p>



<p>Liebe Wanderfreunde aus Niedersaubach-Rümmelbach und Umgebung!<strong></strong></p>



<p>Als Anfang Mai die Rümmelbacher Bürger ihre neue Dorfmitte festlich einweihten, wurde auch eine Infotafel vorgestellt, die die historischen Hintergründe des Platzes und des Dorfes beleuchtet. Auf der Tafel ist u.a. zu lesen:</p>



<p><em>„Der Rümmelbach-Humberg-Weg führt den Wanderer auf dem Grund des ehemaligen &#8222;Rümmelbach-Humberg-Sees&#8220;. Im Bereich des heutigen Rümmelbach war die tiefste Stelle des Sees. Der Wanderweg verläuft entlang der Spuren vorindustrieller Erzgräberei. Der Weg hat eine Länge von ca. 9,5 km und eignet sich wegen seiner moderaten Steigungen hervorragend als Familienwanderweg. </em></p>



<figure class="wp-block-image size-large"><a href="https://unser-niedersaubach.de/wp-content/uploads/2021/07/2.-Historien_Tafel-scaled.jpg" target="_blank" rel="noopener"><img loading="lazy" decoding="async" width="1024" height="683" src="https://unser-niedersaubach.de/wp-content/uploads/2021/07/2.-Historien_Tafel-1024x683.jpg" alt="" class="wp-image-8725" srcset="https://unser-niedersaubach.de/wp-content/uploads/2021/07/2.-Historien_Tafel-1024x683.jpg 1024w, https://unser-niedersaubach.de/wp-content/uploads/2021/07/2.-Historien_Tafel-300x200.jpg 300w, https://unser-niedersaubach.de/wp-content/uploads/2021/07/2.-Historien_Tafel-768x512.jpg 768w, https://unser-niedersaubach.de/wp-content/uploads/2021/07/2.-Historien_Tafel-1536x1024.jpg 1536w, https://unser-niedersaubach.de/wp-content/uploads/2021/07/2.-Historien_Tafel-2048x1365.jpg 2048w, https://unser-niedersaubach.de/wp-content/uploads/2021/07/2.-Historien_Tafel-450x300.jpg 450w" sizes="auto, (max-width: 1024px) 100vw, 1024px" /></a><figcaption>© Katja Frank</figcaption></figure>



<p><em>Außergewöhnlich reizvoll ist dieser Weg durch seine weiten Ausblicke über die schöne, sanft hügelige Landschaft. Im direkten Umfeld des Wanderweges ist das Land teils durch den Urzeitsee des Permzeitalters, teils durch Menschenhand während der Zeit der Erzgräberei geformt (Pingen/ Halden/ Schütten).“</em></p>



<p>Wir laden alle Wanderfreunde herzlich ein, mit uns diesen panoramareichen und historisch interessanten Rundweg zu gehen. Unser Wanderführer Paul Mattick wird unterwegs vieles zu zeigen und zu erzählen haben. </p>



<blockquote class="wp-block-quote is-layout-flow wp-block-quote-is-layout-flow"><p>Werner Schmidt, Ortsvorsteher v. 2009-2014</p></blockquote>



<p>P.S.:<br><a href="https://unser-niedersaubach.de/?p=1654">Am 10. April 2010 erfolgte bereits eine Vorwanderung.</a></p>

<p>Paul Mattick führte am Sonntag, dem 25. Juli 2012, eine Wanderung über den Rümmelbach-Humberg-Weg.&nbsp; Treffpunkt: Rümmelbacher Brunnen Einladung Liebe Wanderfreunde aus Niedersaubach-Rümmelbach und Umgebung! Als Anfang Mai die Rümmelbacher Bürger ihre neue Dorfmitte festlich einweihten, wurde auch eine Infotafel vorgestellt, &hellip; <a href="https://unser-niedersaubach.de/?page_id=8782">Weiterlesen <span class="meta-nav">&rarr;</span></a></p>
