{"id":8793,"date":"2021-08-29T12:37:07","date_gmt":"2021-08-29T11:37:07","guid":{"rendered":"https:\/\/unser-niedersaubach.de\/?page_id=8793"},"modified":"2021-08-29T15:47:43","modified_gmt":"2021-08-29T14:47:43","slug":"landsweiler-runde","status":"publish","type":"page","link":"https:\/\/unser-niedersaubach.de\/?page_id=8793","title":{"rendered":"Landsweiler Runde"},"content":{"rendered":"\n<p>Ausgangs Landsweiler, Richtung Eiweiler biegt man mit dem Auto rechts ab zum Weiher. Nachdem ich mich mit meinem Bruder Lothar verabredet hatte, trafen wir uns an einem sonnigen, aber frischen Apriltag, parkten unsere Autos kurz nach der Einfahrt und machten uns auf den Weg. Wir hatten uns f\u00fcr diese Strecke entschieden, da sie durchgehend gut ausgebaut ist, man trockenen Fu\u00dfes durchkommt und ein wundersch\u00f6nes Panorama genie\u00dfen kann. Der Blick reicht vom Hoxberg, zum H\u00f6chsten, nach Steinbach, zum Schaumberg, \u2026. Mein Bruder, ein leidenschaftlicher Heimatforscher, erz\u00e4hlte mir unterwegs von den historischen Gegebenheiten der umliegenden Gebiete, die gepr\u00e4gt wurden durch die unterschiedlichen Herrschaftsgebiete, durch das Wort \u201e<strong>Cuius regio, ejus religio<\/strong>!\u201c (Wes das Land, des der Glaube!)<\/p>\n\n\n\n<p>Durch die Mitte des Saarlandes \u2013 in der N\u00e4he der Landsweiler Runde am Nordschacht gelegen \u2013 f\u00fchrte der geschichtstr\u00e4chtige Bergmannspfad vom n\u00f6rdlichen Saarland zu den Gruben in den Kohlet\u00e4lern.<\/p>\n\n\n\n<p>In seiner Wanderkarte hat Gerhard Schorr diese im s\u00fcdlichen Teil der \u201eLandsweiler Runde\u201c stehende Tafel von Glansdorp eingetragen.<\/p>\n\n\n\n<figure class=\"wp-block-image size-large\"><a href=\"https:\/\/unser-niedersaubach.de\/wp-content\/uploads\/2021\/08\/Landsweiler-Runde_Page_1.jpeg\" target=\"_blank\" rel=\"noopener\"><img loading=\"lazy\" decoding=\"async\" width=\"727\" height=\"1024\" src=\"https:\/\/unser-niedersaubach.de\/wp-content\/uploads\/2021\/08\/Landsweiler-Runde_Page_1-727x1024.jpeg\" alt=\"\" class=\"wp-image-8795\" srcset=\"https:\/\/unser-niedersaubach.de\/wp-content\/uploads\/2021\/08\/Landsweiler-Runde_Page_1-727x1024.jpeg 727w, https:\/\/unser-niedersaubach.de\/wp-content\/uploads\/2021\/08\/Landsweiler-Runde_Page_1-213x300.jpeg 213w, https:\/\/unser-niedersaubach.de\/wp-content\/uploads\/2021\/08\/Landsweiler-Runde_Page_1-768x1082.jpeg 768w, https:\/\/unser-niedersaubach.de\/wp-content\/uploads\/2021\/08\/Landsweiler-Runde_Page_1-1090x1536.jpeg 1090w, https:\/\/unser-niedersaubach.de\/wp-content\/uploads\/2021\/08\/Landsweiler-Runde_Page_1-1454x2048.jpeg 1454w, https:\/\/unser-niedersaubach.de\/wp-content\/uploads\/2021\/08\/Landsweiler-Runde_Page_1.jpeg 1666w\" sizes=\"auto, (max-width: 727px) 100vw, 727px\" \/><\/a><figcaption>\u00a9 Gerhard Schorr<\/figcaption><\/figure>\n\n\n\n<p>Neben dem Bergmannspfad widmete Glansdorp einem weiteren wichtigen Ereignis in der Lebacher Geschichte: Anf\u00e4nge der Saarbahn, die Lebach \u00fcber Saarbr\u00fccken mit Forbach in Frankreich verbindet. Ein historisches Foto erinnert hier auch an die Grabung eines notwendigen Tunnels durch \u201eSpitzeich\u201c.<\/p>\n\n\n\n<figure class=\"wp-block-image size-large\"><a href=\"https:\/\/unser-niedersaubach.de\/wp-content\/uploads\/2021\/08\/Spitzeich-scaled.jpg\" target=\"_blank\" rel=\"noopener\"><img loading=\"lazy\" decoding=\"async\" width=\"768\" height=\"1024\" src=\"https:\/\/unser-niedersaubach.de\/wp-content\/uploads\/2021\/08\/Spitzeich-768x1024.jpg\" alt=\"\" class=\"wp-image-8822\" srcset=\"https:\/\/unser-niedersaubach.de\/wp-content\/uploads\/2021\/08\/Spitzeich-768x1024.jpg 768w, https:\/\/unser-niedersaubach.de\/wp-content\/uploads\/2021\/08\/Spitzeich-225x300.jpg 225w, https:\/\/unser-niedersaubach.de\/wp-content\/uploads\/2021\/08\/Spitzeich-1152x1536.jpg 1152w, https:\/\/unser-niedersaubach.de\/wp-content\/uploads\/2021\/08\/Spitzeich-1536x2048.jpg 1536w, https:\/\/unser-niedersaubach.de\/wp-content\/uploads\/2021\/08\/Spitzeich-scaled.jpg 1920w\" sizes=\"auto, (max-width: 768px) 100vw, 768px\" \/><\/a><\/figure>\n\n\n\n<p><em>Werner Schmidt<\/em><\/p>\n","protected":false},"excerpt":{"rendered":"<p>Ausgangs Landsweiler, Richtung Eiweiler biegt man mit dem Auto rechts ab zum Weiher. Nachdem ich mich mit meinem Bruder Lothar verabredet hatte, trafen wir uns an einem sonnigen, aber frischen Apriltag, parkten unsere Autos kurz nach der Einfahrt und machten &hellip; <a href=\"https:\/\/unser-niedersaubach.de\/?page_id=8793\">Weiterlesen <span class=\"meta-nav\">&rarr;<\/span><\/a><\/p>\n","protected":false},"author":2,"featured_media":0,"parent":8756,"menu_order":4,"comment_status":"closed","ping_status":"closed","template":"","meta":{"ngg_post_thumbnail":0,"footnotes":""},"class_list":["post-8793","page","type-page","status-publish","hentry"],"_links":{"self":[{"href":"https:\/\/unser-niedersaubach.de\/index.php?rest_route=\/wp\/v2\/pages\/8793","targetHints":{"allow":["GET"]}}],"collection":[{"href":"https:\/\/unser-niedersaubach.de\/index.php?rest_route=\/wp\/v2\/pages"}],"about":[{"href":"https:\/\/unser-niedersaubach.de\/index.php?rest_route=\/wp\/v2\/types\/page"}],"author":[{"embeddable":true,"href":"https:\/\/unser-niedersaubach.de\/index.php?rest_route=\/wp\/v2\/users\/2"}],"replies":[{"embeddable":true,"href":"https:\/\/unser-niedersaubach.de\/index.php?rest_route=%2Fwp%2Fv2%2Fcomments&post=8793"}],"version-history":[{"count":4,"href":"https:\/\/unser-niedersaubach.de\/index.php?rest_route=\/wp\/v2\/pages\/8793\/revisions"}],"predecessor-version":[{"id":8796,"href":"https:\/\/unser-niedersaubach.de\/index.php?rest_route=\/wp\/v2\/pages\/8793\/revisions\/8796"}],"up":[{"embeddable":true,"href":"https:\/\/unser-niedersaubach.de\/index.php?rest_route=\/wp\/v2\/pages\/8756"}],"wp:attachment":[{"href":"https:\/\/unser-niedersaubach.de\/index.php?rest_route=%2Fwp%2Fv2%2Fmedia&parent=8793"}],"curies":[{"name":"wp","href":"https:\/\/api.w.org\/{rel}","templated":true}]}}