{"id":968,"date":"2009-09-30T08:51:27","date_gmt":"2009-09-30T07:51:27","guid":{"rendered":"http:\/\/unser-niedersaubach.de\/?page_id=968"},"modified":"2018-05-21T16:05:39","modified_gmt":"2018-05-21T15:05:39","slug":"die-somebodys","status":"publish","type":"page","link":"https:\/\/unser-niedersaubach.de\/?page_id=968","title":{"rendered":"Die Somebody&#8217;s"},"content":{"rendered":"<p style=\"text-align: justify;\"><span style=\"color: #000000;\">D<\/span>ie Gruppe Somebody\u2019s unter meiner Leitung wurde\u00a0 im Jahr 1999 gegr\u00fcndet und bestand erstmals aus 2 S\u00e4ngerinnen und 2 S\u00e4ngern, die sich einmal pro Woche aus Freude und Spa\u00df am Singen zum Proben trafen.<\/p>\n<p style=\"text-align: justify;\">Augenblicklich (Dezember 2011) geh\u00f6ren dazu: Jessica Quinten &amp; Natalie Kunter (Sopran), Petra Heinrich\u00a0 &amp; Svenja Heinrich (Alt), Werner Mai (Bass) und Edmund Feld (Tenor).<\/p>\n<p style=\"text-align: justify;\">Erste Auftritte erfolgten bei Feiern im Familien- und Freundeskreis. Heute sind wir weit \u00fcber diesen Kreis hinaus mit Engagements zu verschiedenen Anl\u00e4ssen, wie Messgestaltungen bei Taufen, Kommunionen und Hochzeiten, unterwegs. Von Geburtstagsfeiern, Vereinsfeiern bis hin zu eigenen Konzerten kennt man uns.<\/p>\n<div id=\"attachment_973\" style=\"width: 460px\" class=\"wp-caption aligncenter\"><a class=\"wpGallery\" title=\"Die Somebodys unterwegs\" href=\"http:\/\/unser-niedersaubach.de\/Fotos\/Somebodys\/Fotogalerie\/index.htm\" target=\"_blank\" rel=\"noopener\"><img loading=\"lazy\" decoding=\"async\" aria-describedby=\"caption-attachment-973\" class=\"size-full wp-image-973 \" title=\"Adventskonzert-2008\" src=\"http:\/\/unser-niedersaubach.de\/wp-content\/uploads\/2009\/09\/Adventskonzert-2008.jpg\" alt=\"Adventskonzert 2008 in unserer Antoniuskapelle\" width=\"450\" height=\"324\" srcset=\"https:\/\/unser-niedersaubach.de\/wp-content\/uploads\/2009\/09\/Adventskonzert-2008.jpg 450w, https:\/\/unser-niedersaubach.de\/wp-content\/uploads\/2009\/09\/Adventskonzert-2008-300x216.jpg 300w\" sizes=\"auto, (max-width: 450px) 100vw, 450px\" \/><\/a><p id=\"caption-attachment-973\" class=\"wp-caption-text\">Adventskonzert 2008 in unserer Antoniuskapelle<\/p><\/div>\n<p style=\"text-align: center;\"><strong><span style=\"color: #ff0000;\">Dieses Startbild anklicken, um zur Fotogalerie der Somebody&#8217;s zu kommen (3 MB)!<\/span><\/strong><\/p>\n<p style=\"text-align: justify;\"><span style=\"color: #000000;\">Unser Repertoire setzt sich \u00fcberwiegend aus a-capella-St\u00fccken zusammen und beinhaltet alte und neue geistliche Lieder, Gospels und Spirituals, deutsche Volkslieder, Jazz und Pop so wie englisch- und deutschsprachige Oldies und alles, was uns Spa\u00df macht und fordert.<\/span><\/p>\n<p><span style=\"color: #000000;\">Niedersaubach, im Dezember 2011<br \/>\n<\/span><\/p>\n<p><span style=\"color: #000000;\">Petra Heinrich<\/span><\/p>\n","protected":false},"excerpt":{"rendered":"<p>Die Gruppe Somebody\u2019s unter meiner Leitung wurde\u00a0 im Jahr 1999 gegr\u00fcndet und bestand erstmals aus 2 S\u00e4ngerinnen und 2 S\u00e4ngern, die sich einmal pro Woche aus Freude und Spa\u00df am Singen zum Proben trafen. Augenblicklich (Dezember 2011) geh\u00f6ren dazu: Jessica &hellip; <a href=\"https:\/\/unser-niedersaubach.de\/?page_id=968\">Weiterlesen <span class=\"meta-nav\">&rarr;<\/span><\/a><\/p>\n","protected":false},"author":2,"featured_media":0,"parent":50,"menu_order":1,"comment_status":"closed","ping_status":"closed","template":"","meta":{"ngg_post_thumbnail":0,"footnotes":""},"class_list":["post-968","page","type-page","status-publish","hentry"],"_links":{"self":[{"href":"https:\/\/unser-niedersaubach.de\/index.php?rest_route=\/wp\/v2\/pages\/968","targetHints":{"allow":["GET"]}}],"collection":[{"href":"https:\/\/unser-niedersaubach.de\/index.php?rest_route=\/wp\/v2\/pages"}],"about":[{"href":"https:\/\/unser-niedersaubach.de\/index.php?rest_route=\/wp\/v2\/types\/page"}],"author":[{"embeddable":true,"href":"https:\/\/unser-niedersaubach.de\/index.php?rest_route=\/wp\/v2\/users\/2"}],"replies":[{"embeddable":true,"href":"https:\/\/unser-niedersaubach.de\/index.php?rest_route=%2Fwp%2Fv2%2Fcomments&post=968"}],"version-history":[{"count":47,"href":"https:\/\/unser-niedersaubach.de\/index.php?rest_route=\/wp\/v2\/pages\/968\/revisions"}],"predecessor-version":[{"id":7693,"href":"https:\/\/unser-niedersaubach.de\/index.php?rest_route=\/wp\/v2\/pages\/968\/revisions\/7693"}],"up":[{"embeddable":true,"href":"https:\/\/unser-niedersaubach.de\/index.php?rest_route=\/wp\/v2\/pages\/50"}],"wp:attachment":[{"href":"https:\/\/unser-niedersaubach.de\/index.php?rest_route=%2Fwp%2Fv2%2Fmedia&parent=968"}],"curies":[{"name":"wp","href":"https:\/\/api.w.org\/{rel}","templated":true}]}}